-- Table structure for table `llx_societe`
--

CREATE TABLE `llx_societe` (
  `rowid` int(11) NOT NULL AUTO_INCREMENT,
  `nom` varchar(128) DEFAULT NULL,
  `name_alias` varchar(128) DEFAULT NULL,
  `entity` int(11) NOT NULL DEFAULT '1',
  `ref_ext` varchar(255) DEFAULT NULL,
  `ref_int` varchar(60) DEFAULT NULL,
  `statut` tinyint(4) DEFAULT '0',
  `parent` int(11) DEFAULT NULL,
  `tms` timestamp NOT NULL DEFAULT CURRENT_TIMESTAMP ON UPDATE CURRENT_TIMESTAMP,
  `datec` datetime DEFAULT NULL,
  `status` tinyint(4) DEFAULT '1',
  `code_client` varchar(24) DEFAULT NULL,
  `code_fournisseur` varchar(24) DEFAULT NULL,
  `code_compta` varchar(24) DEFAULT NULL,
  `code_compta_fournisseur` varchar(24) DEFAULT NULL,
  `address` varchar(255) DEFAULT NULL,
  `zip` varchar(25) DEFAULT NULL,
  `town` varchar(50) DEFAULT NULL,
  `fk_departement` int(11) DEFAULT '0',
  `fk_pays` int(11) DEFAULT '0',
  `fk_account` int(11) DEFAULT '0',
  `phone` varchar(20) DEFAULT NULL,
  `fax` varchar(20) DEFAULT NULL,
  `url` varchar(255) DEFAULT NULL,
  `email` varchar(128) DEFAULT NULL,
  `skype` varchar(255) DEFAULT NULL,
  `fk_effectif` int(11) DEFAULT '0',
  `fk_typent` int(11) DEFAULT '0',
  `fk_forme_juridique` int(11) DEFAULT '0',
  `fk_currency` varchar(3) DEFAULT NULL,
  `siren` varchar(128) DEFAULT NULL,
  `siret` varchar(128) DEFAULT NULL,
  `ape` varchar(128) DEFAULT NULL,
  `idprof4` varchar(128) DEFAULT NULL,
  `idprof5` varchar(128) DEFAULT NULL,
  `idprof6` varchar(128) DEFAULT NULL,
  `tva_intra` varchar(20) DEFAULT NULL,
  `capital` double(24,8) DEFAULT NULL,
  `fk_stcomm` int(11) NOT NULL DEFAULT '0',
  `note_private` text,
  `note_public` text,
  `model_pdf` varchar(255) DEFAULT NULL,
  `prefix_comm` varchar(5) DEFAULT NULL,
  `client` tinyint(4) DEFAULT '0',
  `fournisseur` tinyint(4) DEFAULT '0',
  `supplier_account` varchar(32) DEFAULT NULL,
  `fk_prospectlevel` varchar(12) DEFAULT NULL,
  `fk_incoterms` int(11) DEFAULT NULL,
  `location_incoterms` varchar(255) DEFAULT NULL,
  `customer_bad` tinyint(4) DEFAULT '0',
  `customer_rate` double DEFAULT '0',
  `supplier_rate` double DEFAULT '0',
  `fk_user_creat` int(11) DEFAULT NULL,
  `fk_user_modif` int(11) DEFAULT NULL,
  `remise_client` double DEFAULT '0',
  `remise_supplier` double DEFAULT '0',
  `mode_reglement` tinyint(4) DEFAULT NULL,
  `cond_reglement` tinyint(4) DEFAULT NULL,
  `mode_reglement_supplier` tinyint(4) DEFAULT NULL,
  `cond_reglement_supplier` tinyint(4) DEFAULT NULL,
  `fk_shipping_method` int(11) DEFAULT NULL,
  `tva_assuj` tinyint(4) DEFAULT '1',
  `localtax1_assuj` tinyint(4) DEFAULT '0',
  `localtax1_value` double(6,3) DEFAULT NULL,
  `localtax2_assuj` tinyint(4) DEFAULT '0',
  `localtax2_value` double(6,3) DEFAULT NULL,
  `barcode` varchar(255) DEFAULT NULL,
  `fk_barcode_type` int(11) DEFAULT '0',
  `price_level` int(11) DEFAULT NULL,
  `outstanding_limit` double(24,8) DEFAULT NULL,
  `order_min_amount` double(24,8) DEFAULT NULL,
  `supplier_order_min_amount` double(24,8) DEFAULT NULL,
  `default_lang` varchar(6) DEFAULT NULL,
  `logo` varchar(255) DEFAULT NULL,
  `canvas` varchar(32) DEFAULT NULL,
  `import_key` varchar(14) DEFAULT NULL,
  `webservices_url` varchar(255) DEFAULT NULL,
  `webservices_key` varchar(128) DEFAULT NULL,
  `fk_multicurrency` int(11) DEFAULT NULL,
  `multicurrency_code` varchar(255) DEFAULT NULL,
  `fk_entrepot` int(11) DEFAULT '0',
  PRIMARY KEY (`rowid`),
  UNIQUE KEY `uk_societe_prefix_comm` (`prefix_comm`,`entity`),
  UNIQUE KEY `uk_societe_code_client` (`code_client`,`entity`),
  UNIQUE KEY `uk_societe_code_fournisseur` (`code_fournisseur`,`entity`),
  UNIQUE KEY `uk_societe_barcode` (`barcode`,`fk_barcode_type`,`entity`),
  KEY `idx_societe_user_creat` (`fk_user_creat`),
  KEY `idx_societe_user_modif` (`fk_user_modif`)
) ENGINE=InnoDB AUTO_INCREMENT=216 DEFAULT CHARSET=utf8;

--
-- Dumping data for table `llx_societe`
--

INSERT INTO `llx_societe` (`rowid`, `nom`, `name_alias`, `entity`, `ref_ext`, `ref_int`, `statut`, `parent`, `tms`, `datec`, `status`, `code_client`, `code_fournisseur`, `code_compta`, `code_compta_fournisseur`, `address`, `zip`, `town`, `fk_departement`, `fk_pays`, `fk_account`, `phone`, `fax`, `url`, `email`, `skype`, `fk_effectif`, `fk_typent`, `fk_forme_juridique`, `fk_currency`, `siren`, `siret`, `ape`, `idprof4`, `idprof5`, `idprof6`, `tva_intra`, `capital`, `fk_stcomm`, `note_private`, `note_public`, `model_pdf`, `prefix_comm`, `client`, `fournisseur`, `supplier_account`, `fk_prospectlevel`, `fk_incoterms`, `location_incoterms`, `customer_bad`, `customer_rate`, `supplier_rate`, `fk_user_creat`, `fk_user_modif`, `remise_client`, `remise_supplier`, `mode_reglement`, `cond_reglement`, `mode_reglement_supplier`, `cond_reglement_supplier`, `fk_shipping_method`, `tva_assuj`, `localtax1_assuj`, `localtax1_value`, `localtax2_assuj`, `localtax2_value`, `barcode`, `fk_barcode_type`, `price_level`, `outstanding_limit`, `order_min_amount`, `supplier_order_min_amount`, `default_lang`, `logo`, `canvas`, `import_key`, `webservices_url`, `webservices_key`, `fk_multicurrency`, `multicurrency_code`, `fk_entrepot`) VALUES (1,'Nicolas Clerc','',1,NULL,NULL,0,NULL,'2019-06-26 15:13:47','2017-05-11 18:37:30',1,'CU1705-0001',NULL,'411CU1705-0001',NULL,'21 rue des portiques','93','Roquebrune sur argens',0,1,0,'0610796883',NULL,NULL,'nicolas.clerc93@sfr.fr',NULL,NULL,8,NULL,NULL,'','','','','','','',NULL,0,NULL,NULL,NULL,NULL,1,0,NULL,'',0,NULL,0,0,0,1,5,0,0,NULL,NULL,NULL,NULL,NULL,1,NULL,0.000,NULL,0.000,NULL,0,NULL,NULL,NULL,NULL,NULL,NULL,NULL,NULL,NULL,NULL,0,'',0),(2,'JAVAUX SAS','',1,NULL,NULL,0,NULL,'2019-06-26 10:09:56','2017-12-05 11:47:33',1,NULL,'SU1712-0001',NULL,'401SU1712-0001','ZI Maingournois – 13 route de St Mamert','28130','Maintenon',35,1,0,'0612472408',NULL,'www.javaux.com/','claire.leveillard@javaux.com',NULL,3,3,57,NULL,'','','','','','','',NULL,0,NULL,NULL,NULL,NULL,0,1,NULL,'',0,NULL,0,0,0,1,5,0,0,NULL,NULL,NULL,NULL,NULL,1,NULL,0.000,NULL,0.000,NULL,0,NULL,NULL,NULL,NULL,NULL,'image001.jpg',NULL,NULL,NULL,NULL,0,'',0),(3,'BUBBLEMAC Industries','',1,NULL,NULL,0,NULL,'2019-06-26 08:32:21','2017-12-05 15:07:28',1,NULL,'SU1712-0002',NULL,'401SU1712-0002','P.O. Box 51','FL32062','McAlpin',801,11,0,'352-396-8043',NULL,'bubblemacairdiffusers.com/','BubbleMac2014@aol.com',NULL,NULL,3,NULL,NULL,'','','','','','','',NULL,0,NULL,NULL,NULL,NULL,0,1,NULL,'',0,NULL,0,0,0,1,5,0,0,NULL,NULL,NULL,NULL,NULL,0,NULL,0.000,NULL,0.000,NULL,0,NULL,NULL,NULL,NULL,NULL,NULL,NULL,NULL,NULL,NULL,0,'',0),(4,'Fred Voisin Montion','',1,NULL,NULL,0,NULL,'2019-06-26 15:17:34','2017-12-05 15:26:44',1,NULL,'SU1712-0003',NULL,'401SU1712-0003','Montion','33670','Le POUT',0,1,0,'0626757503',NULL,NULL,NULL,NULL,NULL,0,NULL,NULL,'','','','','','','',NULL,0,NULL,NULL,NULL,NULL,0,1,NULL,'',0,NULL,0,0,0,1,5,0,0,NULL,NULL,NULL,NULL,NULL,1,NULL,0.000,NULL,0.000,NULL,0,NULL,NULL,NULL,NULL,NULL,NULL,NULL,NULL,NULL,NULL,0,'',0),(5,'HBB Geosales','',1,NULL,NULL,0,NULL,'2019-06-26 09:44:38','2017-12-05 15:44:17',1,NULL,'SU1712-0004',NULL,'401SU1712-0004','25 St Margarets Park \r\nForfar','DD8 3EB','Angus',0,7,0,'07850869144',NULL,'www.hbbgeosales.co.uk','bcraik@hbbgeosales.co.uk',NULL,NULL,0,NULL,NULL,'','','','','','','',NULL,0,NULL,NULL,NULL,NULL,0,1,NULL,'',0,NULL,0,0,0,1,5,0,0,NULL,NULL,NULL,NULL,NULL,1,NULL,0.000,NULL,0.000,NULL,0,NULL,NULL,NULL,NULL,NULL,NULL,NULL,NULL,NULL,NULL,0,'',0),(6,'FADA','Ferme Aquaponique de l\'Abbaye',1,NULL,NULL,0,NULL,'2019-06-26 15:10:32','2017-12-05 15:55:50',1,'CU1712-0002',NULL,'411CU1712-0002',NULL,'20 rue Guillaume le Conquérant','76890','SAINT VICTOR L\'ABBAYE',0,1,0,NULL,NULL,NULL,'aquaponienormandie@gmail.com',NULL,NULL,0,NULL,NULL,'','','','','','','',NULL,0,NULL,NULL,NULL,NULL,1,0,NULL,'',0,NULL,0,0,0,1,5,0,0,NULL,NULL,NULL,NULL,NULL,1,NULL,0.000,NULL,0.000,NULL,0,NULL,NULL,NULL,NULL,NULL,NULL,NULL,NULL,NULL,NULL,0,'',0),(7,'VEGETO','',1,NULL,NULL,0,NULL,'2019-08-30 07:48:01','2017-12-05 21:22:07',1,'CU1712-0003',NULL,'411CU1712-0003',NULL,'xxx','xxx','xxx',0,1,0,'0641681052',NULL,NULL,NULL,NULL,NULL,0,NULL,NULL,'','','','','','','',NULL,0,NULL,NULL,NULL,NULL,1,0,NULL,'',0,NULL,0,0,0,1,1,0,0,NULL,NULL,NULL,NULL,NULL,1,NULL,0.000,NULL,0.000,NULL,0,NULL,NULL,NULL,NULL,NULL,NULL,NULL,NULL,NULL,NULL,0,'',0),(9,'Matise Geyelin','',1,NULL,NULL,0,NULL,'2019-06-26 15:12:20','2018-01-08 17:22:24',1,'CU1801-0004',NULL,'411CU1801-0004',NULL,'',NULL,NULL,0,1,0,NULL,NULL,NULL,'elisetmatthieu@gmail.com',NULL,NULL,0,NULL,NULL,'','','','','','','',NULL,0,NULL,NULL,NULL,NULL,1,0,NULL,'',0,NULL,0,0,0,1,5,0,0,NULL,NULL,NULL,NULL,NULL,1,NULL,0.000,NULL,0.000,NULL,0,NULL,NULL,NULL,NULL,NULL,NULL,NULL,NULL,NULL,NULL,0,'',0),(10,'Guillaume Beucher - ECHOLOGIA','',1,NULL,NULL,0,NULL,'2019-06-26 10:04:47','2018-01-22 16:41:16',1,'CU1801-0005',NULL,'411CU1801-0005',NULL,'Bas Barbé','53950','Louverné',0,1,0,'0760555300',NULL,NULL,'guillaume.beucher@echologia.fr',NULL,NULL,0,NULL,NULL,'','','','','','','',NULL,0,NULL,NULL,NULL,NULL,1,0,NULL,'',0,NULL,0,0,0,1,5,0,0,NULL,6,NULL,NULL,NULL,1,NULL,0.000,NULL,0.000,NULL,0,NULL,NULL,NULL,NULL,NULL,NULL,NULL,NULL,NULL,NULL,0,'',0),(11,'Axelle Vallet - CITIZEN FARM','',1,NULL,NULL,0,NULL,'2019-06-26 15:09:19','2018-01-30 12:45:21',1,'CU1801-0006',NULL,'411CU1801-0006',NULL,'27bis Allée Maurice Sarraut','31300','TOULOUSE',0,1,0,'0638802685',NULL,NULL,'axelle@citizenfarm.fr',NULL,NULL,3,NULL,NULL,'','','','','','','',NULL,0,NULL,NULL,NULL,NULL,1,0,NULL,'',0,NULL,0,0,0,1,5,0,0,NULL,NULL,NULL,NULL,NULL,1,NULL,0.000,NULL,0.000,NULL,0,NULL,NULL,NULL,NULL,NULL,'CitizeFarmLogo.png',NULL,NULL,NULL,NULL,0,'',0),(12,'Mathias legrand - Le potager flottant','',1,NULL,NULL,0,NULL,'2019-06-26 15:12:00','2018-03-05 12:28:45',1,'CU1803-0007',NULL,'411CU1803-0007',NULL,'15 rue du chateau d\'eau','11400','Casetlnaudary',0,1,0,'0611158050',NULL,NULL,'mathias.legrand@outlook.com',NULL,NULL,0,NULL,NULL,'','','','','','','',NULL,0,NULL,NULL,NULL,NULL,3,0,NULL,'',0,NULL,0,0,0,1,5,0,0,NULL,NULL,NULL,NULL,NULL,1,NULL,0.000,NULL,0.000,NULL,0,NULL,NULL,NULL,NULL,NULL,NULL,NULL,NULL,NULL,NULL,0,'',0),(13,'EARL Green Hope','',1,NULL,NULL,0,NULL,'2019-06-26 15:09:58','2018-03-15 11:05:04',1,'CU1803-0008',NULL,'411CU1803-0008',NULL,'Les Madiores','63117','Chauriat',70,1,0,'0686834120',NULL,NULL,'jean-luc.debrion033@orange.fr',NULL,NULL,3,16,NULL,'','','','','','','',NULL,0,NULL,NULL,NULL,NULL,1,0,NULL,'',0,NULL,0,0,0,1,5,0,0,NULL,NULL,NULL,NULL,NULL,1,NULL,0.000,NULL,0.000,NULL,0,NULL,NULL,NULL,NULL,NULL,NULL,NULL,NULL,NULL,NULL,0,'',0),(14,'EARL DE LA HOUN - Henri Lagreula','EARL DE LA HOUN',1,NULL,NULL,0,NULL,'2019-06-26 09:14:51','2018-04-19 16:03:09',1,'CU1804-0009',NULL,'411CU1804-0009',NULL,'Chemin Chanquet','64290','LASSEUBE',0,1,0,'0687116546',NULL,NULL,'henri.lagreula@laposte.net',NULL,NULL,0,NULL,NULL,'','','','','','','',NULL,0,NULL,NULL,NULL,NULL,1,0,NULL,'',0,NULL,0,0,0,1,5,0,0,NULL,NULL,NULL,NULL,NULL,1,NULL,0.000,NULL,0.000,NULL,0,NULL,NULL,NULL,NULL,NULL,NULL,NULL,NULL,NULL,NULL,0,'',0),(16,'JAVAUX SAS','',1,NULL,NULL,0,NULL,'2018-04-26 13:13:03','2018-04-26 15:03:46',0,NULL,'SU1804-0005',NULL,NULL,'ZI Maingournois','28130','MAINTENON',0,1,0,'0237271813',NULL,NULL,'claire.leveillard@javaux.com',NULL,NULL,3,57,NULL,'','','','','','','',NULL,0,NULL,NULL,NULL,NULL,0,0,NULL,'',0,NULL,0,0,0,1,1,0,0,NULL,NULL,NULL,NULL,NULL,1,NULL,0.000,NULL,0.000,NULL,0,NULL,NULL,NULL,NULL,NULL,NULL,NULL,NULL,NULL,NULL,0,'',0),(17,'L\'ECHO VILLAGE - Guillaume Dekoninck','',1,NULL,NULL,0,NULL,'2019-06-26 09:13:07','2018-05-07 18:55:10',1,'CU1805-0011',NULL,'411CU1805-0011',NULL,'18, rue Emile Zola','59136','WAVRIN',0,1,0,NULL,NULL,NULL,'guillaume.dekoninck@gmail.com',NULL,NULL,0,NULL,NULL,'','','','','','','',NULL,0,NULL,NULL,NULL,NULL,1,0,NULL,'',0,NULL,0,0,0,1,5,0,0,NULL,NULL,NULL,NULL,NULL,1,NULL,0.000,NULL,0.000,NULL,0,NULL,NULL,NULL,NULL,NULL,'V3-1 - copie.png',NULL,NULL,NULL,NULL,0,'',0),(18,'Stéphane Clerc - AgroSymbiose','',1,NULL,NULL,0,NULL,'2019-06-26 15:14:34','2018-05-21 17:02:08',1,'CU1805-0012',NULL,'411CU1805-0012',NULL,'171 rue Sophie Desmarets \r\nRés. Prada Bella','34730','PRADES LE LEZ',0,1,0,'0781850371',NULL,'www.agrosymbiose.com/','stephaneclerc.fr@gmail.com',NULL,NULL,0,NULL,NULL,'','','','','','','',NULL,0,NULL,NULL,NULL,NULL,1,0,NULL,'',0,NULL,0,0,0,1,5,0,0,NULL,NULL,NULL,NULL,NULL,1,NULL,0.000,NULL,0.000,NULL,0,NULL,NULL,NULL,NULL,NULL,NULL,NULL,NULL,NULL,NULL,0,'',0),(19,'Anne Humbert','',1,NULL,NULL,0,NULL,'2019-10-29 19:32:49','2018-05-25 10:33:40',1,'CU1805-0013',NULL,'411CU1805-0013',NULL,'6 rue Jules Guesdes','92130','Issy-les-moulineaux',0,1,0,'0633606805',NULL,NULL,'humbertan@gmail.com',NULL,NULL,0,NULL,NULL,'','','','','','','',NULL,1,NULL,NULL,NULL,NULL,3,0,NULL,'',0,NULL,0,0,0,1,1,0,0,NULL,NULL,NULL,NULL,NULL,1,NULL,0.000,NULL,0.000,NULL,0,NULL,NULL,NULL,NULL,NULL,NULL,NULL,NULL,NULL,NULL,0,'',0),(20,'Richard Mayoutte','',1,NULL,NULL,0,NULL,'2019-06-26 15:04:09','2018-06-21 11:08:17',1,'CU1806-0014',NULL,'411CU1806-0014',NULL,'16 Rue Lethiere','97100','BASSE-TERRE',2,1,0,'+590690596155',NULL,NULL,'usmail21122012@gmail.com',NULL,NULL,0,NULL,NULL,'','','','','','','',NULL,0,NULL,NULL,NULL,NULL,1,0,NULL,'',0,NULL,0,0,0,1,5,0,0,NULL,NULL,NULL,NULL,NULL,1,NULL,0.000,NULL,0.000,NULL,0,NULL,NULL,NULL,NULL,NULL,'PastedGraphic-1.pdf',NULL,NULL,NULL,NULL,0,'',0),(21,'Lycée Gustave Eiffel','',1,NULL,NULL,0,NULL,'2019-06-26 15:12:42','2018-06-27 08:38:03',1,'CU1806-0015',NULL,'411CU1806-0015',NULL,'143, cours de la Marne\r\nCS 31237','33074','BORDEAUX CEDEX',0,1,0,'0556338317',NULL,NULL,'laurence.roux@ac-bordeaux.fr',NULL,NULL,5,NULL,NULL,'','','','','','','',NULL,0,NULL,NULL,NULL,NULL,1,0,NULL,'',0,NULL,0,0,0,1,5,0,0,NULL,NULL,NULL,NULL,NULL,1,NULL,0.000,NULL,0.000,NULL,0,NULL,NULL,NULL,NULL,NULL,NULL,NULL,NULL,NULL,NULL,0,'',0),(22,'SCEA De l\'eau à la bouche','',1,NULL,NULL,0,NULL,'2019-06-26 09:45:18','2018-06-27 09:54:35',1,'CU1806-0016','SU1806-0006','411CU1806-0016','401SU1806-0006','3, chemin de Montion','33670','LE POUT',0,1,0,'0659558313',NULL,NULL,'contact@deleaualabouche.fr',NULL,NULL,100,16,NULL,'','','','','','','',NULL,0,NULL,NULL,NULL,NULL,1,1,NULL,'',0,NULL,0,0,0,1,5,0,0,NULL,NULL,NULL,NULL,NULL,1,NULL,0.000,NULL,0.000,NULL,0,NULL,NULL,NULL,NULL,NULL,'Logo Aquacomm.png',NULL,NULL,NULL,NULL,0,'',0),(23,'Le Potager des Poissons - Jehanne et Benoît Desormeaux','',1,NULL,NULL,0,NULL,'2019-06-26 15:11:39','2018-06-28 17:36:39',1,'CU1806-0017',NULL,'411CU1806-0017',NULL,'171, route des grands fossés','16110','Rancogne',22,1,0,NULL,NULL,NULL,'contact@lepotagerdespoissons.fr',NULL,NULL,0,16,NULL,'','','','','','','',NULL,0,NULL,NULL,NULL,NULL,1,0,NULL,'',0,NULL,0,0,0,1,5,0,0,NULL,NULL,NULL,NULL,NULL,1,NULL,0.000,NULL,0.000,NULL,0,NULL,NULL,NULL,NULL,NULL,NULL,NULL,NULL,NULL,NULL,0,'',0),(24,'Thibaut Chevet','',1,NULL,NULL,0,NULL,'2019-06-26 15:15:13','2018-06-28 22:38:35',1,'CU1806-0018',NULL,'411CU1806-0018',NULL,'80 Rue de la liberté','33200','BORDEAUX',0,1,0,'0630457288',NULL,NULL,'thibautchevet@gmail.com',NULL,NULL,0,NULL,NULL,'','','','','','','',NULL,0,NULL,NULL,NULL,NULL,1,0,NULL,'',0,NULL,0,0,0,1,5,0,0,NULL,NULL,NULL,NULL,NULL,1,NULL,0.000,NULL,0.000,NULL,0,NULL,NULL,NULL,NULL,NULL,NULL,NULL,NULL,NULL,NULL,0,'',0),(25,'LE LEGUMISTE - Julien Champarnaud','',1,NULL,NULL,0,NULL,'2019-06-26 15:11:19','2018-07-11 18:00:01',1,'CU1807-0019',NULL,'411CU1807-0019',NULL,'60, route des palues','33450','St Loubès',0,1,0,'0618996843',NULL,NULL,'contact@lelegumiste.fr',NULL,NULL,0,NULL,NULL,'','','','','','','',NULL,0,NULL,NULL,NULL,NULL,1,0,NULL,'',0,NULL,0,0,0,1,5,0,0,NULL,NULL,NULL,NULL,NULL,1,NULL,0.000,NULL,0.000,NULL,0,NULL,NULL,NULL,NULL,NULL,NULL,NULL,NULL,NULL,NULL,0,'',0),(27,'SIBO Fluidra','',1,NULL,NULL,0,NULL,'2019-06-26 09:45:50','2018-08-27 19:16:31',1,NULL,'SU1808-0007',NULL,'401SU1808-0007','Doornhoek 3950','5465','TC Veghel',0,17,0,'+31(0)413293918',NULL,'https://webshop.sibo.nl/','Erik@sibo.nl',NULL,NULL,0,NULL,NULL,'','','','','','','',NULL,0,NULL,NULL,NULL,NULL,0,1,NULL,'',0,NULL,0,0,0,1,5,0,0,NULL,NULL,NULL,NULL,NULL,1,NULL,0.000,NULL,0.000,NULL,0,NULL,NULL,NULL,NULL,NULL,'sibo-fluidra-logo.png',NULL,NULL,NULL,NULL,0,'',0),(28,'SORODIST','',1,NULL,NULL,0,NULL,'2019-05-31 10:09:18','2018-08-27 19:26:06',1,NULL,'SU1808-0008',NULL,'401SU18080008','19, Bd Jacques Albert','66201','ELNE CEDEX',0,1,0,'0468929405',NULL,NULL,'erika@sorodist.fr',NULL,NULL,3,NULL,NULL,'','','','','','','',NULL,0,NULL,NULL,NULL,NULL,0,1,NULL,'',0,NULL,0,0,0,1,1,0,0,NULL,NULL,2,NULL,NULL,1,NULL,0.000,NULL,0.000,NULL,0,NULL,NULL,NULL,NULL,NULL,'logo.png',NULL,NULL,NULL,NULL,0,'',0),(29,'GHE','General Hydroponics Europe',1,NULL,NULL,0,NULL,'2019-06-26 09:44:15','2018-08-27 20:46:53',1,NULL,'SU1808-0009',NULL,'401SU1808-0009','Biopole','32500','Fleurance',0,1,0,'+33(0)562060830',NULL,NULL,'orders@eurohydro.com',NULL,NULL,0,NULL,NULL,'','','','','','','',NULL,0,NULL,NULL,NULL,NULL,0,1,NULL,'',0,NULL,0,0,0,1,5,0,0,NULL,NULL,NULL,NULL,NULL,1,NULL,0.000,NULL,0.000,NULL,0,NULL,NULL,NULL,NULL,NULL,'logo-couleur.png',NULL,NULL,NULL,NULL,0,'',0),(30,'Fourniture client','',1,NULL,NULL,0,NULL,'2019-06-26 15:17:59','2018-08-29 07:55:34',1,NULL,'SU1808-0010',NULL,'401SU1808-0010','',NULL,NULL,0,1,0,NULL,NULL,NULL,NULL,NULL,NULL,0,NULL,NULL,'','','','','','','',NULL,0,NULL,NULL,NULL,NULL,0,1,NULL,'',0,NULL,0,0,0,1,5,0,0,NULL,NULL,NULL,NULL,NULL,1,NULL,0.000,NULL,0.000,NULL,0,NULL,NULL,NULL,NULL,NULL,NULL,NULL,NULL,NULL,NULL,0,'',0),(32,'Foussier','',1,NULL,NULL,0,NULL,'2019-06-26 09:43:51','2018-08-29 10:31:38',1,NULL,'SU1808-0012',NULL,'401SU1808-0012','',NULL,NULL,0,1,0,NULL,NULL,NULL,NULL,NULL,NULL,0,NULL,NULL,'','','','','','','',NULL,0,NULL,NULL,NULL,NULL,0,1,NULL,'',0,NULL,0,0,0,1,5,0,0,NULL,NULL,NULL,NULL,NULL,1,NULL,0.000,NULL,0.000,NULL,0,NULL,NULL,NULL,NULL,NULL,NULL,NULL,NULL,NULL,NULL,0,'',0),(33,'Direct Filet','',1,NULL,NULL,0,NULL,'2019-06-14 10:19:22','2018-08-29 10:42:33',1,NULL,'SU1808-0013',NULL,'401SU18080013','30, avenue de Bruxelles','13127','Vitrolles',0,1,0,'0442460913',NULL,'https://pro.direct-filet.com/','service.client@direct-filet.com',NULL,NULL,0,NULL,NULL,'','','','','','','',NULL,0,NULL,NULL,NULL,NULL,0,1,NULL,'',0,NULL,0,0,0,1,1,0,0,NULL,NULL,NULL,NULL,NULL,1,NULL,0.000,NULL,0.000,NULL,0,NULL,NULL,NULL,NULL,NULL,NULL,NULL,NULL,NULL,NULL,0,'',0),(34,'Puteaux SA','',1,NULL,NULL,0,NULL,'2019-06-26 10:10:32','2018-08-29 11:10:37',1,NULL,'SU1808-0014',NULL,'401SU1808-0014','',NULL,NULL,0,1,0,NULL,NULL,NULL,'serviceclient@puteaux-sa.fr',NULL,NULL,0,NULL,NULL,'','','','','','','',NULL,0,NULL,NULL,NULL,NULL,0,1,NULL,'',0,NULL,0,0,0,1,5,0,0,NULL,NULL,NULL,NULL,NULL,1,NULL,0.000,NULL,0.000,NULL,0,NULL,NULL,NULL,NULL,NULL,NULL,NULL,NULL,NULL,NULL,0,'',0),(35,'Simon Bart - CDD Bordeaux Metropole','',1,NULL,NULL,0,NULL,'2019-06-26 15:06:06','2018-09-11 09:27:16',1,'CU1809-0021',NULL,'411CU1809-0021',NULL,'Esplanade Charles-de-Gaulle','33045','BORDEAUX Cedex',0,1,0,'0643902798',NULL,NULL,'sbart@bordeaux-metropole.fr',NULL,NULL,5,NULL,NULL,'','','','','','','',NULL,0,NULL,NULL,NULL,NULL,1,0,NULL,'',0,NULL,0,0,0,1,5,0,0,NULL,NULL,NULL,NULL,NULL,1,NULL,0.000,NULL,0.000,NULL,0,NULL,NULL,NULL,NULL,NULL,'image003.jpg',NULL,NULL,NULL,NULL,0,'',0),(36,'Pauline Air Farm','',1,NULL,NULL,0,NULL,'2019-06-27 08:53:21','2018-09-17 08:19:21',1,'CU1809-0022',NULL,'411CU1809-0022',NULL,'21 Cours Victor Hugo','33000','BORDEAUX',0,1,0,NULL,NULL,NULL,'sandra.charetiers@gmail.com',NULL,NULL,0,NULL,NULL,'','','','','','','',NULL,0,NULL,NULL,NULL,NULL,1,0,NULL,'',0,NULL,0,0,0,1,5,0,0,NULL,NULL,NULL,NULL,NULL,1,NULL,0.000,NULL,0.000,NULL,0,NULL,NULL,NULL,NULL,NULL,NULL,NULL,NULL,NULL,NULL,0,'',0),(37,'Gaëtan Carouge','',1,NULL,NULL,0,NULL,'2019-06-26 15:04:39','2018-09-26 23:11:30',1,'CU1809-0023',NULL,'411CU1809-0023',NULL,'2,grande rue','60690','Fontaine lavaganne',0,1,0,'0684602222',NULL,NULL,'gcarouge@gmail.com',NULL,NULL,0,NULL,NULL,'','','','','','','',NULL,0,NULL,NULL,NULL,NULL,1,0,NULL,'',0,NULL,0,0,0,1,5,0,0,NULL,NULL,NULL,NULL,NULL,1,NULL,0.000,NULL,0.000,NULL,0,NULL,NULL,NULL,NULL,NULL,NULL,NULL,NULL,NULL,NULL,0,'',0),(38,'EDUAC - Section Aquaculture & Aquaponie','',1,NULL,NULL,0,NULL,'2018-10-06 15:43:00','2018-10-06 17:43:00',1,'CU1810-0024',NULL,NULL,NULL,'LP O. Guichard de Guérande\r\n12 rue des Fauvettes','44350','GUERANDE',0,1,0,NULL,NULL,NULL,'romain.metivier@smidap.fr',NULL,NULL,0,NULL,NULL,'','','','','','','',NULL,0,NULL,NULL,NULL,NULL,2,0,NULL,'',0,NULL,0,0,0,1,1,0,0,NULL,NULL,NULL,NULL,NULL,1,NULL,0.000,NULL,0.000,NULL,0,NULL,NULL,NULL,NULL,NULL,NULL,NULL,NULL,NULL,NULL,0,'',0),(39,'ASTREDHOR Rhône Alpes (RATHO) - Pierre Foucard','',1,NULL,NULL,0,NULL,'2019-06-26 15:06:23','2018-10-16 18:43:44',1,'CU1810-0025',NULL,'411CU1810-0025',NULL,'135 chemin du Finday','69126','Brindas',0,1,0,'(+33)(0)661643982',NULL,NULL,'foucard@itavi.asso.fr',NULL,NULL,0,NULL,NULL,'','','','','','','',NULL,0,NULL,NULL,NULL,NULL,1,0,NULL,'',0,NULL,0,0,0,1,5,0,0,NULL,NULL,NULL,NULL,NULL,1,NULL,0.000,NULL,0.000,NULL,0,NULL,NULL,NULL,NULL,NULL,NULL,NULL,NULL,NULL,NULL,0,'',0),(40,'Nicolas Sarle - Les Sourciers','',1,NULL,NULL,0,NULL,'2019-06-26 09:16:49','2018-10-19 16:19:01',1,'CU1810-0026','SU1810-0015','411CU1810-0026','401SU1810-0015','Lieu-dit','32330','LAGRAULET-du-Gers',0,1,0,'0787116165',NULL,NULL,'marion@lessourciers.com',NULL,NULL,0,NULL,NULL,'','','','','','','',NULL,0,NULL,NULL,NULL,NULL,1,1,NULL,'',0,NULL,0,0,0,1,5,0,0,NULL,NULL,NULL,NULL,NULL,1,NULL,0.000,NULL,0.000,NULL,0,NULL,NULL,NULL,NULL,NULL,'les-sourciers-2.png',NULL,NULL,NULL,NULL,0,'',0),(41,'Pascla RIVIER','',1,NULL,NULL,0,NULL,'2019-06-26 15:16:45','2018-11-20 12:11:05',1,'CU1811-0027','SU1811-0016','411CU1811-0027','401SU1811-0016','3 rue Bergeaud','31000','TOULOUSE',0,1,0,'0630877982',NULL,NULL,'pascal.rivier@gmail.com',NULL,NULL,4,NULL,NULL,'','','','','','','',NULL,0,NULL,NULL,NULL,NULL,1,1,NULL,'',0,NULL,0,0,0,1,5,0,0,NULL,NULL,NULL,NULL,NULL,1,NULL,0.000,NULL,0.000,NULL,0,NULL,NULL,NULL,NULL,NULL,NULL,NULL,NULL,NULL,NULL,0,'',0),(42,'Michel RIBOTTON','',1,NULL,NULL,0,NULL,'2019-06-26 15:13:15','2018-11-26 14:25:43',1,'CU1811-0028',NULL,'411CU1811-0028',NULL,'Ferme St Antoine\r\nAllée Saint-Antoine','76530','Moulineaux',0,1,0,'0661735624',NULL,NULL,'michel.ribotton@gmail.com',NULL,NULL,0,NULL,NULL,'','','','','','','',NULL,0,NULL,NULL,NULL,NULL,1,0,NULL,'',0,NULL,0,0,0,1,5,0,0,NULL,NULL,NULL,NULL,NULL,1,NULL,0.000,NULL,0.000,NULL,0,NULL,NULL,NULL,NULL,NULL,NULL,NULL,NULL,NULL,NULL,0,'',0),(43,'S.M.G.P.','',1,NULL,NULL,0,NULL,'2018-12-07 00:07:28','2018-12-07 01:07:28',1,NULL,'SU1812-0017',NULL,'401SU18120017','5, Z.A. Bel Air','33670','SADIRAC',40,1,0,'0556306333',NULL,NULL,'s.m.g.p@wanadoo.fr',NULL,NULL,3,54,NULL,'','','','','','','FR62403379399',22867.35000000,0,NULL,NULL,NULL,NULL,0,1,NULL,'',0,NULL,0,0,0,1,1,0,0,NULL,NULL,NULL,NULL,NULL,1,NULL,0.000,NULL,0.000,NULL,0,NULL,NULL,NULL,NULL,NULL,NULL,NULL,NULL,NULL,NULL,0,'',0),(44,'SUD OUEST Matériaux','',1,NULL,NULL,0,NULL,'2018-12-12 15:28:11','2018-12-12 16:28:11',1,NULL,'SU1812-0018',NULL,'401SU18120018','126 Avenue de l\'Entre Deux Mers','33670','CREON',40,1,0,'0557343000',NULL,NULL,NULL,NULL,NULL,0,NULL,NULL,'','','','','','','',NULL,0,NULL,NULL,NULL,NULL,0,1,NULL,'',0,NULL,0,0,0,1,1,0,0,NULL,NULL,NULL,NULL,NULL,1,NULL,0.000,NULL,0.000,NULL,0,NULL,NULL,NULL,NULL,NULL,NULL,NULL,NULL,NULL,NULL,0,'',0),(45,'NPI','B.V. Nederlandse Plastic Industrie',1,NULL,NULL,0,NULL,'2018-12-17 18:20:24','2018-12-12 16:58:30',1,NULL,'SU1812-0019',NULL,'401SU18120019','Postbus 554','8800','AN FRANEKER',0,17,0,'+31653250639',NULL,'www.npibv.com','info@npibv.com',NULL,1,8,NULL,NULL,'','','','','','','',NULL,0,NULL,NULL,NULL,NULL,0,1,NULL,'',0,NULL,0,0,0,1,1,0,0,NULL,NULL,NULL,NULL,NULL,1,NULL,0.000,NULL,0.000,NULL,0,NULL,NULL,NULL,NULL,NULL,'npi_logo.png',NULL,NULL,NULL,NULL,0,'',0),(46,'AGRU','',1,NULL,NULL,0,NULL,'2018-12-12 16:09:18','2018-12-12 17:09:18',1,NULL,'SU1812-0020',NULL,'401SU18120020','',NULL,NULL,0,1,0,'0609403920',NULL,'https://www.agru.fr','jl.meusy@agru.fr',NULL,1,8,NULL,NULL,'','','','','','','',NULL,0,NULL,NULL,NULL,NULL,0,1,NULL,'',0,NULL,0,0,0,1,1,0,0,NULL,NULL,NULL,NULL,NULL,1,NULL,0.000,NULL,0.000,NULL,0,NULL,NULL,NULL,NULL,NULL,'logo_header.jpg',NULL,NULL,NULL,NULL,0,'',0),(47,'KDI - Kloeckner Metals France','KDI France',1,NULL,NULL,0,NULL,'2019-01-28 16:21:54','2019-01-07 21:26:07',1,NULL,'SU1901-0021',NULL,'401SU19010021','',NULL,NULL,0,1,0,'+33974595161',NULL,'https://shop.kloeckner.fr/Rond-inox-1-4307-%28304L%29-%C3%A9tir%C3%A9-brillant-H9-H10/p/1000264#','shop-fr@kloeckner.com',NULL,NULL,0,NULL,NULL,'','','','','','','',NULL,0,NULL,NULL,NULL,NULL,0,1,NULL,'',0,NULL,0,0,0,1,1,0,0,NULL,NULL,NULL,NULL,NULL,1,NULL,0.000,NULL,0.000,NULL,0,NULL,NULL,NULL,NULL,NULL,NULL,NULL,NULL,NULL,NULL,0,'',0),(48,'AMAZON','',1,NULL,NULL,0,NULL,'2019-06-05 14:06:47','2019-01-10 11:37:25',1,'CU1906-0058','SU1901-0022','411CU19060058','401SU19010022','',NULL,NULL,0,1,0,NULL,NULL,NULL,NULL,NULL,NULL,0,NULL,NULL,'','','','','','','',NULL,0,NULL,NULL,NULL,NULL,1,1,NULL,'',0,NULL,0,0,0,1,5,0,0,NULL,NULL,NULL,NULL,NULL,1,NULL,0.000,NULL,0.000,NULL,0,NULL,NULL,NULL,NULL,NULL,NULL,NULL,NULL,NULL,NULL,0,'',0),(49,'ASTRO','',1,NULL,NULL,0,NULL,'2019-06-17 19:25:42','2019-01-10 11:53:44',1,NULL,'SU1901-0023',NULL,'401SU19010023','Via Fornace 4','24050','Mornico al Serio (BG)',0,3,0,'+33963451084',NULL,'www.astrosrl.it','g.lefevre@cuvesastro.fr',NULL,1,3,NULL,NULL,'','','','','','','',NULL,0,NULL,NULL,NULL,NULL,0,1,NULL,'',0,NULL,0,0,0,1,1,0,0,NULL,NULL,NULL,NULL,NULL,0,NULL,0.000,NULL,0.000,NULL,0,NULL,NULL,NULL,NULL,NULL,NULL,NULL,NULL,NULL,NULL,0,'',0),(50,'Agrizone','',1,NULL,NULL,0,NULL,'2019-01-10 20:01:06','2019-01-10 21:01:06',1,NULL,'SU1901-0024',NULL,'401SU19010024','',NULL,NULL,0,1,0,NULL,NULL,'https://www.agrizone.net/',NULL,NULL,1,8,NULL,NULL,'','','','','','','',NULL,0,NULL,NULL,NULL,NULL,0,1,NULL,'',0,NULL,0,0,0,1,1,0,0,NULL,NULL,NULL,NULL,NULL,1,NULL,0.000,NULL,0.000,NULL,0,NULL,NULL,NULL,NULL,NULL,NULL,NULL,NULL,NULL,NULL,0,'',0),(51,'StagiairesFormationPro','',1,NULL,NULL,0,NULL,'2019-06-27 08:54:08','2019-01-14 16:12:31',1,'CU1901-0029',NULL,'4111CU19010029',NULL,'',NULL,NULL,0,1,0,NULL,NULL,NULL,NULL,NULL,NULL,0,NULL,NULL,'','','','','','','',NULL,0,NULL,NULL,NULL,NULL,1,0,NULL,'',0,NULL,0,0,0,1,5,0,0,NULL,NULL,NULL,NULL,NULL,1,NULL,0.000,NULL,0.000,NULL,0,NULL,NULL,NULL,NULL,NULL,NULL,NULL,NULL,NULL,NULL,0,'',0),(52,'Mattieu Durand','',1,NULL,NULL,0,NULL,'2019-01-14 15:26:22','2019-01-14 16:26:24',1,'CU1901-0030',NULL,'411CU19010030',NULL,'9 allée des érables','86580','Vouneuil-sous-Biard',0,1,0,'0621221399',NULL,NULL,'mattieu.drd@gmail.com',NULL,NULL,0,NULL,NULL,'','','','','','','',NULL,0,NULL,NULL,NULL,NULL,1,0,NULL,'',0,NULL,0,0,0,1,1,0,0,NULL,NULL,NULL,NULL,NULL,1,NULL,0.000,NULL,0.000,NULL,0,NULL,NULL,NULL,NULL,NULL,NULL,NULL,NULL,NULL,NULL,0,'',0),(53,'Art Pro Composite','',1,NULL,NULL,0,NULL,'2019-01-18 11:12:28','2019-01-18 12:12:28',1,NULL,'SU1901-0025',NULL,'401SU19010025','Parc économique de Rothrais','79700','Rothrais',0,1,0,'0967143403',NULL,NULL,'artprocomposite@gmail.com',NULL,1,3,NULL,NULL,'','','','','','','',NULL,0,NULL,NULL,NULL,NULL,0,1,NULL,'',0,NULL,0,0,0,1,1,0,0,NULL,NULL,NULL,NULL,NULL,1,NULL,0.000,NULL,0.000,NULL,0,NULL,NULL,NULL,NULL,NULL,'screenshot.png',NULL,NULL,NULL,NULL,0,'',0),(54,'RKPlast','',1,NULL,NULL,0,NULL,'2019-02-11 16:59:02','2019-01-25 10:59:57',1,NULL,'SU1901-0026',NULL,'401SU19010026','Fabriksvej 10','7800','Skive',0,80,0,'+4596147189',NULL,'www.rkplast.dk','rkplast@rkplast.dk',NULL,1,3,NULL,NULL,'','','','','','','3161 9424',NULL,0,NULL,NULL,NULL,NULL,0,1,NULL,'',0,NULL,0,0,0,1,1,0,0,NULL,NULL,NULL,NULL,NULL,1,NULL,0.000,NULL,0.000,NULL,0,NULL,NULL,NULL,NULL,NULL,'image001.jpg',NULL,NULL,NULL,NULL,0,'',0),(55,'Elektror','',1,NULL,NULL,0,NULL,'2019-01-26 07:27:08','2019-01-26 08:27:08',1,NULL,'SU1901-0027',NULL,'401SU19010027','Parc Bee Pos\r\n14B Rue Lafayette','25000','Besançon',0,1,0,'0339400008',NULL,'www.elektror.fr','carine.fopoussi@elektror.fr',NULL,NULL,0,NULL,NULL,'','','','','','','',NULL,0,NULL,NULL,NULL,NULL,0,1,NULL,'',0,NULL,0,0,0,1,1,0,0,NULL,NULL,NULL,NULL,NULL,1,NULL,0.000,NULL,0.000,NULL,0,NULL,NULL,NULL,NULL,NULL,'image72c363.JPG',NULL,NULL,NULL,NULL,0,'',0),(56,'MDL-Messagerie du Libournais','',1,NULL,NULL,0,NULL,'2019-01-26 10:37:50','2019-01-26 11:37:50',1,NULL,'SU1901-0028',NULL,'401SU19010028','Messagerie du Libournais\r\nZA  de Camparian Nord','33870','VAYRES',0,1,0,'0557554626',NULL,NULL,'contact@mdl-services.net',NULL,NULL,0,NULL,NULL,'','','','','','','',NULL,0,NULL,NULL,NULL,NULL,0,1,NULL,'',0,NULL,0,0,0,1,1,0,0,NULL,NULL,NULL,NULL,NULL,1,NULL,0.000,NULL,0.000,NULL,0,NULL,NULL,NULL,NULL,NULL,'screenshot 3.png',NULL,NULL,NULL,NULL,0,'',0),(57,'MasterPull','',1,NULL,NULL,0,NULL,'2019-02-07 16:35:14','2019-02-07 10:03:14',1,'CU1902-0031',NULL,'411CU19020031',NULL,'34 Rue Saâd Ibnou Abi Ouakkas - Etage 4','20000','Casablanca',0,12,0,NULL,NULL,NULL,'zeghari.s@gmail.com',NULL,1,8,NULL,NULL,'','','','','','','',NULL,0,NULL,NULL,NULL,NULL,3,0,NULL,'',0,NULL,0,0,0,1,1,0,0,NULL,NULL,NULL,NULL,NULL,1,NULL,0.000,NULL,0.000,NULL,0,NULL,NULL,NULL,NULL,NULL,NULL,NULL,NULL,NULL,NULL,0,'',0),(58,'Marie Audoux','',1,NULL,NULL,0,NULL,'2019-05-03 13:36:36','2019-02-11 23:11:37',1,'CU1902-0032',NULL,'411CU19020032',NULL,'',NULL,NULL,0,1,0,'0620454844',NULL,NULL,NULL,NULL,NULL,8,NULL,NULL,'','','','','','','',NULL,3,NULL,NULL,NULL,NULL,3,0,NULL,'',0,NULL,0,0,0,1,5,0,0,NULL,NULL,NULL,NULL,NULL,1,NULL,0.000,NULL,0.000,NULL,0,NULL,NULL,NULL,NULL,NULL,NULL,NULL,NULL,NULL,NULL,0,'',0),(59,'R4M Consulting','',1,NULL,NULL,0,NULL,'2019-02-11 22:26:07','2019-02-11 23:24:11',1,'CU1902-0033',NULL,'411CU19020033',NULL,'20 RUE DES TROIS CEDRES','95000','CERGY',0,1,0,NULL,NULL,NULL,NULL,NULL,NULL,3,57,NULL,'','','','','','','FR83798702809',NULL,0,NULL,NULL,NULL,NULL,1,0,NULL,'',0,NULL,0,0,0,1,1,0,0,NULL,NULL,NULL,NULL,NULL,1,NULL,0.000,NULL,0.000,NULL,0,NULL,NULL,NULL,NULL,NULL,NULL,NULL,NULL,NULL,NULL,0,'',0),(60,'Ludovic Çabal','',1,NULL,NULL,0,NULL,'2019-02-11 22:36:33','2019-02-11 23:36:33',1,'CU1902-0034',NULL,'411CU19020034',NULL,'',NULL,NULL,0,1,0,'0633554266',NULL,NULL,NULL,NULL,NULL,0,NULL,NULL,'','','','','','','',NULL,0,NULL,NULL,NULL,NULL,3,0,NULL,'',0,NULL,0,0,0,1,1,0,0,NULL,NULL,NULL,NULL,NULL,1,NULL,0.000,NULL,0.000,NULL,0,NULL,NULL,NULL,NULL,NULL,NULL,NULL,NULL,NULL,NULL,0,'',0),(61,'Christele Lassalle','',1,NULL,NULL,0,NULL,'2019-05-03 13:36:12','2019-02-11 23:50:20',1,'CU1902-0035',NULL,'411CU19020035',NULL,'',NULL,NULL,0,1,0,NULL,NULL,NULL,NULL,NULL,NULL,8,NULL,NULL,'','','','','','','',NULL,3,NULL,NULL,NULL,NULL,3,0,NULL,'',0,NULL,0,0,0,1,5,0,0,NULL,NULL,NULL,NULL,NULL,1,NULL,0.000,NULL,0.000,NULL,0,NULL,NULL,NULL,NULL,NULL,NULL,NULL,NULL,NULL,NULL,0,'',0),(62,'Aquatiss','',1,NULL,NULL,0,NULL,'2019-02-19 17:36:30','2019-02-19 18:36:30',1,NULL,'SU1902-0029',NULL,'401SU19020029','',NULL,NULL,0,1,0,NULL,NULL,NULL,NULL,NULL,NULL,0,NULL,NULL,'','','','','','','',NULL,0,NULL,NULL,NULL,NULL,0,1,NULL,'',0,NULL,0,0,0,1,1,0,0,NULL,NULL,NULL,NULL,NULL,1,NULL,0.000,NULL,0.000,NULL,0,NULL,NULL,NULL,NULL,NULL,'prestashop-logo-1452692134.jpg',NULL,NULL,NULL,NULL,0,'',0),(63,'Novintiss','',1,NULL,NULL,0,NULL,'2019-03-04 17:47:11','2019-03-04 18:47:11',1,NULL,'SU1903-0030',NULL,'401SU19030030','4 rue Henry Crespin','17000','La Rochelle',0,1,0,'0546510201',NULL,'www.novintiss.com','gaelle.journaud@novintiss.com',NULL,NULL,0,NULL,NULL,'','','','','','','',NULL,0,NULL,NULL,NULL,NULL,0,1,NULL,'',0,NULL,0,0,0,1,1,0,0,NULL,NULL,NULL,NULL,NULL,1,NULL,0.000,NULL,0.000,NULL,0,NULL,NULL,NULL,NULL,NULL,'screenshot.png',NULL,NULL,NULL,NULL,0,'',0),(64,'Remi Delezenne','',1,NULL,NULL,0,NULL,'2019-04-03 19:47:00','2019-03-06 18:57:29',1,'CU1903-0036',NULL,'411CU19030036',NULL,'',NULL,NULL,0,1,0,'0601215237',NULL,NULL,'remi.delezenne@gmail.com',NULL,1,8,NULL,NULL,'','','','','','','',NULL,0,NULL,NULL,NULL,NULL,1,0,NULL,'',0,NULL,0,0,0,1,1,0,0,NULL,NULL,NULL,NULL,NULL,1,NULL,0.000,NULL,0.000,NULL,0,NULL,NULL,NULL,NULL,NULL,NULL,NULL,NULL,NULL,NULL,0,'',0),(65,'Emmaüs Lespinassiere','',1,NULL,NULL,0,NULL,'2019-04-25 07:40:38','2019-03-15 06:07:39',1,'CU1903-0037',NULL,'411CU19030037',NULL,'','11160','LESPINASSIERE',0,1,0,NULL,NULL,NULL,NULL,NULL,NULL,0,NULL,NULL,'','','','','','','',NULL,0,NULL,NULL,NULL,NULL,1,0,NULL,'',0,NULL,0,0,0,1,1,0,0,NULL,NULL,NULL,NULL,NULL,1,NULL,0.000,NULL,0.000,NULL,0,NULL,NULL,NULL,NULL,NULL,NULL,NULL,NULL,NULL,NULL,0,'',0),(66,'Imprimoi','',1,NULL,NULL,0,NULL,'2019-03-15 11:29:43','2019-03-15 12:29:43',1,NULL,'SU1903-0031',NULL,'401SU19030031','186 route de Grimard\r\nZA du Pastin','33670','CREON',40,1,0,'0556230632','0524849428','www.imprimoi.fr','contact@imprimoi.fr',NULL,NULL,0,NULL,NULL,'','','','','','','',NULL,0,NULL,NULL,NULL,NULL,0,1,NULL,'',0,NULL,0,0,0,1,1,0,0,NULL,NULL,NULL,NULL,NULL,1,NULL,0.000,NULL,0.000,NULL,0,NULL,NULL,NULL,NULL,NULL,NULL,NULL,NULL,NULL,NULL,0,'',0),(67,'Studio Sensitive','',1,NULL,NULL,0,NULL,'2019-03-22 13:34:25','2019-03-22 14:34:25',1,NULL,'SU1903-0032',NULL,'401SU19030032','','24640',NULL,0,1,0,'0618318185',NULL,NULL,'siefridt.miles@gmail.com',NULL,NULL,0,NULL,NULL,'','','','','','','',NULL,0,NULL,NULL,NULL,NULL,0,1,NULL,'',0,NULL,0,0,0,1,1,0,0,NULL,NULL,NULL,NULL,NULL,0,NULL,0.000,NULL,0.000,NULL,0,NULL,NULL,NULL,NULL,NULL,NULL,NULL,NULL,NULL,NULL,0,'',0),(68,'UPS','',1,NULL,NULL,0,NULL,'2019-03-27 09:35:29','2019-03-27 09:19:56',1,NULL,'SU1903-0033',NULL,'401SU19030033','Service Comptabilité Clients','35088','RENNES CEDEX 09',0,1,0,NULL,NULL,NULL,NULL,NULL,NULL,0,NULL,NULL,'','','','','','','FR23334175221',NULL,0,NULL,NULL,NULL,NULL,0,1,NULL,'',0,NULL,0,0,0,1,1,0,0,NULL,NULL,NULL,NULL,NULL,1,NULL,0.000,NULL,0.000,NULL,0,NULL,NULL,NULL,NULL,NULL,NULL,NULL,NULL,NULL,NULL,0,'',0),(69,'C.Gremiaux-L.Cabal','',1,NULL,NULL,0,NULL,'2019-10-29 19:32:33','2019-03-28 08:43:03',1,'CU1903-0038',NULL,'411CU19030038',NULL,'',NULL,'Aire-sur-Adour',0,1,0,'0619567022',NULL,NULL,'christophe.gremiaux@orange.fr',NULL,NULL,0,NULL,NULL,'','','','','','','',NULL,-1,NULL,NULL,NULL,NULL,3,0,NULL,'',0,NULL,0,0,0,1,1,0,0,NULL,NULL,NULL,NULL,NULL,1,NULL,0.000,NULL,0.000,NULL,0,NULL,NULL,NULL,NULL,NULL,NULL,NULL,NULL,NULL,NULL,0,'',0),(70,'Isabelle Canal','',1,NULL,NULL,0,NULL,'2019-05-03 13:36:23','2019-03-28 18:38:43',1,'CU1903-0039',NULL,'411CU19030039',NULL,'',NULL,NULL,0,1,0,NULL,NULL,NULL,'canal.isabelle@orange.fr',NULL,NULL,0,NULL,NULL,'','','','','','','',NULL,3,NULL,NULL,NULL,NULL,3,0,NULL,'',0,NULL,0,0,0,1,5,0,0,NULL,NULL,NULL,NULL,NULL,1,NULL,0.000,NULL,0.000,NULL,0,NULL,NULL,NULL,NULL,NULL,NULL,NULL,NULL,NULL,NULL,0,'',0),(71,'Collectif Santé - Cécile de Gabory','',1,NULL,NULL,0,NULL,'2019-05-22 13:52:04','2019-04-11 17:31:08',1,'CU1904-0040',NULL,'411CU19040040',NULL,'3 Rue Carvoeira','33880','SAINT CAPRAIS DE BORDEAUX',0,1,0,NULL,NULL,NULL,'2gabloupiac@free.fr',NULL,NULL,0,NULL,NULL,'','','','','','','',NULL,0,NULL,NULL,NULL,NULL,1,0,NULL,'',0,NULL,0,0,0,1,5,0,0,NULL,NULL,NULL,NULL,NULL,1,NULL,0.000,NULL,0.000,NULL,0,NULL,NULL,NULL,NULL,NULL,NULL,NULL,NULL,NULL,NULL,0,'',0),(72,'Brisset Renaux Gregory','',1,NULL,NULL,0,NULL,'2019-05-03 13:36:17','2019-04-16 15:33:51',1,'CU1904-0041',NULL,'411CU19040041',NULL,'',NULL,NULL,0,1,0,'0640120655',NULL,NULL,'gregorybrisset@msn.com',NULL,NULL,0,NULL,NULL,'','','','','','','',NULL,3,NULL,NULL,NULL,NULL,2,0,NULL,'',0,NULL,0,0,0,1,5,0,0,NULL,NULL,NULL,NULL,NULL,1,NULL,0.000,NULL,0.000,NULL,0,NULL,NULL,NULL,NULL,NULL,NULL,NULL,NULL,NULL,NULL,0,'',0),(73,'BRY Stéphane','LIGNE VERTE',1,NULL,NULL,0,NULL,'2019-05-03 14:06:21','2019-04-17 16:28:17',1,'CU1904-0042',NULL,'411CU19040042',NULL,'25 Rue Boursaint','97500','SAINT PIERRE ET MIQUELON',2,1,0,'0789977817',NULL,NULL,'steph.bry@gmail.com',NULL,NULL,0,57,NULL,'842297095','84229709500015','0119Z','','','','',NULL,3,NULL,NULL,NULL,NULL,3,0,NULL,'',0,NULL,0,0,0,1,5,0,0,NULL,NULL,NULL,NULL,NULL,1,NULL,0.000,NULL,0.000,NULL,0,NULL,NULL,NULL,NULL,NULL,NULL,NULL,NULL,NULL,NULL,0,'',0),(74,'Staal Plast','',1,NULL,NULL,0,NULL,'2019-04-18 11:28:35','2019-04-18 13:28:35',1,NULL,'SU1904-0034',NULL,'401SU19040034','Industrivej 19','5750','Ringe',0,80,0,'+45206262201216',NULL,'www.staal-plast.dk/','la@staal-plast.dk',NULL,NULL,0,NULL,NULL,'','','','','','','',NULL,0,NULL,NULL,NULL,NULL,0,1,NULL,'',0,NULL,0,0,0,1,1,0,0,NULL,NULL,NULL,NULL,NULL,1,NULL,0.000,NULL,0.000,NULL,0,NULL,NULL,NULL,NULL,NULL,NULL,NULL,NULL,NULL,NULL,0,'',0),(75,'SUBTEL GmbH','',1,NULL,NULL,0,NULL,'2019-04-25 12:21:10','2019-04-25 14:21:11',1,NULL,'SU1904-0035',NULL,'401SU19040035','',NULL,NULL,0,1,0,NULL,NULL,NULL,NULL,NULL,NULL,0,NULL,NULL,'','','','','','','',NULL,0,NULL,NULL,NULL,NULL,0,1,NULL,'',0,NULL,0,0,0,5,5,0,0,NULL,NULL,NULL,NULL,NULL,1,NULL,0.000,NULL,0.000,NULL,0,NULL,NULL,NULL,NULL,NULL,NULL,NULL,NULL,NULL,NULL,0,'',0),(76,'Paul Halleux','',1,NULL,NULL,0,NULL,'2019-06-12 07:00:23','2019-04-25 16:14:12',1,'CU1904-0043',NULL,'411CU19040043',NULL,'2 chemin de Villeneuve','14980','ROTS',0,1,0,'0659374550',NULL,NULL,'pablo61@live.fr',NULL,NULL,0,NULL,NULL,'','','','','','','',NULL,0,NULL,NULL,NULL,NULL,1,0,NULL,'',0,NULL,0,0,0,1,1,0,0,NULL,NULL,NULL,NULL,NULL,1,NULL,0.000,NULL,0.000,NULL,0,NULL,NULL,NULL,NULL,NULL,NULL,NULL,NULL,NULL,NULL,0,'',0),(77,'FRANS BONHOMME','',1,NULL,NULL,0,NULL,'2019-05-03 12:42:38','2019-05-03 14:41:11',1,NULL,'SU1905-0036',NULL,'401SU19050036','Avenue de l\'Ile de France','33370','ARTIGUES PRES BORDEAUX',40,1,0,'0556860065',NULL,NULL,NULL,NULL,NULL,0,NULL,NULL,'383706397','38370639700049','','','','','FR27383706397',NULL,0,NULL,NULL,NULL,NULL,0,1,NULL,'',0,NULL,0,0,0,5,5,0,0,NULL,NULL,NULL,NULL,NULL,1,NULL,0.000,NULL,0.000,NULL,0,NULL,NULL,NULL,NULL,NULL,NULL,NULL,NULL,NULL,NULL,0,'',0),(78,'MAHUT Marion','',1,NULL,NULL,0,NULL,'2019-05-03 13:40:40','2019-05-03 15:40:32',1,'CU1905-0044',NULL,'411CU19050044',NULL,'1 Rue du Cherche Midi','34000','MONTPELLIER',41,1,0,'0633140871',NULL,NULL,'marion.mahut@gmail.com',NULL,NULL,0,NULL,NULL,'','','','','','','',NULL,3,NULL,NULL,NULL,NULL,3,0,NULL,'',0,NULL,0,0,0,5,5,0,0,NULL,NULL,NULL,NULL,NULL,1,NULL,0.000,NULL,0.000,NULL,0,NULL,NULL,NULL,NULL,NULL,NULL,NULL,NULL,NULL,NULL,0,'',0),(79,'INSERTIS BUSINESS SCHOOL - M DE GERMAIN Jean-Michel','INSERTIS BUSINESS SCHOOL',1,NULL,NULL,0,NULL,'2019-05-14 15:16:52','2019-05-03 15:42:16',1,'CU1905-0045',NULL,'411CU19050045',NULL,'BGE Indre, Centre d\'affaires\r\n2 bis rue Descartes','36000','CHATEAUROUX',43,1,0,'0622829792',NULL,NULL,'jmdege3003@gmail.com',NULL,NULL,0,NULL,NULL,'','','','','','','',NULL,3,NULL,NULL,NULL,NULL,3,0,NULL,'',0,NULL,0,0,0,5,5,0,0,NULL,NULL,NULL,NULL,NULL,1,NULL,0.000,NULL,0.000,NULL,0,NULL,NULL,NULL,NULL,NULL,NULL,NULL,NULL,NULL,NULL,0,'',0),(80,'LAURENT Guillaume','',1,NULL,NULL,0,NULL,'2019-05-03 13:59:33','2019-05-03 15:44:14',1,'CU1905-0046',NULL,'411CU19050046',NULL,'67B Campus de Bissy','34980','SAINT CLEMENT DE RIVIERE',41,1,0,'0778353126',NULL,NULL,'glaurent340@gmail.com',NULL,NULL,0,NULL,NULL,'','','','','','','',NULL,3,NULL,NULL,NULL,NULL,3,0,NULL,'',0,NULL,0,0,0,5,5,0,0,NULL,NULL,NULL,NULL,NULL,1,NULL,0.000,NULL,0.000,NULL,0,NULL,NULL,NULL,NULL,NULL,NULL,NULL,NULL,NULL,NULL,0,'',0),(81,'BEUCHER Guillaume','ECHOLOGIA',1,NULL,NULL,0,NULL,'2019-05-14 16:47:41','2019-05-03 15:50:18',1,'CU1905-0047',NULL,'411CU19050047',NULL,'Moulin de Montbesnard','53210','ARGENTRE',60,1,0,'0760555300',NULL,NULL,'guillaume.beucher@echologia.fr',NULL,NULL,0,NULL,NULL,'522389758','52238975800023','6820B','','','','',NULL,3,NULL,NULL,NULL,NULL,3,0,NULL,'',0,NULL,0,0,0,5,5,0,0,NULL,NULL,NULL,NULL,NULL,1,NULL,0.000,NULL,0.000,NULL,0,NULL,NULL,NULL,NULL,NULL,NULL,NULL,NULL,NULL,NULL,0,'',0),(82,'PERNOT DE BREUIL Michel','',1,NULL,NULL,0,NULL,'2019-05-03 13:56:08','2019-05-03 15:56:04',1,'CU1905-0048',NULL,'411CU19050048',NULL,'59 Rue du Maréchal Joffre','60280','MARTIGNY LES COMPIIEGNES',67,1,0,'0676447140',NULL,NULL,'mpb@solidarites-entreprises.org',NULL,NULL,0,NULL,NULL,'','','','','','','',NULL,3,NULL,NULL,NULL,NULL,3,0,NULL,'',0,NULL,0,0,0,5,5,0,0,NULL,NULL,NULL,NULL,NULL,1,NULL,0.000,NULL,0.000,NULL,0,NULL,NULL,NULL,NULL,NULL,NULL,NULL,NULL,NULL,NULL,0,'',0),(83,'VUILLOT Charles-Henry','',1,NULL,NULL,0,NULL,'2019-05-03 14:04:57','2019-05-03 16:01:28',1,'CU1905-0049',NULL,'411CU19050049',NULL,'8 Rue du Gaz','21000','DIJON',28,1,0,'0659243827',NULL,NULL,'charlesv21@outlook.fr',NULL,NULL,0,NULL,NULL,'','','','','','','',NULL,3,NULL,NULL,NULL,NULL,3,0,NULL,'',0,NULL,0,0,0,5,5,0,0,NULL,NULL,NULL,NULL,NULL,1,NULL,0.000,NULL,0.000,NULL,0,NULL,NULL,NULL,NULL,NULL,NULL,NULL,NULL,NULL,NULL,0,'',0),(84,'ECHOLOGIA AVENTURE','M DUBOIS Félix',1,NULL,NULL,0,NULL,'2019-05-14 16:40:04','2019-05-03 16:30:54',1,'CU1905-0050',NULL,'411CU19050050',NULL,'Bas barbe\r\nHameau chaufournier','53950','LOUVERNE',60,1,0,NULL,NULL,NULL,NULL,NULL,NULL,0,57,NULL,'749845038','74984503800019','5520Z','','','','',394400.00000000,3,NULL,NULL,NULL,NULL,3,0,NULL,'',0,NULL,0,0,0,5,5,0,0,NULL,NULL,NULL,NULL,NULL,1,NULL,0.000,NULL,0.000,NULL,0,NULL,NULL,NULL,NULL,NULL,NULL,NULL,NULL,NULL,NULL,0,'',0),(85,'SALMON Eric','ECHOLOGIA',1,NULL,NULL,0,NULL,'2019-05-03 14:32:19','2019-05-03 16:32:03',1,'CU1905-0051',NULL,'411CU19050051',NULL,'17 Rue des Petits Champs','53000','LAVAL',60,1,0,NULL,NULL,NULL,NULL,NULL,NULL,0,NULL,NULL,'','','','','','','',NULL,3,NULL,NULL,NULL,NULL,3,0,NULL,'',0,NULL,0,0,0,5,5,0,0,NULL,NULL,NULL,NULL,NULL,1,NULL,0.000,NULL,0.000,NULL,0,NULL,NULL,NULL,NULL,NULL,NULL,NULL,NULL,NULL,NULL,0,'',0),(86,'POLE EMPLOI - DIRECTION REGIONALE NOUVELLE AQUITAINE','',1,NULL,NULL,0,NULL,'2019-05-08 07:18:30','2019-05-03 17:45:30',1,'CU1905-0052',NULL,'411CU19050052',NULL,'87 Rue Nuyens','33100','BORDEAUX',40,1,0,NULL,NULL,NULL,NULL,NULL,NULL,0,NULL,NULL,'','13000548119424','','','','','',NULL,0,NULL,NULL,NULL,NULL,3,0,NULL,'',0,NULL,0,0,0,5,5,0,0,NULL,NULL,NULL,NULL,NULL,1,NULL,0.000,NULL,0.000,NULL,0,NULL,NULL,NULL,NULL,NULL,NULL,NULL,NULL,NULL,NULL,0,'',0),(87,'EURALIS','',1,NULL,NULL,0,NULL,'2019-05-16 12:38:57','2019-05-16 14:38:57',1,NULL,'SU1905-0037',NULL,'401SU19050037','Avenue Gaston Phoebus','64231','LESCAR CEDEX',71,1,0,'0559923838',NULL,NULL,NULL,NULL,NULL,0,57,NULL,'','','4675Z','','','','FR71381941335',NULL,0,NULL,NULL,NULL,NULL,0,1,NULL,'',0,NULL,0,0,0,5,5,0,0,NULL,NULL,NULL,NULL,NULL,1,NULL,0.000,NULL,0.000,NULL,0,NULL,NULL,NULL,NULL,NULL,NULL,NULL,NULL,NULL,NULL,0,'',0),(88,'Neo3Plus','Neo3Plus',1,NULL,NULL,0,NULL,'2019-05-16 16:22:37','2019-05-16 18:22:37',1,NULL,'SU1905-0038',NULL,'401SU19050038','',NULL,NULL,0,1,0,NULL,NULL,'https://neo3plus.com/fr/',NULL,NULL,NULL,0,NULL,NULL,'','','','','','','',NULL,0,NULL,NULL,NULL,NULL,0,1,NULL,'',0,NULL,0,0,0,1,1,0,0,NULL,NULL,NULL,NULL,NULL,1,NULL,0.000,NULL,0.000,NULL,0,NULL,NULL,NULL,NULL,NULL,'prestashop-logo-1441666972.png',NULL,NULL,NULL,NULL,0,'',0),(89,'BRICONAUTE','',1,NULL,NULL,0,NULL,'2019-05-17 09:20:07','2019-05-17 11:20:07',1,NULL,'SU1905-0039',NULL,'401SU19050039','95 Avenue de l\'Entre 2 Mers','33670','CREON',40,1,0,'0557345630',NULL,NULL,'be2m@wanadoo.fr',NULL,NULL,0,NULL,NULL,'','','','','','','',NULL,0,NULL,NULL,NULL,NULL,0,1,NULL,'',0,NULL,0,0,0,5,5,0,0,NULL,NULL,NULL,NULL,NULL,1,NULL,0.000,NULL,0.000,NULL,0,NULL,NULL,NULL,NULL,NULL,NULL,NULL,NULL,NULL,NULL,0,'',0),(90,'FedEx','',1,NULL,NULL,0,NULL,'2019-05-17 13:33:44','2019-05-17 15:33:44',1,NULL,'SU1905-0040',NULL,'401SU19050040','',NULL,NULL,0,1,0,NULL,NULL,NULL,NULL,NULL,NULL,0,NULL,NULL,'','','','','','','',NULL,0,NULL,NULL,NULL,NULL,0,1,NULL,'',0,NULL,0,0,0,5,5,0,0,NULL,NULL,NULL,NULL,NULL,1,NULL,0.000,NULL,0.000,NULL,0,NULL,NULL,NULL,NULL,NULL,NULL,NULL,NULL,NULL,NULL,0,'',0),(91,'frais généraux','',1,NULL,NULL,0,NULL,'2019-05-21 13:08:40','2019-05-21 15:08:40',1,'CU1905-0053','SU1905-0041','411CU19050053','401SU19050041','',NULL,NULL,0,1,0,NULL,NULL,NULL,NULL,NULL,NULL,0,NULL,NULL,'','','','','','','',NULL,0,NULL,NULL,NULL,NULL,3,1,NULL,'',0,NULL,0,0,0,1,1,0,0,NULL,NULL,NULL,NULL,NULL,1,NULL,0.000,NULL,0.000,NULL,0,NULL,NULL,NULL,NULL,NULL,NULL,NULL,NULL,NULL,NULL,0,'',0),(92,'Compte d\'attente','',1,NULL,NULL,0,NULL,'2019-05-21 13:09:07','2019-05-21 15:09:08',1,'CU1905-0054','SU1905-0042','411CU19050054','401SU19050042','',NULL,NULL,0,1,0,NULL,NULL,NULL,NULL,NULL,NULL,0,NULL,NULL,'','','','','','','',NULL,0,NULL,NULL,NULL,NULL,3,1,NULL,'',0,NULL,0,0,0,1,1,0,0,NULL,NULL,NULL,NULL,NULL,1,NULL,0.000,NULL,0.000,NULL,0,NULL,NULL,NULL,NULL,NULL,NULL,NULL,NULL,NULL,NULL,0,'',0),(93,'CARREFFOUR MARKET','',1,NULL,NULL,0,NULL,'2019-05-27 14:50:43','2019-05-27 16:50:43',1,NULL,'SU1905-0043',NULL,'401SU19050043','Route de Sauveterre','33670','CREON',40,1,0,NULL,NULL,NULL,NULL,NULL,NULL,0,NULL,NULL,'','','','','','','',NULL,0,NULL,NULL,NULL,NULL,0,1,NULL,'',0,NULL,0,0,0,5,5,0,0,NULL,NULL,NULL,NULL,NULL,1,NULL,0.000,NULL,0.000,NULL,0,NULL,NULL,NULL,NULL,NULL,NULL,NULL,NULL,NULL,NULL,0,'',0),(94,'ASANA','',1,NULL,NULL,0,NULL,'2019-06-26 08:18:02','2019-05-29 17:15:10',1,NULL,'SU1905-0044',NULL,'401SU19050044','1550 Bryant Street\r\nSuite 200\r\nSan Francisco, CA 94103',NULL,'SAN FRANCISCO',0,11,0,'4155253888',NULL,NULL,'customer-service@asana.com',NULL,NULL,0,NULL,NULL,'','','','','','','',NULL,0,NULL,'LOGICIEL <br />\r\nAsana est une application web et mobile conçue pour permettre le travail d\'équipe sans email',NULL,NULL,0,1,NULL,'',0,NULL,0,0,0,5,5,0,0,NULL,NULL,NULL,NULL,NULL,1,NULL,0.000,NULL,0.000,NULL,0,NULL,NULL,NULL,NULL,NULL,NULL,NULL,NULL,NULL,NULL,0,'',0),(95,'APPLE','',1,NULL,NULL,0,NULL,'2019-05-31 13:10:25','2019-05-31 11:23:02',1,NULL,'SU1905-0045',NULL,'401SU19050045','',NULL,NULL,0,1,0,NULL,NULL,NULL,NULL,NULL,NULL,0,NULL,NULL,'','','','','','','',NULL,0,NULL,NULL,NULL,NULL,0,1,NULL,'',0,NULL,0,0,0,5,5,0,0,NULL,NULL,NULL,NULL,NULL,1,NULL,0.000,NULL,0.000,NULL,0,NULL,NULL,NULL,NULL,NULL,NULL,NULL,NULL,NULL,NULL,0,'',0),(96,'OVH','',1,NULL,NULL,0,NULL,'2019-06-26 08:19:58','2019-05-31 11:23:59',1,NULL,'SU1905-0046',NULL,'401SU19050046','',NULL,NULL,0,1,0,NULL,NULL,NULL,NULL,NULL,NULL,0,NULL,NULL,'','','','','','','',NULL,0,NULL,NULL,NULL,NULL,0,1,NULL,'',0,NULL,0,0,0,5,5,0,0,NULL,NULL,NULL,NULL,NULL,1,NULL,0.000,NULL,0.000,NULL,0,NULL,NULL,NULL,NULL,NULL,NULL,NULL,NULL,NULL,NULL,0,'',0),(97,'FANTOME','',1,NULL,NULL,0,NULL,'2019-06-03 08:22:06','2019-06-03 10:22:07',1,NULL,'SU1906-0047',NULL,'401SU19060047','',NULL,NULL,0,1,0,NULL,NULL,NULL,NULL,NULL,NULL,0,NULL,NULL,'','','','','','','',NULL,0,NULL,NULL,NULL,NULL,0,1,NULL,'',0,NULL,0,0,0,1,1,0,0,NULL,NULL,NULL,NULL,NULL,1,NULL,0.000,NULL,0.000,NULL,0,NULL,NULL,NULL,NULL,NULL,NULL,NULL,NULL,NULL,NULL,0,'',0),(98,'DOLISTORE','',1,NULL,NULL,0,NULL,'2019-06-03 09:47:54','2019-06-03 11:47:55',1,NULL,'SU1906-0048',NULL,'401SU19060048','','45160','Olivet',0,1,0,NULL,NULL,'https://www.dolistore.com/','contact@dolibarr.org',NULL,NULL,0,NULL,NULL,'','','','','','','',NULL,0,NULL,NULL,NULL,NULL,0,1,NULL,'',0,NULL,0,0,0,1,1,0,0,NULL,NULL,NULL,NULL,NULL,1,NULL,0.000,NULL,0.000,NULL,0,NULL,NULL,NULL,NULL,NULL,'dolistore-1419328853.png',NULL,NULL,NULL,NULL,0,'',0),(99,'doli','',1,NULL,NULL,0,NULL,'2019-06-03 13:01:36','2019-06-03 15:01:36',1,'CU1906-0055',NULL,'411CU19060055',NULL,'',NULL,NULL,0,1,0,NULL,NULL,NULL,NULL,NULL,NULL,0,NULL,NULL,'','','','','','','',NULL,0,NULL,NULL,NULL,NULL,3,0,NULL,'',0,NULL,0,0,0,1,1,0,0,NULL,NULL,NULL,NULL,NULL,1,NULL,0.000,NULL,0.000,NULL,0,NULL,NULL,NULL,NULL,NULL,NULL,NULL,NULL,NULL,NULL,0,'',0),(100,'FIDAQUITAINE','',1,NULL,NULL,0,NULL,'2019-06-05 08:23:40','2019-06-05 10:23:40',1,NULL,'SU1906-0049',NULL,'401SU19060049','',NULL,NULL,0,1,0,NULL,NULL,NULL,NULL,NULL,NULL,0,NULL,NULL,'','','','','','','',NULL,0,NULL,NULL,NULL,NULL,0,1,NULL,'',0,NULL,0,0,0,5,5,0,0,NULL,NULL,NULL,NULL,NULL,1,NULL,0.000,NULL,0.000,NULL,0,NULL,NULL,NULL,NULL,NULL,NULL,NULL,NULL,NULL,NULL,0,'',0),(101,'CIC','',1,NULL,NULL,0,NULL,'2019-06-05 08:35:58','2019-06-05 10:35:58',1,NULL,'SU1906-0050',NULL,'401SU19060050','',NULL,NULL,0,1,0,NULL,NULL,NULL,NULL,NULL,NULL,0,NULL,NULL,'','','','','','','',NULL,0,NULL,NULL,NULL,NULL,0,1,NULL,'',0,NULL,0,0,0,5,5,0,0,NULL,NULL,NULL,NULL,NULL,1,NULL,0.000,NULL,0.000,NULL,0,NULL,NULL,NULL,NULL,NULL,NULL,NULL,NULL,NULL,NULL,0,'',0),(102,'SG Autorépondeur','',1,NULL,NULL,0,NULL,'2019-06-26 08:30:10','2019-06-05 11:58:42',1,NULL,'SU1906-0051',NULL,'401SU19060051','',NULL,NULL,0,1,0,NULL,NULL,NULL,NULL,NULL,NULL,0,NULL,NULL,'','','','','','','',NULL,0,NULL,NULL,NULL,NULL,0,1,NULL,'',0,NULL,0,0,0,5,5,0,0,NULL,NULL,NULL,NULL,NULL,1,NULL,0.000,NULL,0.000,NULL,0,NULL,NULL,NULL,NULL,NULL,NULL,NULL,NULL,NULL,NULL,0,'',0),(103,'QUAE EDITIONS','',1,NULL,NULL,0,NULL,'2019-06-05 10:12:06','2019-06-05 12:12:07',1,NULL,'SU1906-0052',NULL,'401SU19060052','',NULL,NULL,0,1,0,NULL,NULL,NULL,NULL,NULL,NULL,0,NULL,NULL,'','','','','','','',NULL,0,NULL,NULL,NULL,NULL,0,1,NULL,'',0,NULL,0,0,0,5,5,0,0,NULL,NULL,NULL,NULL,NULL,1,NULL,0.000,NULL,0.000,NULL,0,NULL,NULL,NULL,NULL,NULL,NULL,NULL,NULL,NULL,NULL,0,'',0),(104,'APPSHEET','',1,NULL,NULL,0,NULL,'2019-06-05 11:56:50','2019-06-05 13:56:50',1,NULL,'SU1906-0053',NULL,'401SU19060053','',NULL,NULL,0,1,0,NULL,NULL,NULL,NULL,NULL,NULL,0,NULL,NULL,'','','','','','','',NULL,0,NULL,NULL,NULL,NULL,0,1,NULL,'',0,NULL,0,0,0,5,5,0,0,NULL,NULL,NULL,NULL,NULL,1,NULL,0.000,NULL,0.000,NULL,0,NULL,NULL,NULL,NULL,NULL,NULL,NULL,NULL,NULL,NULL,0,'',0),(105,'CIC - PRET','',1,NULL,NULL,0,NULL,'2019-06-05 12:03:53','2019-06-05 14:03:53',1,NULL,'SU1906-0054',NULL,'401SU19060054','',NULL,NULL,0,1,0,NULL,NULL,NULL,NULL,NULL,NULL,0,NULL,NULL,'','','','','','','',NULL,0,NULL,NULL,NULL,NULL,0,1,NULL,'',0,NULL,0,0,0,5,5,0,0,NULL,NULL,NULL,NULL,NULL,1,NULL,0.000,NULL,0.000,NULL,0,NULL,NULL,NULL,NULL,NULL,NULL,NULL,NULL,NULL,NULL,0,'',0),(106,'ZAPIER Inc.','',1,NULL,NULL,0,NULL,'2019-06-05 12:17:08','2019-06-05 14:17:09',1,NULL,'SU1906-0055',NULL,'401SU19060055','',NULL,NULL,0,1,0,NULL,NULL,NULL,NULL,NULL,NULL,0,NULL,NULL,'','','','','','','',NULL,0,NULL,NULL,NULL,NULL,0,1,NULL,'',0,NULL,0,0,0,5,5,0,0,NULL,NULL,NULL,NULL,NULL,1,NULL,0.000,NULL,0.000,NULL,0,NULL,NULL,NULL,NULL,NULL,NULL,NULL,NULL,NULL,NULL,0,'',0),(107,'VILLA ZANDOU','',1,NULL,NULL,0,NULL,'2019-06-05 12:50:22','2019-06-05 14:50:23',1,NULL,'SU1906-0056',NULL,'401SU19060056','13, résidence Trioncelle','97122','BAIE MAHAULT',2,1,0,NULL,NULL,NULL,NULL,NULL,NULL,0,NULL,NULL,'','','','','','','',NULL,0,NULL,NULL,NULL,NULL,0,1,NULL,'',0,NULL,0,0,0,5,5,0,0,NULL,NULL,NULL,NULL,NULL,1,NULL,0.000,NULL,0.000,NULL,0,NULL,NULL,NULL,NULL,NULL,NULL,NULL,NULL,NULL,NULL,0,'',0),(108,'LEPORHO Justine','',1,NULL,NULL,0,NULL,'2019-06-05 13:34:27','2019-06-05 15:34:27',1,'CU1906-0056',NULL,'411CU19060056',NULL,'30 Rue Georges Jerome Duret','33310','LORMONT',40,1,0,NULL,NULL,NULL,NULL,NULL,NULL,0,NULL,NULL,'','','','','','','',NULL,0,NULL,NULL,NULL,NULL,3,0,NULL,'',0,NULL,0,0,0,5,5,0,0,NULL,NULL,NULL,NULL,NULL,1,NULL,0.000,NULL,0.000,NULL,0,NULL,NULL,NULL,NULL,NULL,NULL,NULL,NULL,NULL,NULL,0,'',0),(109,'Conseil Région Les Hauts de France','',1,NULL,NULL,0,NULL,'2019-06-05 13:42:25','2019-06-05 15:42:25',1,'CU1906-0057',NULL,'411CU19060057',NULL,'',NULL,NULL,0,1,0,NULL,NULL,NULL,NULL,NULL,NULL,0,NULL,NULL,'','','','','','','',NULL,0,NULL,NULL,NULL,NULL,3,0,NULL,'',0,NULL,0,0,0,5,5,0,0,NULL,NULL,NULL,NULL,NULL,1,NULL,0.000,NULL,0.000,NULL,0,NULL,NULL,NULL,NULL,NULL,NULL,NULL,NULL,NULL,NULL,0,'',0),(110,'BELIN Editions','HUMENSIS',1,NULL,NULL,0,NULL,'2019-06-05 15:34:23','2019-06-05 17:34:23',1,NULL,'SU1906-0057',NULL,'401SU19060057','',NULL,NULL,0,1,0,NULL,NULL,NULL,NULL,NULL,NULL,0,NULL,NULL,'','','','','','','',NULL,0,NULL,NULL,NULL,NULL,0,1,NULL,'',0,NULL,0,0,0,5,5,0,0,NULL,NULL,NULL,NULL,NULL,1,NULL,0.000,NULL,0.000,NULL,0,NULL,NULL,NULL,NULL,NULL,NULL,NULL,NULL,NULL,NULL,0,'',0),(111,'Unithèque','',1,NULL,NULL,0,NULL,'2019-06-06 08:46:32','2019-06-06 10:46:32',1,NULL,'SU1906-0058',NULL,'401SU19060058','',NULL,NULL,0,1,0,NULL,NULL,NULL,NULL,NULL,NULL,0,NULL,NULL,'','','','','','','',NULL,0,NULL,NULL,NULL,NULL,0,1,NULL,'',0,NULL,0,0,0,5,5,0,0,NULL,NULL,NULL,NULL,NULL,1,NULL,0.000,NULL,0.000,NULL,0,NULL,NULL,NULL,NULL,NULL,NULL,NULL,NULL,NULL,NULL,0,'',0),(112,'ANJOU CONNECTIQUE','',1,NULL,NULL,0,NULL,'2019-06-06 09:21:58','2019-06-06 11:21:58',1,NULL,'SU1906-0059',NULL,'401SU19060059','',NULL,NULL,0,1,0,'0243241480',NULL,'www.anjou-connectique.com','contact@anjou-connectique.com',NULL,NULL,0,NULL,NULL,'','','','','','','',NULL,0,NULL,NULL,NULL,NULL,0,1,NULL,'',0,NULL,0,0,0,5,5,0,0,NULL,NULL,NULL,NULL,NULL,1,NULL,0.000,NULL,0.000,NULL,0,NULL,NULL,NULL,NULL,NULL,NULL,NULL,NULL,NULL,NULL,0,'',0),(113,'MANOMANO','',1,NULL,NULL,0,NULL,'2019-06-06 09:29:18','2019-06-06 11:29:18',1,NULL,'SU1906-0060',NULL,'401SU19060060','',NULL,NULL,0,1,0,NULL,NULL,NULL,NULL,NULL,NULL,0,NULL,NULL,'','','','','','','',NULL,0,NULL,NULL,NULL,NULL,0,1,NULL,'',0,NULL,0,0,0,5,5,0,0,NULL,NULL,NULL,NULL,NULL,1,NULL,0.000,NULL,0.000,NULL,0,NULL,NULL,NULL,NULL,NULL,NULL,NULL,NULL,NULL,NULL,0,'',0),(114,'PROVENCE OUTILLAGE','',1,NULL,NULL,0,NULL,'2019-06-06 09:29:56','2019-06-06 11:29:56',1,NULL,'SU1906-0061',NULL,'401SU19060061','',NULL,NULL,0,1,0,NULL,NULL,NULL,NULL,NULL,NULL,0,NULL,NULL,'','','','','','','',NULL,0,NULL,NULL,NULL,NULL,0,1,NULL,'',0,NULL,0,0,0,5,5,0,0,NULL,NULL,NULL,NULL,NULL,1,NULL,0.000,NULL,0.000,NULL,0,NULL,NULL,NULL,NULL,NULL,NULL,NULL,NULL,NULL,NULL,0,'',0),(115,'INFOGREFFE','',1,NULL,NULL,0,NULL,'2019-06-06 09:41:13','2019-06-06 11:41:13',1,NULL,'SU1906-0062',NULL,'401SU19060062','',NULL,NULL,0,1,0,NULL,NULL,NULL,NULL,NULL,NULL,0,NULL,NULL,'','','','','','','',NULL,0,NULL,NULL,NULL,NULL,0,1,NULL,'',0,NULL,0,0,0,5,5,0,0,NULL,NULL,NULL,NULL,NULL,1,NULL,0.000,NULL,0.000,NULL,0,NULL,NULL,NULL,NULL,NULL,NULL,NULL,NULL,NULL,NULL,0,'',0),(116,'GREFFE DE BORDEAUX','',1,NULL,NULL,0,NULL,'2019-06-06 09:41:34','2019-06-06 11:41:34',1,NULL,'SU1906-0063',NULL,'401SU19060063','',NULL,NULL,0,1,0,NULL,NULL,NULL,NULL,NULL,NULL,0,NULL,NULL,'','','','','','','',NULL,0,NULL,NULL,NULL,NULL,0,1,NULL,'',0,NULL,0,0,0,5,5,0,0,NULL,NULL,NULL,NULL,NULL,1,NULL,0.000,NULL,0.000,NULL,0,NULL,NULL,NULL,NULL,NULL,NULL,NULL,NULL,NULL,NULL,0,'',0),(117,'ITAVI','',1,NULL,NULL,0,NULL,'2019-06-06 13:16:39','2019-06-06 15:16:39',1,NULL,'SU1906-0064',NULL,'401SU19060064','',NULL,NULL,0,1,0,NULL,NULL,NULL,NULL,NULL,NULL,0,NULL,NULL,'','','','','','','',NULL,0,NULL,NULL,NULL,NULL,0,1,NULL,'',0,NULL,0,0,0,5,5,0,0,NULL,NULL,NULL,NULL,NULL,1,NULL,0.000,NULL,0.000,NULL,0,NULL,NULL,NULL,NULL,NULL,NULL,NULL,NULL,NULL,NULL,0,'',0),(118,'SNCF','OUIGO',1,NULL,NULL,0,NULL,'2019-06-06 13:22:35','2019-06-06 15:22:36',1,NULL,'SU1906-0065',NULL,'401SU19060065','',NULL,NULL,0,1,0,NULL,NULL,NULL,NULL,NULL,NULL,0,NULL,NULL,'','','','','','','',NULL,0,NULL,NULL,NULL,NULL,0,1,NULL,'',0,NULL,0,0,0,5,5,0,0,NULL,NULL,NULL,NULL,NULL,1,NULL,0.000,NULL,0.000,NULL,0,NULL,NULL,NULL,NULL,NULL,NULL,NULL,NULL,NULL,NULL,0,'',0),(119,'VIVEA','',1,NULL,NULL,0,NULL,'2019-06-12 13:30:04','2019-06-06 17:03:25',1,'CU1906-0078','SU1906-0066','411CU19060078','401SU19060066','',NULL,NULL,0,1,0,NULL,NULL,NULL,NULL,NULL,NULL,0,NULL,NULL,'','','','','','','',NULL,0,NULL,NULL,NULL,NULL,1,1,NULL,'',0,NULL,0,0,0,5,5,0,0,NULL,NULL,NULL,NULL,NULL,1,NULL,0.000,NULL,0.000,NULL,0,NULL,NULL,NULL,NULL,NULL,NULL,NULL,NULL,NULL,NULL,0,'',0),(120,'FASTSPRING','',1,NULL,NULL,0,NULL,'2019-06-07 12:45:03','2019-06-07 14:45:05',1,NULL,'SU1906-0067',NULL,'401SU19060067','',NULL,NULL,0,1,0,NULL,NULL,NULL,NULL,NULL,NULL,0,NULL,NULL,'','','','','','','',NULL,0,NULL,NULL,NULL,NULL,0,1,NULL,'',0,NULL,0,0,0,5,5,0,0,NULL,NULL,NULL,NULL,NULL,1,NULL,0.000,NULL,0.000,NULL,0,NULL,NULL,NULL,NULL,NULL,NULL,NULL,NULL,NULL,NULL,0,'',0),(121,'DASHLANE','',1,NULL,NULL,0,NULL,'2019-06-07 12:49:31','2019-06-07 14:49:33',1,NULL,'SU1906-0068',NULL,'401SU19060068','',NULL,NULL,0,1,0,NULL,NULL,NULL,NULL,NULL,NULL,0,NULL,NULL,'','','','','','','',NULL,0,NULL,NULL,NULL,NULL,0,1,NULL,'',0,NULL,0,0,0,5,5,0,0,NULL,NULL,NULL,NULL,NULL,1,NULL,0.000,NULL,0.000,NULL,0,NULL,NULL,NULL,NULL,NULL,NULL,NULL,NULL,NULL,NULL,0,'',0),(122,'EVENTON','',1,NULL,NULL,0,NULL,'2019-06-07 13:37:02','2019-06-07 15:37:02',1,NULL,'SU1906-0069',NULL,'401SU19060069','',NULL,NULL,0,1,0,NULL,NULL,NULL,NULL,NULL,NULL,0,NULL,NULL,'','','','','','','',NULL,0,NULL,NULL,NULL,NULL,0,1,NULL,'',0,NULL,0,0,0,5,5,0,0,NULL,NULL,NULL,NULL,NULL,1,NULL,0.000,NULL,0.000,NULL,0,NULL,NULL,NULL,NULL,NULL,NULL,NULL,NULL,NULL,NULL,0,'',0),(123,'Booking.com','',1,NULL,NULL,0,NULL,'2019-06-07 13:47:09','2019-06-07 15:47:10',1,NULL,'SU1906-0070',NULL,'401SU19060070','',NULL,NULL,0,1,0,NULL,NULL,NULL,NULL,NULL,NULL,0,NULL,NULL,'','','','','','','',NULL,0,NULL,NULL,NULL,NULL,0,1,NULL,'',0,NULL,0,0,0,5,5,0,0,NULL,NULL,NULL,NULL,NULL,1,NULL,0.000,NULL,0.000,NULL,0,NULL,NULL,NULL,NULL,NULL,NULL,NULL,NULL,NULL,NULL,0,'',0),(124,'MEDIAPART','',1,NULL,NULL,0,NULL,'2019-06-07 14:35:12','2019-06-07 16:35:13',1,NULL,'SU1906-0071',NULL,'401SU19060071','',NULL,NULL,0,1,0,NULL,NULL,NULL,NULL,NULL,NULL,0,NULL,NULL,'','','','','','','',NULL,0,NULL,NULL,NULL,NULL,0,1,NULL,'',0,NULL,0,0,0,5,5,0,0,NULL,NULL,NULL,NULL,NULL,1,NULL,0.000,NULL,0.000,NULL,0,NULL,NULL,NULL,NULL,NULL,NULL,NULL,NULL,NULL,NULL,0,'',0),(125,'WIKICREA','',1,NULL,NULL,0,NULL,'2019-06-10 08:38:21','2019-06-10 10:38:22',1,NULL,'SU1906-0072',NULL,'401SU19060072','',NULL,NULL,0,1,0,NULL,NULL,NULL,NULL,NULL,NULL,0,NULL,NULL,'','','','','','','',NULL,0,NULL,NULL,NULL,NULL,0,1,NULL,'',0,NULL,0,0,0,5,5,0,0,NULL,NULL,NULL,NULL,NULL,1,NULL,0.000,NULL,0.000,NULL,0,NULL,NULL,NULL,NULL,NULL,NULL,NULL,NULL,NULL,NULL,0,'',0),(126,'AFAUP','',1,NULL,NULL,0,NULL,'2019-06-10 08:49:52','2019-06-10 10:49:53',1,NULL,'SU1906-0073',NULL,'401SU19060073','',NULL,NULL,0,1,0,NULL,NULL,NULL,NULL,NULL,NULL,0,NULL,NULL,'','','','','','','',NULL,0,NULL,NULL,NULL,NULL,0,1,NULL,'',0,NULL,0,0,0,5,5,0,0,NULL,NULL,NULL,NULL,NULL,1,NULL,0.000,NULL,0.000,NULL,0,NULL,NULL,NULL,NULL,NULL,NULL,NULL,NULL,NULL,NULL,0,'',0),(127,'LAMPESDIRECT.FR','',1,NULL,NULL,0,NULL,'2019-06-10 08:56:55','2019-06-10 10:56:56',1,NULL,'SU1906-0074',NULL,'401SU19060074','',NULL,NULL,0,1,0,NULL,NULL,NULL,NULL,NULL,NULL,0,NULL,NULL,'','','','','','','',NULL,0,NULL,NULL,NULL,NULL,0,1,NULL,'',0,NULL,0,0,0,5,5,0,0,NULL,NULL,NULL,NULL,NULL,1,NULL,0.000,NULL,0.000,NULL,0,NULL,NULL,NULL,NULL,NULL,NULL,NULL,NULL,NULL,NULL,0,'',0),(128,'EME Robin','',1,NULL,NULL,0,NULL,'2019-06-10 09:40:26','2019-06-10 11:40:27',1,'CU1906-0059',NULL,'411CU19060059',NULL,'',NULL,NULL,0,1,0,NULL,NULL,NULL,NULL,NULL,NULL,0,NULL,NULL,'','','','','','','',NULL,0,NULL,NULL,NULL,NULL,3,0,NULL,'',0,NULL,0,0,0,5,5,0,0,NULL,NULL,NULL,NULL,NULL,1,NULL,0.000,NULL,0.000,NULL,0,NULL,NULL,NULL,NULL,NULL,NULL,NULL,NULL,NULL,NULL,0,'',0),(129,'DELAGE Titouan','',1,NULL,NULL,0,NULL,'2019-06-10 09:46:22','2019-06-10 11:46:22',1,'CU1906-0060',NULL,'411CU19060060',NULL,'',NULL,NULL,0,1,0,NULL,NULL,NULL,NULL,NULL,NULL,0,NULL,NULL,'','','','','','','',NULL,0,NULL,NULL,NULL,NULL,3,0,NULL,'',0,NULL,0,0,0,5,5,0,0,NULL,NULL,NULL,NULL,NULL,1,NULL,0.000,NULL,0.000,NULL,0,NULL,NULL,NULL,NULL,NULL,NULL,NULL,NULL,NULL,NULL,0,'',0),(130,'CHANCEREL Romain','',1,NULL,NULL,0,NULL,'2019-06-10 09:47:37','2019-06-10 11:47:37',1,'CU1906-0061',NULL,'411CU19060061',NULL,'',NULL,NULL,0,1,0,NULL,NULL,NULL,NULL,NULL,NULL,0,NULL,NULL,'','','','','','','',NULL,0,NULL,NULL,NULL,NULL,3,0,NULL,'',0,NULL,0,0,0,5,5,0,0,NULL,NULL,NULL,NULL,NULL,1,NULL,0.000,NULL,0.000,NULL,0,NULL,NULL,NULL,NULL,NULL,NULL,NULL,NULL,NULL,NULL,0,'',0),(131,'BISE Thomas','',1,NULL,NULL,0,NULL,'2019-06-10 09:48:05','2019-06-10 11:48:06',1,'CU1906-0062',NULL,'411CU19060062',NULL,'',NULL,NULL,0,1,0,NULL,NULL,NULL,NULL,NULL,NULL,0,NULL,NULL,'','','','','','','',NULL,0,NULL,NULL,NULL,NULL,3,0,NULL,'',0,NULL,0,0,0,5,5,0,0,NULL,NULL,NULL,NULL,NULL,1,NULL,0.000,NULL,0.000,NULL,0,NULL,NULL,NULL,NULL,NULL,NULL,NULL,NULL,NULL,NULL,0,'',0),(132,'SENEGAS VINCENT','',1,NULL,NULL,0,NULL,'2019-06-10 10:14:23','2019-06-10 12:14:23',1,NULL,'SU1906-0075',NULL,'401SU19060075','',NULL,NULL,0,1,0,NULL,NULL,NULL,NULL,NULL,NULL,0,NULL,NULL,'','','','','','','',NULL,0,NULL,NULL,NULL,NULL,0,1,NULL,'',0,NULL,0,0,0,5,5,0,0,NULL,NULL,NULL,NULL,NULL,1,NULL,0.000,NULL,0.000,NULL,0,NULL,NULL,NULL,NULL,NULL,NULL,NULL,NULL,NULL,NULL,0,'',0),(133,'GOOGLE','',1,NULL,NULL,0,NULL,'2019-06-10 10:17:51','2019-06-10 12:17:51',1,NULL,'SU1906-0076',NULL,'401SU19060076','',NULL,NULL,0,1,0,NULL,NULL,NULL,NULL,NULL,NULL,0,NULL,NULL,'','','','','','','',NULL,0,NULL,NULL,NULL,NULL,0,1,NULL,'',0,NULL,0,0,0,5,5,0,0,NULL,NULL,NULL,NULL,NULL,1,NULL,0.000,NULL,0.000,NULL,0,NULL,NULL,NULL,NULL,NULL,NULL,NULL,NULL,NULL,NULL,0,'',0),(134,'BVM - HUISSIER','',1,NULL,NULL,0,NULL,'2019-06-10 12:41:31','2019-06-10 14:41:32',1,NULL,'SU1906-0077',NULL,'401SU19060077','',NULL,NULL,0,1,0,NULL,NULL,NULL,NULL,NULL,NULL,0,NULL,NULL,'','','','','','','',NULL,0,NULL,NULL,NULL,NULL,0,1,NULL,'',0,NULL,0,0,0,5,5,0,0,NULL,NULL,NULL,NULL,NULL,1,NULL,0.000,NULL,0.000,NULL,0,NULL,NULL,NULL,NULL,NULL,NULL,NULL,NULL,NULL,NULL,0,'',0),(135,'TRIMBLE','',1,NULL,NULL,0,NULL,'2019-06-10 13:41:06','2019-06-10 15:41:07',1,NULL,'SU1906-0078',NULL,'401SU19060078','',NULL,NULL,0,1,0,NULL,NULL,NULL,NULL,NULL,NULL,0,NULL,NULL,'','','','','','','',NULL,0,NULL,NULL,NULL,NULL,0,1,NULL,'',0,NULL,0,0,0,5,5,0,0,NULL,NULL,NULL,NULL,NULL,1,NULL,0.000,NULL,0.000,NULL,0,NULL,NULL,NULL,NULL,NULL,NULL,NULL,NULL,NULL,NULL,0,'',0),(136,'QUILICHINI Louis','',1,NULL,NULL,0,NULL,'2019-06-10 14:24:58','2019-06-10 16:24:58',1,'CU1906-0063',NULL,'411CU19060063',NULL,'',NULL,NULL,0,1,0,NULL,NULL,NULL,NULL,NULL,NULL,0,NULL,NULL,'','','','','','','',NULL,0,NULL,NULL,NULL,NULL,3,0,NULL,'',0,NULL,0,0,0,5,5,0,0,NULL,NULL,NULL,NULL,NULL,1,NULL,0.000,NULL,0.000,NULL,0,NULL,NULL,NULL,NULL,NULL,NULL,NULL,NULL,NULL,NULL,0,'',0),(137,'LACHAMBRE Christelle','',1,NULL,NULL,0,NULL,'2019-06-10 14:31:36','2019-06-10 16:31:36',1,'CU1906-0064',NULL,'411CU19060064',NULL,'',NULL,NULL,0,1,0,NULL,NULL,NULL,NULL,NULL,NULL,0,NULL,NULL,'','','','','','','',NULL,0,NULL,NULL,NULL,NULL,3,0,NULL,'',0,NULL,0,0,0,5,5,0,0,NULL,NULL,NULL,NULL,NULL,1,NULL,0.000,NULL,0.000,NULL,0,NULL,NULL,NULL,NULL,NULL,NULL,NULL,NULL,NULL,NULL,0,'',0),(139,'TRAVARD Monique','',1,NULL,NULL,0,NULL,'2019-06-10 15:25:32','2019-06-10 17:25:32',1,'CU1906-0065',NULL,'411CU19060065',NULL,'',NULL,NULL,0,1,0,NULL,NULL,NULL,NULL,NULL,NULL,0,NULL,NULL,'','','','','','','',NULL,0,NULL,NULL,NULL,NULL,3,0,NULL,'',0,NULL,0,0,0,5,5,0,0,NULL,NULL,NULL,NULL,NULL,1,NULL,0.000,NULL,0.000,NULL,0,NULL,NULL,NULL,NULL,NULL,NULL,NULL,NULL,NULL,NULL,0,'',0),(140,'FOUISNET Matthieu','',1,NULL,NULL,0,NULL,'2019-06-10 15:35:06','2019-06-10 17:35:06',1,'CU1906-0066',NULL,'411CU19060066',NULL,'',NULL,NULL,0,1,0,NULL,NULL,NULL,NULL,NULL,NULL,0,NULL,NULL,'','','','','','','',NULL,0,NULL,NULL,NULL,NULL,3,0,NULL,'',0,NULL,0,0,0,5,5,0,0,NULL,NULL,NULL,NULL,NULL,1,NULL,0.000,NULL,0.000,NULL,0,NULL,NULL,NULL,NULL,NULL,NULL,NULL,NULL,NULL,NULL,0,'',0),(141,'BORRELI Pierre-Yves','',1,NULL,NULL,0,NULL,'2019-06-10 15:38:14','2019-06-10 17:38:14',1,'CU1906-0067',NULL,'411CU19060067',NULL,'',NULL,NULL,0,1,0,NULL,NULL,NULL,NULL,NULL,NULL,0,NULL,NULL,'','','','','','','',NULL,0,NULL,NULL,NULL,NULL,3,0,NULL,'',0,NULL,0,0,0,5,5,0,0,NULL,NULL,NULL,NULL,NULL,1,NULL,0.000,NULL,0.000,NULL,0,NULL,NULL,NULL,NULL,NULL,NULL,NULL,NULL,NULL,NULL,0,'',0),(142,'MOULIN Laurent','',1,NULL,NULL,0,NULL,'2019-06-10 15:40:12','2019-06-10 17:40:12',1,'CU1906-0068',NULL,'411CU19060068',NULL,'',NULL,NULL,0,1,0,NULL,NULL,NULL,NULL,NULL,NULL,0,NULL,NULL,'','','','','','','',NULL,0,NULL,NULL,NULL,NULL,3,0,NULL,'',0,NULL,0,0,0,5,5,0,0,NULL,NULL,NULL,NULL,NULL,1,NULL,0.000,NULL,0.000,NULL,0,NULL,NULL,NULL,NULL,NULL,NULL,NULL,NULL,NULL,NULL,0,'',0),(143,'FABRE Mathias','',1,NULL,NULL,0,NULL,'2019-12-05 14:44:58','2019-06-10 17:42:55',1,'CU1906-0069',NULL,'411CU19060069',NULL,'Quartier La Tabiace','04190','Les Mées',0,1,0,'0750468615',NULL,NULL,'mathias_fabre@hotmail.fr',NULL,NULL,0,NULL,NULL,'','','','','','','',NULL,0,NULL,NULL,NULL,NULL,3,0,NULL,'',0,NULL,0,0,0,5,1,0,0,NULL,NULL,NULL,NULL,NULL,1,NULL,0.000,NULL,0.000,NULL,0,NULL,NULL,NULL,NULL,NULL,NULL,NULL,NULL,NULL,NULL,0,'',0),(144,'TUTO.COM','',1,NULL,NULL,0,NULL,'2019-06-11 07:12:13','2019-06-11 09:12:13',1,NULL,'SU1906-0079',NULL,'401SU19060079','',NULL,NULL,0,1,0,NULL,NULL,NULL,NULL,NULL,NULL,0,NULL,NULL,'','','','','','','',NULL,0,NULL,NULL,NULL,NULL,0,1,NULL,'',0,NULL,0,0,0,5,5,0,0,NULL,NULL,NULL,NULL,NULL,1,NULL,0.000,NULL,0.000,NULL,0,NULL,NULL,NULL,NULL,NULL,NULL,NULL,NULL,NULL,NULL,0,'',0),(145,'3SKENG ENGINEERING SOFTWARE SOLUTIONS','',1,NULL,NULL,0,NULL,'2019-06-11 09:21:52','2019-06-11 11:21:52',1,NULL,'SU1906-0080',NULL,'401SU19060080','',NULL,NULL,0,1,0,NULL,NULL,NULL,NULL,NULL,NULL,0,NULL,NULL,'','','','','','','',NULL,0,NULL,NULL,NULL,NULL,0,1,NULL,'',0,NULL,0,0,0,5,5,0,0,NULL,NULL,NULL,NULL,NULL,1,NULL,0.000,NULL,0.000,NULL,0,NULL,NULL,NULL,NULL,NULL,NULL,NULL,NULL,NULL,NULL,0,'',0),(146,'PRINTBOX','',1,NULL,NULL,0,NULL,'2019-06-11 14:14:18','2019-06-11 16:14:18',1,NULL,'SU1906-0081',NULL,'401SU19060081','',NULL,NULL,0,1,0,NULL,NULL,NULL,NULL,NULL,NULL,0,NULL,NULL,'','','','','','','',NULL,0,NULL,NULL,NULL,NULL,0,1,NULL,'',0,NULL,0,0,0,5,5,0,0,NULL,NULL,NULL,NULL,NULL,1,NULL,0.000,NULL,0.000,NULL,0,NULL,NULL,NULL,NULL,NULL,NULL,NULL,NULL,NULL,NULL,0,'',0),(147,'ABG','Association Bernard Grégory',1,NULL,NULL,0,NULL,'2019-06-11 15:01:35','2019-06-11 17:01:36',1,NULL,'SU1906-0082',NULL,'401SU19060082','',NULL,NULL,0,1,0,NULL,NULL,NULL,NULL,NULL,NULL,0,NULL,NULL,'','','','','','','',NULL,0,NULL,NULL,NULL,NULL,0,1,NULL,'',0,NULL,0,0,0,5,5,0,0,NULL,NULL,NULL,NULL,NULL,1,NULL,0.000,NULL,0.000,NULL,0,NULL,NULL,NULL,NULL,NULL,NULL,NULL,NULL,NULL,NULL,0,'',0),(148,'RAKUTEN','RAKUTEN PRICEMINISTER',1,NULL,NULL,0,NULL,'2019-06-11 15:05:25','2019-06-11 17:05:26',1,NULL,'SU1906-0083',NULL,'401SU19060083','',NULL,NULL,0,1,0,NULL,NULL,NULL,NULL,NULL,NULL,0,NULL,NULL,'','','','','','','',NULL,0,NULL,NULL,NULL,NULL,0,1,NULL,'',0,NULL,0,0,0,5,5,0,0,NULL,NULL,NULL,NULL,NULL,1,NULL,0.000,NULL,0.000,NULL,0,NULL,NULL,NULL,NULL,NULL,NULL,NULL,NULL,NULL,NULL,0,'',0),(149,'LE NOC Mailys','',1,NULL,NULL,0,NULL,'2019-06-11 15:59:17','2019-06-11 17:59:18',1,'CU1906-0070',NULL,'411CU19060070',NULL,'',NULL,NULL,0,1,0,NULL,NULL,NULL,NULL,NULL,NULL,0,NULL,NULL,'','','','','','','',NULL,0,NULL,NULL,NULL,NULL,3,0,NULL,'',0,NULL,0,0,0,5,5,0,0,NULL,NULL,NULL,NULL,NULL,1,NULL,0.000,NULL,0.000,NULL,0,NULL,NULL,NULL,NULL,NULL,NULL,NULL,NULL,NULL,NULL,0,'',0),(150,'KLEIN Laurent','',1,NULL,NULL,0,NULL,'2019-06-11 16:23:09','2019-06-11 18:23:10',1,'CU1906-0071',NULL,'411CU19060071',NULL,'',NULL,NULL,0,1,0,NULL,NULL,NULL,NULL,NULL,NULL,0,NULL,NULL,'','','','','','','',NULL,0,NULL,NULL,NULL,NULL,3,0,NULL,'',0,NULL,0,0,0,5,5,0,0,NULL,NULL,NULL,NULL,NULL,1,NULL,0.000,NULL,0.000,NULL,0,NULL,NULL,NULL,NULL,NULL,NULL,NULL,NULL,NULL,NULL,0,'',0),(151,'CADAUX Florian','',1,NULL,NULL,0,NULL,'2019-06-12 07:24:04','2019-06-12 09:24:05',1,'CU1906-0072',NULL,'411CU19060072',NULL,'',NULL,NULL,0,1,0,NULL,NULL,NULL,NULL,NULL,NULL,0,NULL,NULL,'','','','','','','',NULL,0,NULL,NULL,NULL,NULL,3,0,NULL,'',0,NULL,0,0,0,5,5,0,0,NULL,NULL,NULL,NULL,NULL,1,NULL,0.000,NULL,0.000,NULL,0,NULL,NULL,NULL,NULL,NULL,NULL,NULL,NULL,NULL,NULL,0,'',0),(152,'BERGERON Pascal','',1,NULL,NULL,0,NULL,'2019-06-12 07:24:23','2019-06-12 09:24:23',1,'CU1906-0073',NULL,'411CU19060073',NULL,'',NULL,NULL,0,1,0,NULL,NULL,NULL,NULL,NULL,NULL,0,NULL,NULL,'','','','','','','',NULL,0,NULL,NULL,NULL,NULL,3,0,NULL,'',0,NULL,0,0,0,5,5,0,0,NULL,NULL,NULL,NULL,NULL,1,NULL,0.000,NULL,0.000,NULL,0,NULL,NULL,NULL,NULL,NULL,NULL,NULL,NULL,NULL,NULL,0,'',0),(153,'GRIMAULT Jordan','',1,NULL,NULL,0,NULL,'2019-06-12 07:58:51','2019-06-12 09:58:51',1,'CU1906-0074',NULL,'411CU19060074',NULL,'',NULL,NULL,0,1,0,NULL,NULL,NULL,NULL,NULL,NULL,0,NULL,NULL,'','','','','','','',NULL,0,NULL,NULL,NULL,NULL,3,0,NULL,'',0,NULL,0,0,0,5,5,0,0,NULL,NULL,NULL,NULL,NULL,1,NULL,0.000,NULL,0.000,NULL,0,NULL,NULL,NULL,NULL,NULL,NULL,NULL,NULL,NULL,NULL,0,'',0),(154,'HERBERT Franck','',1,NULL,NULL,0,NULL,'2019-06-12 07:59:14','2019-06-12 09:59:14',1,'CU1906-0075',NULL,'411CU19060075',NULL,'',NULL,NULL,0,1,0,NULL,NULL,NULL,NULL,NULL,NULL,0,NULL,NULL,'','','','','','','',NULL,0,NULL,NULL,NULL,NULL,3,0,NULL,'',0,NULL,0,0,0,5,5,0,0,NULL,NULL,NULL,NULL,NULL,1,NULL,0.000,NULL,0.000,NULL,0,NULL,NULL,NULL,NULL,NULL,NULL,NULL,NULL,NULL,NULL,0,'',0),(155,'PETER Michel','',1,NULL,NULL,0,NULL,'2019-10-16 18:11:10','2019-06-12 11:09:06',1,'CU1906-0076',NULL,'411CU19060076',NULL,'255 rue saint maurice','01630','Challex',0,1,0,'0689067159',NULL,NULL,'contact@michel-peter.com',NULL,NULL,0,NULL,NULL,'','','','','','','',NULL,0,NULL,NULL,NULL,NULL,3,0,NULL,'',0,NULL,0,0,0,5,1,0,0,NULL,NULL,NULL,NULL,NULL,1,NULL,0.000,NULL,0.000,NULL,0,NULL,NULL,NULL,NULL,NULL,NULL,NULL,NULL,NULL,NULL,0,'',0),(156,'MOLINIER Jean-Philippe','',1,NULL,NULL,0,NULL,'2019-06-12 09:27:56','2019-06-12 11:27:56',1,'CU1906-0077',NULL,'411CU19060077',NULL,'',NULL,NULL,0,1,0,NULL,NULL,NULL,NULL,NULL,NULL,0,NULL,NULL,'','','','','','','',NULL,0,NULL,NULL,NULL,NULL,3,0,NULL,'',0,NULL,0,0,0,5,5,0,0,NULL,NULL,NULL,NULL,NULL,1,NULL,0.000,NULL,0.000,NULL,0,NULL,NULL,NULL,NULL,NULL,NULL,NULL,NULL,NULL,NULL,0,'',0),(157,'MANOMANO','',1,NULL,NULL,0,NULL,'2019-06-12 14:44:43','2019-06-12 16:44:43',1,NULL,'SU1906-0084',NULL,'401SU19060084','',NULL,NULL,0,1,0,NULL,NULL,NULL,NULL,NULL,NULL,0,NULL,NULL,'','','','','','','',NULL,0,NULL,NULL,NULL,NULL,0,1,NULL,'',0,NULL,0,0,0,5,5,0,0,NULL,NULL,NULL,NULL,NULL,1,NULL,0.000,NULL,0.000,NULL,0,NULL,NULL,NULL,NULL,NULL,NULL,NULL,NULL,NULL,NULL,0,'',0),(158,'GIGUERE Frederich','',1,NULL,NULL,0,NULL,'2019-06-14 09:56:50','2019-06-14 11:56:51',1,'CU1906-0079',NULL,'411CU19060079',NULL,'5 Rue Souart','H7J1C4','LAVAL QUEBEC',0,14,0,NULL,NULL,NULL,NULL,NULL,NULL,0,NULL,NULL,'','','','','','','',NULL,0,NULL,NULL,NULL,NULL,3,0,NULL,'',0,NULL,0,0,0,5,5,0,0,NULL,NULL,NULL,NULL,NULL,1,NULL,0.000,NULL,0.000,NULL,0,NULL,NULL,NULL,NULL,NULL,NULL,NULL,NULL,NULL,NULL,0,'',0),(159,'BlueLab','',1,NULL,NULL,0,NULL,'2019-06-21 07:07:34','2019-06-17 16:48:30',1,NULL,'SU1906-0085',NULL,'401SU19060085','NZy(ezfzye(hvzvzhh§bz','rtherterue§',NULL,0,166,0,NULL,NULL,'https://www.getbluelab.com/shop.html',NULL,NULL,NULL,3,NULL,NULL,'','','','','','','',NULL,0,NULL,NULL,NULL,NULL,0,1,NULL,'',0,NULL,0,0,0,1,1,0,0,NULL,NULL,NULL,NULL,NULL,1,NULL,0.000,NULL,0.000,NULL,0,NULL,NULL,NULL,NULL,NULL,'logo_171X98.png',NULL,NULL,NULL,NULL,0,'',0),(160,'SIST LIBOURNAIS','Service Interentreprises de Santé au Travail du Libournais',1,NULL,NULL,0,NULL,'2019-06-18 08:16:51','2019-06-18 10:16:52',1,NULL,'SU1906-0086',NULL,'401SU19060086','5 rue Firmin Didot\r\nZI des Dagueys','33500','LIBOURNE',40,1,0,'0557552800',NULL,'www.sistlib.org','contact@sistlib.org',NULL,NULL,0,NULL,NULL,'781930557','78193055700025','','','','','',NULL,0,NULL,NULL,NULL,NULL,0,1,NULL,'',0,NULL,0,0,0,5,5,0,0,NULL,NULL,NULL,NULL,NULL,1,NULL,0.000,NULL,0.000,NULL,0,NULL,NULL,NULL,NULL,NULL,NULL,NULL,NULL,NULL,NULL,0,'',0),(161,'DHL','',1,NULL,NULL,0,NULL,'2019-06-25 12:08:09','2019-06-25 14:08:09',1,NULL,'SU1906-0087',NULL,'401SU19060087','',NULL,NULL,0,1,0,NULL,NULL,NULL,NULL,NULL,NULL,0,NULL,NULL,'','','','','','','',NULL,0,NULL,NULL,NULL,NULL,0,1,NULL,'',0,NULL,0,0,0,5,5,0,0,NULL,NULL,NULL,NULL,NULL,1,NULL,0.000,NULL,0.000,NULL,0,NULL,NULL,NULL,NULL,NULL,NULL,NULL,NULL,NULL,NULL,0,'',0),(162,'DROPBOX','',1,NULL,NULL,0,NULL,'2019-07-02 09:48:52','2019-07-02 11:48:53',1,NULL,'SU1907-0088',NULL,'401SU19070088','',NULL,NULL,0,1,0,NULL,NULL,NULL,NULL,NULL,NULL,0,NULL,NULL,'','','','','','','',NULL,0,NULL,NULL,NULL,NULL,0,1,NULL,'',0,NULL,0,0,0,5,5,0,0,NULL,NULL,NULL,NULL,NULL,1,NULL,0.000,NULL,0.000,NULL,0,NULL,NULL,NULL,NULL,NULL,NULL,NULL,NULL,NULL,NULL,0,'',0),(163,'HOTEL','',1,NULL,NULL,0,NULL,'2019-07-04 12:16:58','2019-07-04 14:16:59',1,NULL,'SU1907-0089',NULL,'401SU19070089','',NULL,NULL,0,1,0,NULL,NULL,NULL,NULL,NULL,NULL,0,NULL,NULL,'','','','','','','',NULL,0,NULL,NULL,NULL,NULL,0,1,NULL,'',0,NULL,0,0,0,5,5,0,0,NULL,NULL,NULL,NULL,NULL,1,NULL,0.000,NULL,0.000,NULL,0,NULL,NULL,NULL,NULL,NULL,NULL,NULL,NULL,NULL,NULL,0,'',0),(164,'Benoît Guénolé - SAS Le Poisson Maraîcher','',1,NULL,NULL,0,NULL,'2019-07-24 12:39:41','2019-07-24 05:49:27',1,'CU1907-0080',NULL,'411CU19070080',NULL,'4 rue de la république','31120','Pinsaguel',0,1,0,NULL,NULL,NULL,'benoit_guenole@yahoo.fr',NULL,NULL,0,NULL,NULL,'','','','','','','',NULL,0,NULL,NULL,NULL,NULL,2,0,NULL,'',0,NULL,0,0,0,1,1,0,0,NULL,NULL,NULL,NULL,NULL,1,NULL,0.000,NULL,0.000,NULL,0,NULL,NULL,NULL,NULL,NULL,NULL,NULL,NULL,NULL,NULL,0,'',0),(165,'GUÉNOLÉ Benoit','Le Poisson Maraicher',1,NULL,NULL,0,NULL,'2019-07-24 13:17:57','2019-07-24 15:17:58',1,'CU1907-0081',NULL,'411CU19070081',NULL,'4 rue de la république','31120','PINSAGUEL',38,1,0,NULL,NULL,NULL,'benoit_guenole@yahoo.fr',NULL,NULL,0,NULL,NULL,'','','','','','','',NULL,0,NULL,NULL,NULL,NULL,1,0,NULL,'',0,NULL,0,0,0,5,5,0,0,NULL,NULL,NULL,NULL,NULL,1,NULL,0.000,NULL,0.000,NULL,0,NULL,NULL,NULL,NULL,NULL,NULL,NULL,NULL,NULL,NULL,0,'',0),(166,'AUDIAL','Expert Comptable',1,NULL,NULL,0,NULL,'2019-07-29 14:27:40','2019-07-29 16:25:33',1,NULL,'SU1907-0090',NULL,'401SU19070090','21 Avenue Arianne','33700','MERIGNAC',40,1,0,'0556346000',NULL,'www.audial.fr','mel@audial.fr',NULL,NULL,0,NULL,NULL,'458201738','','','','','','',300000.00000000,0,NULL,NULL,NULL,NULL,0,1,NULL,'',0,NULL,0,0,0,5,5,0,0,NULL,NULL,NULL,NULL,NULL,1,NULL,0.000,NULL,0.000,NULL,0,NULL,NULL,NULL,NULL,NULL,NULL,NULL,NULL,NULL,NULL,0,'',0),(167,'IKEA','',1,NULL,NULL,0,NULL,'2019-08-05 08:44:41','2019-08-05 10:44:41',1,NULL,'SU1908-0091',NULL,'401SU19080091','',NULL,NULL,0,1,0,NULL,NULL,NULL,NULL,NULL,NULL,0,NULL,NULL,'','','','','','','',NULL,0,NULL,NULL,NULL,NULL,0,1,NULL,'',0,NULL,0,0,0,5,5,0,0,NULL,NULL,NULL,NULL,NULL,1,NULL,0.000,NULL,0.000,NULL,0,NULL,NULL,NULL,NULL,NULL,NULL,NULL,NULL,NULL,NULL,0,'',0),(168,'LEGALSTART','',1,NULL,NULL,0,NULL,'2019-08-14 07:43:22','2019-08-14 09:43:22',1,NULL,'SU1908-0092',NULL,'401SU19080092','',NULL,NULL,0,1,0,NULL,NULL,NULL,NULL,NULL,NULL,0,NULL,NULL,'','','','','','','',NULL,0,NULL,NULL,NULL,NULL,0,1,NULL,'',0,NULL,0,0,0,5,5,0,0,NULL,NULL,NULL,NULL,NULL,1,NULL,0.000,NULL,0.000,NULL,0,NULL,NULL,NULL,NULL,NULL,NULL,NULL,NULL,NULL,NULL,0,'',0),(169,'LASSALLE Christèle','',1,NULL,NULL,0,NULL,'2019-08-16 08:37:14','2019-08-16 10:37:14',1,'CU1908-0082',NULL,'411CU19080082',NULL,'9 Rue Alexander Fleming','33260','LA TESTE DE BUCH',40,1,0,'0666076813',NULL,NULL,'christele.lassalle@laposte.net',NULL,NULL,0,NULL,NULL,'','','','','','','',NULL,0,NULL,NULL,NULL,NULL,3,0,NULL,'',0,NULL,0,0,0,5,5,0,0,NULL,NULL,NULL,NULL,NULL,1,NULL,0.000,NULL,0.000,NULL,0,NULL,NULL,NULL,NULL,NULL,NULL,NULL,NULL,NULL,NULL,0,'',0),(170,'ADAMOU AROUNA Omar','',1,NULL,NULL,0,NULL,'2019-10-29 19:32:04','2019-08-16 10:54:47',1,'CU1908-0083',NULL,'411CU19080083',NULL,'45 B Avenue Aristide Briand','68200','MULHOUSE',75,1,0,NULL,NULL,NULL,'salameyer@hotmail.fr',NULL,NULL,0,NULL,NULL,'','','','','','','',NULL,2,NULL,NULL,NULL,NULL,3,0,NULL,'',0,NULL,0,0,0,5,1,0,0,NULL,NULL,NULL,NULL,NULL,1,NULL,0.000,NULL,0.000,NULL,0,NULL,NULL,NULL,NULL,NULL,NULL,NULL,NULL,NULL,NULL,0,'',0),(171,'BAPTISTE Nicolas et Amélie','',1,NULL,NULL,0,NULL,'2019-08-16 08:59:37','2019-08-16 10:59:37',1,'CU1908-0084',NULL,'411CU19080084',NULL,'31 rue du petit caillou','45500','POILLY LES GIENS',52,1,0,'0658095780',NULL,NULL,'baptiste-nicolas@live.fr',NULL,NULL,0,NULL,NULL,'','','','','','','',NULL,0,NULL,NULL,NULL,NULL,3,0,NULL,'',0,NULL,0,0,0,5,5,0,0,NULL,NULL,NULL,NULL,NULL,1,NULL,0.000,NULL,0.000,NULL,0,NULL,NULL,NULL,NULL,NULL,NULL,NULL,NULL,NULL,NULL,0,'',0),(172,'FOURNEL Alexandre','',1,NULL,NULL,0,NULL,'2019-08-16 09:04:05','2019-08-16 11:04:05',1,'CU1908-0085',NULL,'411CU19080085',NULL,'42 avenue de la Moskowa','78600','MAISONS LAFFITTE',85,1,0,'0684228792',NULL,NULL,'alex_fournel@hotmail.com',NULL,NULL,0,NULL,NULL,'','','','','','','',NULL,0,NULL,NULL,NULL,NULL,3,0,NULL,'',0,NULL,0,0,0,5,5,0,0,NULL,NULL,NULL,NULL,NULL,1,NULL,0.000,NULL,0.000,NULL,0,NULL,NULL,NULL,NULL,NULL,NULL,NULL,NULL,NULL,NULL,0,'',0),(173,'BOUCHEZ Emeric','',1,NULL,NULL,0,NULL,'2019-08-16 09:07:35','2019-08-16 11:07:35',1,'CU1908-0086',NULL,'411CU19080086',NULL,'52 chemin de pré paccot','74140','VELGY FONCENEX',81,1,0,'0627477913',NULL,NULL,'emeric.bouchez@gmail.com',NULL,NULL,0,NULL,NULL,'','','','','','','',NULL,0,NULL,NULL,NULL,NULL,3,0,NULL,'',0,NULL,0,0,0,5,5,0,0,NULL,NULL,NULL,NULL,NULL,1,NULL,0.000,NULL,0.000,NULL,0,NULL,NULL,NULL,NULL,NULL,NULL,NULL,NULL,NULL,NULL,0,'',0),(174,'DUPUIS Destan','',1,NULL,NULL,0,NULL,'2019-08-16 09:10:29','2019-08-16 11:10:29',1,'CU1908-0087',NULL,'411CU19080087',NULL,'9, Avenue de Miremont','12160','GENEVE',0,6,0,'41793589238',NULL,NULL,'mr_destan@hotmail.com',NULL,NULL,0,NULL,NULL,'','','','','','','',NULL,0,NULL,NULL,NULL,NULL,3,0,NULL,'',0,NULL,0,0,0,5,5,0,0,NULL,NULL,NULL,NULL,NULL,1,NULL,0.000,NULL,0.000,NULL,0,NULL,NULL,NULL,NULL,NULL,NULL,NULL,NULL,NULL,NULL,0,'',0),(175,'BERROU Patrick','',1,NULL,NULL,0,NULL,'2019-08-26 09:20:13','2019-08-26 11:20:13',1,'CU1908-0088',NULL,'411CU19080088',NULL,'Le Moulinot','47430','SAINTE MARTHE',54,1,0,'0785668245',NULL,NULL,'patrick.berrou@yahoo.fr',NULL,NULL,0,NULL,NULL,'','','','','','','',NULL,0,NULL,NULL,NULL,NULL,3,0,NULL,'',0,NULL,0,0,0,5,5,0,0,NULL,NULL,NULL,NULL,NULL,1,NULL,0.000,NULL,0.000,NULL,0,NULL,NULL,NULL,NULL,NULL,NULL,NULL,NULL,NULL,NULL,0,'',0),(176,'BOUTIN Etienne','',1,NULL,NULL,0,NULL,'2019-08-26 09:24:34','2019-08-26 11:24:34',1,'CU1908-0089',NULL,'411CU19080089',NULL,'13 Rue Pairolière','06100','NICE',12,1,0,'0783647074',NULL,NULL,'esboutin@yahoo.fr',NULL,NULL,0,NULL,NULL,'','','','','','','',NULL,0,NULL,NULL,NULL,NULL,3,0,NULL,'',0,NULL,0,0,0,5,5,0,0,NULL,NULL,NULL,NULL,NULL,1,NULL,0.000,NULL,0.000,NULL,0,NULL,NULL,NULL,NULL,NULL,NULL,NULL,NULL,NULL,NULL,0,'',0),(177,'GRANDJACQUES Vincent','',1,NULL,NULL,0,NULL,'2019-08-26 09:28:02','2019-08-26 11:28:02',1,'CU1908-0090',NULL,'411CU19080090',NULL,'319 chemin des vignobles, Verthier','74210','DOUSSARD',81,1,0,'0626967697',NULL,NULL,'vg.verthier@gmail.com',NULL,NULL,0,NULL,NULL,'','','','','','','',NULL,0,NULL,NULL,NULL,NULL,3,0,NULL,'',0,NULL,0,0,0,5,5,0,0,NULL,NULL,NULL,NULL,NULL,1,NULL,0.000,NULL,0.000,NULL,0,NULL,NULL,NULL,NULL,NULL,NULL,NULL,NULL,NULL,NULL,0,'',0),(178,'KHASHOUKA Joseph','',1,NULL,NULL,0,NULL,'2019-08-26 09:30:25','2019-08-26 11:30:25',1,'CU1908-0091',NULL,'411CU19080091',NULL,'27 rue de Nozay','44810','LA CHEVALLERAIS',51,1,0,'0618484828',NULL,NULL,'joseph@phareweb.net',NULL,NULL,0,NULL,NULL,'','','','','','','',NULL,0,NULL,NULL,NULL,NULL,3,0,NULL,'',0,NULL,0,0,0,5,5,0,0,NULL,NULL,NULL,NULL,NULL,1,NULL,0.000,NULL,0.000,NULL,0,NULL,NULL,NULL,NULL,NULL,NULL,NULL,NULL,NULL,NULL,0,'',0),(179,'BARDON Benoit','',1,NULL,NULL,0,NULL,'2019-08-26 10:09:39','2019-08-26 12:09:39',1,'CU1908-0092',NULL,'411CU19080092',NULL,'La Bussiere','69870','CLAVEISOLLES',76,1,0,'0789867823',NULL,NULL,'jardinierbenoit@orange.fr',NULL,NULL,0,NULL,NULL,'','','','','','','',NULL,0,NULL,NULL,NULL,NULL,3,0,NULL,'',0,NULL,0,0,0,5,5,0,0,NULL,NULL,NULL,NULL,NULL,1,NULL,0.000,NULL,0.000,NULL,0,NULL,NULL,NULL,NULL,NULL,NULL,NULL,NULL,NULL,NULL,0,'',0),(180,'SCOTT Zoé','',1,NULL,NULL,0,NULL,'2019-08-26 10:13:40','2019-08-26 12:13:40',1,'CU1908-0093',NULL,'411CU19080093',NULL,'6 Chemin de la Boutonniere','50300','AVRANCHES',57,1,0,'0678181132',NULL,NULL,'zeestarbar@hotmail.com',NULL,NULL,0,NULL,NULL,'','','','','','','',NULL,0,NULL,NULL,NULL,NULL,3,0,NULL,'',0,NULL,0,0,0,5,5,0,0,NULL,NULL,NULL,NULL,NULL,1,NULL,0.000,NULL,0.000,NULL,0,NULL,NULL,NULL,NULL,NULL,NULL,NULL,NULL,NULL,NULL,0,'',0),(181,'VISTA PRINT','',1,NULL,NULL,0,NULL,'2019-08-27 07:27:00','2019-08-27 09:27:00',1,NULL,'SU1908-0093',NULL,'401SU19080093','',NULL,NULL,0,1,0,NULL,NULL,NULL,NULL,NULL,NULL,0,NULL,NULL,'','','','','','','',NULL,0,NULL,NULL,NULL,NULL,0,1,NULL,'',0,NULL,0,0,0,5,5,0,0,NULL,NULL,NULL,NULL,NULL,1,NULL,0.000,NULL,0.000,NULL,0,NULL,NULL,NULL,NULL,NULL,NULL,NULL,NULL,NULL,NULL,0,'',0),(182,'GALITZINE Dimitri','',1,NULL,NULL,0,NULL,'2019-08-29 09:24:22','2019-08-29 11:24:22',1,'CU1908-0094',NULL,'411CU19080094',NULL,'1, RUE ALBERT MAMY, 1','31500','TOULOUSE',38,1,0,'0610765433',NULL,NULL,'dimitri.galitzine@mediatools.fr',NULL,NULL,0,NULL,NULL,'','','','','','','',NULL,0,NULL,NULL,NULL,NULL,3,0,NULL,'',0,NULL,0,0,0,5,5,0,0,NULL,NULL,NULL,NULL,NULL,1,NULL,0.000,NULL,0.000,NULL,0,NULL,NULL,NULL,NULL,NULL,NULL,NULL,NULL,NULL,NULL,0,'',0),(183,'MAIROT Kévin','',1,NULL,NULL,0,NULL,'2019-08-29 09:41:34','2019-08-29 11:41:34',1,'CU1908-0095',NULL,'411CU19080095',NULL,'6 place du 8 Mai 1945','86110','CHOUPPES',93,1,0,NULL,NULL,NULL,'kevinmairot89@gmail.com',NULL,NULL,0,NULL,NULL,'','','','','','','',NULL,0,NULL,NULL,NULL,NULL,3,0,NULL,'',0,NULL,0,0,0,5,5,0,0,NULL,NULL,NULL,NULL,NULL,1,NULL,0.000,NULL,0.000,NULL,0,NULL,NULL,NULL,NULL,NULL,NULL,NULL,NULL,NULL,NULL,0,'',0),(184,'MOUNIAMA Anthony','',1,NULL,NULL,0,NULL,'2019-08-29 09:56:24','2019-08-29 11:56:24',1,'CU1908-0096',NULL,'411CU19080096',NULL,'35 Rue Pierre','33000','BORDEAUX',40,1,0,NULL,NULL,NULL,'anthonymouniama@yahoo.fr',NULL,NULL,0,NULL,NULL,'','','','','','','',NULL,0,NULL,NULL,NULL,NULL,3,0,NULL,'',0,NULL,0,0,0,5,5,0,0,NULL,NULL,NULL,NULL,NULL,1,NULL,0.000,NULL,0.000,NULL,0,NULL,NULL,NULL,NULL,NULL,NULL,NULL,NULL,NULL,NULL,0,'',0),(185,'MacWay','',1,NULL,NULL,0,NULL,'2019-09-06 08:37:45','2019-09-06 10:37:45',1,NULL,'SU1909-0094',NULL,'401SU19090094','',NULL,NULL,0,1,0,'+33(0)388182182',NULL,'www.macway.com',NULL,NULL,NULL,0,NULL,NULL,'','','','','','','',NULL,0,NULL,NULL,NULL,NULL,0,1,NULL,'',0,NULL,0,0,0,1,1,0,0,NULL,NULL,NULL,NULL,NULL,1,NULL,0.000,NULL,0.000,NULL,0,NULL,NULL,NULL,NULL,NULL,NULL,NULL,NULL,NULL,NULL,0,'',0),(186,'Bruneau','',1,NULL,NULL,0,NULL,'2019-09-06 13:15:49','2019-09-06 15:15:49',1,NULL,'SU1909-0095',NULL,'401SU19090095','',NULL,NULL,0,1,0,'0825060202',NULL,'bruneau.fr',NULL,NULL,NULL,0,NULL,NULL,'','','','','','','',NULL,0,NULL,NULL,NULL,NULL,0,1,NULL,'',0,NULL,0,0,0,1,1,0,0,NULL,NULL,NULL,NULL,NULL,1,NULL,0.000,NULL,0.000,NULL,0,NULL,NULL,NULL,NULL,NULL,NULL,NULL,NULL,NULL,NULL,0,'',0),(187,'Aurelie Blay','',1,NULL,NULL,0,NULL,'2019-09-12 06:51:14','2019-09-12 08:51:14',1,NULL,'SU1909-0096',NULL,'401SU19090096','11 rue du stade municipal','33310','LORMONT',40,1,0,'0613279285',NULL,NULL,'blayaurelie@gmail.com',NULL,NULL,4,NULL,NULL,'','','','','','','',NULL,0,NULL,NULL,NULL,NULL,0,1,NULL,'',0,NULL,0,0,0,1,1,0,0,NULL,NULL,NULL,NULL,NULL,0,NULL,0.000,NULL,0.000,NULL,0,NULL,NULL,NULL,NULL,NULL,NULL,NULL,NULL,NULL,NULL,0,'',0),(188,'Aurelie Varain NOVIA','',1,NULL,NULL,0,NULL,'2019-09-13 16:29:35','2019-09-12 08:58:05',1,'CU1909-0097',NULL,'411CU19090097',NULL,'6-8 rue Gustave Eiffel','91420','Morangis',0,1,0,'0164544398',NULL,NULL,'aurelie.varain@sbdinc.com',NULL,1,3,NULL,NULL,'','','','','','','',NULL,0,NULL,NULL,NULL,NULL,1,0,NULL,'',0,NULL,0,0,0,1,1,0,0,NULL,NULL,NULL,NULL,NULL,1,NULL,0.000,NULL,0.000,NULL,0,NULL,NULL,NULL,NULL,NULL,NULL,NULL,NULL,NULL,NULL,0,'',0),(189,'CASTORAMA','',1,NULL,NULL,0,NULL,'2019-09-17 09:46:24','2019-09-17 11:46:24',1,NULL,'SU1909-0097',NULL,'401SU19090097','',NULL,NULL,0,1,0,NULL,NULL,NULL,NULL,NULL,NULL,0,NULL,NULL,'','','','','','','',NULL,0,NULL,NULL,NULL,NULL,0,1,NULL,'',0,NULL,0,0,0,5,5,0,0,NULL,NULL,NULL,NULL,NULL,1,NULL,0.000,NULL,0.000,NULL,0,NULL,NULL,NULL,NULL,NULL,NULL,NULL,NULL,NULL,NULL,0,'',0),(190,'ARIZTIA Hélène','',1,NULL,NULL,0,NULL,'2019-12-18 14:39:03','2019-09-17 16:16:48',1,'CU1909-0098',NULL,'411CU19090098',NULL,'318 Grassac','33930','VENDAYS MONTALIVET',40,1,0,'0626075215',NULL,NULL,'helene.jounet@laposte.net',NULL,NULL,0,NULL,NULL,'','','','','','','',NULL,0,NULL,NULL,NULL,NULL,1,0,NULL,'',0,NULL,0,0,0,5,5,0,0,NULL,NULL,NULL,NULL,NULL,1,NULL,0.000,NULL,0.000,NULL,0,NULL,NULL,NULL,NULL,NULL,NULL,NULL,NULL,NULL,NULL,0,'',0),(191,'LE BREC','',1,NULL,NULL,0,NULL,'2019-09-18 14:07:34','2019-09-18 16:07:34',1,NULL,'SU1909-0098',NULL,'401SU19090098','','33670','CREON',40,1,0,NULL,NULL,NULL,NULL,NULL,NULL,0,NULL,NULL,'','','','','','','',NULL,0,NULL,NULL,NULL,NULL,0,1,NULL,'',0,NULL,0,0,0,5,5,0,0,NULL,NULL,NULL,NULL,NULL,1,NULL,0.000,NULL,0.000,NULL,0,NULL,NULL,NULL,NULL,NULL,NULL,NULL,NULL,NULL,NULL,0,'',0),(192,'WURTH','',1,NULL,NULL,0,NULL,'2019-09-23 14:48:08','2019-09-23 16:48:08',1,NULL,'SU1909-0099',NULL,'401SU19090099','',NULL,NULL,0,1,0,'0388648501(servicecl',NULL,'wurth.fr','catherien.halochet@wurth.fr',NULL,NULL,0,NULL,NULL,'','','','','','','',NULL,0,NULL,NULL,NULL,NULL,0,1,NULL,'',0,NULL,0,0,0,5,5,0,0,NULL,NULL,NULL,NULL,NULL,1,NULL,0.000,NULL,0.000,NULL,0,NULL,NULL,NULL,NULL,NULL,NULL,NULL,NULL,NULL,NULL,0,'',0),(193,'STRATO COMPO','',1,NULL,NULL,0,NULL,'2019-09-30 12:43:46','2019-09-30 14:43:46',1,NULL,'SU1909-0100',NULL,'401SU19090100','49, bis Chemin de Dépée','33590','GRAYAN et L\'HÔPITAL',40,1,0,'0556095857',NULL,'www.stratocompo.com','stratocompo@wanadoo.fr',NULL,NULL,0,NULL,NULL,'','','','','','','',NULL,0,NULL,NULL,NULL,NULL,0,1,NULL,'',0,NULL,0,0,0,5,5,0,0,NULL,NULL,NULL,NULL,NULL,1,NULL,0.000,NULL,0.000,NULL,0,NULL,NULL,NULL,NULL,NULL,NULL,NULL,NULL,NULL,NULL,0,'',0),(194,'KEEP SAFE','',1,NULL,NULL,0,NULL,'2019-09-30 13:27:31','2019-09-30 15:27:31',1,NULL,'SU1909-0101',NULL,'401SU19090101','16A Z.A Bel Air','33670','SADIRAC',40,1,0,'0557833823',NULL,NULL,'kscommercial33@gmail.com',NULL,NULL,0,NULL,NULL,'','','','','','','',NULL,0,NULL,NULL,NULL,NULL,0,1,NULL,'',0,NULL,0,0,0,5,5,0,0,NULL,NULL,NULL,NULL,NULL,1,NULL,0.000,NULL,0.000,NULL,0,NULL,NULL,NULL,NULL,NULL,NULL,NULL,NULL,NULL,NULL,0,'',0),(195,'GROLLIER Baptiste','',1,NULL,NULL,0,NULL,'2019-10-01 11:59:15','2019-10-01 13:59:15',1,'CU1910-0099',NULL,'411CU19100099',NULL,'27 rue des bergeronnettes','61250','DAMIGNY',68,1,0,'0613686507',NULL,NULL,'grollierbaptiste@hotmail.fr',NULL,NULL,0,NULL,NULL,'','','','','','','',NULL,0,NULL,NULL,NULL,NULL,3,0,NULL,'',0,NULL,0,0,0,5,5,0,0,NULL,NULL,NULL,NULL,NULL,1,NULL,0.000,NULL,0.000,NULL,0,NULL,NULL,NULL,NULL,NULL,NULL,NULL,NULL,NULL,NULL,0,'',0),(196,'Airbnb','',1,NULL,NULL,0,NULL,'2019-10-04 07:31:15','2019-10-04 09:31:15',1,NULL,'SU1910-0102',NULL,'401SU19100102','',NULL,NULL,0,1,0,NULL,NULL,NULL,NULL,NULL,NULL,0,NULL,NULL,'','','','','','','',NULL,0,NULL,NULL,NULL,NULL,0,1,NULL,'',0,NULL,0,0,0,5,5,0,0,NULL,NULL,NULL,NULL,NULL,1,NULL,0.000,NULL,0.000,NULL,0,NULL,NULL,NULL,NULL,NULL,NULL,NULL,NULL,NULL,NULL,0,'',0),(197,'ACTIS FURIO','',1,NULL,NULL,0,NULL,'2019-10-07 09:59:41','2019-10-07 11:59:41',1,NULL,'SU1910-0103',NULL,'401SU19100103','Via Galileo Galilei, 38','20010','CORNAREDO',0,3,0,'+390293562195/6',NULL,NULL,'linda.piva@actisfurio.com',NULL,NULL,0,305,NULL,'','','','','','','IT02659340158',NULL,0,NULL,NULL,NULL,NULL,0,1,NULL,'',0,NULL,0,0,0,5,5,0,0,NULL,NULL,NULL,NULL,NULL,1,NULL,0.000,NULL,0.000,NULL,0,NULL,NULL,NULL,NULL,NULL,NULL,NULL,NULL,NULL,NULL,0,'',0),(198,'PROLIANS','',1,NULL,NULL,0,NULL,'2019-10-09 14:04:51','2019-10-09 16:04:51',1,NULL,'SU1910-0104',NULL,'401SU19100104','',NULL,NULL,0,1,0,NULL,NULL,NULL,NULL,NULL,NULL,0,NULL,NULL,'','','','','','','',NULL,0,NULL,NULL,NULL,NULL,0,1,NULL,'',0,NULL,0,0,0,5,5,0,0,NULL,NULL,NULL,NULL,NULL,1,NULL,0.000,NULL,0.000,NULL,0,NULL,NULL,NULL,NULL,NULL,NULL,NULL,NULL,NULL,NULL,0,'',0),(199,'BIBUS','',1,NULL,NULL,0,NULL,'2019-10-14 13:34:59','2019-10-14 15:34:59',1,NULL,'SU1910-0105',NULL,'401SU19100105','ZI du Chapotin\r\n233 Rue des Frères Voisin','69970','CHAPONNAY',76,1,0,'0478968000',NULL,NULL,'contact@bibusfrance.fr',NULL,NULL,0,57,NULL,'','64201717200064','4669B','642017172 Lyon','','','fr31642017172',NULL,0,NULL,NULL,NULL,NULL,0,1,NULL,'',0,NULL,0,0,0,5,5,0,0,NULL,NULL,NULL,NULL,NULL,1,NULL,0.000,NULL,0.000,NULL,0,NULL,NULL,NULL,NULL,NULL,NULL,NULL,NULL,NULL,NULL,0,'',0),(200,'Mathieu Lhuillier','',1,NULL,NULL,0,NULL,'2019-10-18 09:19:47','2019-10-18 11:19:47',1,'CU1910-0100',NULL,'411CU19100100',NULL,'23 rue du moulin','91650','Breux-Jouy',0,1,0,'0699150750',NULL,NULL,'lhuillier.mathieu@gmail.com',NULL,NULL,0,NULL,NULL,'','','','','','','',NULL,0,NULL,NULL,NULL,NULL,3,0,NULL,'',0,NULL,0,0,0,1,1,0,0,NULL,NULL,NULL,NULL,NULL,1,NULL,0.000,NULL,0.000,NULL,0,NULL,NULL,NULL,NULL,NULL,NULL,NULL,NULL,NULL,NULL,0,'',0),(201,'TRIVALIS','',1,NULL,NULL,0,NULL,'2019-10-24 14:53:02','2019-10-24 16:53:02',1,'CU1910-0101',NULL,'411CU19100101',NULL,'31 rue de l\'Atlantique\r\nCS 30605','85015','La Roche-sur-Yon',0,1,0,NULL,NULL,NULL,NULL,NULL,NULL,0,NULL,NULL,'','','','','','','',NULL,0,NULL,NULL,NULL,NULL,2,0,NULL,'',0,NULL,0,0,0,1,1,0,0,NULL,NULL,NULL,NULL,NULL,1,NULL,0.000,NULL,0.000,NULL,0,NULL,NULL,NULL,NULL,NULL,NULL,NULL,NULL,NULL,NULL,0,'',0),(202,'Machin Test','',1,NULL,NULL,0,NULL,'2019-10-29 19:30:14','2019-10-29 20:29:38',1,'CU1910-0102',NULL,'411CU19100102',NULL,'',NULL,NULL,0,1,0,NULL,NULL,NULL,NULL,NULL,NULL,0,NULL,NULL,'','','','','','','',NULL,0,NULL,NULL,NULL,NULL,2,0,NULL,'PL_MEDIUM',0,NULL,0,0,0,1,1,0,0,NULL,NULL,NULL,NULL,NULL,1,NULL,0.000,NULL,0.000,NULL,0,NULL,NULL,NULL,NULL,NULL,NULL,NULL,NULL,NULL,NULL,0,'',0),(203,'Bidule','',1,NULL,NULL,0,NULL,'2019-10-29 19:30:59','2019-10-29 20:30:32',1,'CU1910-0103',NULL,'411CU19100103',NULL,'',NULL,NULL,0,1,0,NULL,NULL,NULL,NULL,NULL,NULL,0,NULL,NULL,'','','','','','','',NULL,0,NULL,NULL,NULL,NULL,2,0,NULL,'PL_LOW',0,NULL,0,0,0,1,1,0,0,NULL,NULL,NULL,NULL,NULL,1,NULL,0.000,NULL,0.000,NULL,0,NULL,NULL,NULL,NULL,NULL,NULL,NULL,NULL,NULL,NULL,0,'',0),(204,'TRIMBLE Europe','',1,NULL,NULL,0,NULL,'2019-11-06 16:05:11','2019-11-06 17:00:09',1,NULL,'SU1911-0106',NULL,'401SU19110106','',NULL,NULL,0,1,0,NULL,NULL,NULL,NULL,NULL,NULL,0,NULL,NULL,'','','','','','','',NULL,0,NULL,NULL,NULL,NULL,0,1,NULL,'',0,NULL,0,0,0,5,5,0,0,NULL,NULL,NULL,NULL,NULL,1,NULL,0.000,NULL,0.000,NULL,0,NULL,NULL,NULL,NULL,NULL,NULL,NULL,NULL,NULL,NULL,0,'',0),(205,'KEEP SAFE','',1,NULL,NULL,0,NULL,'2019-11-08 10:11:35','2019-11-08 11:11:35',1,NULL,'SU1911-0107',NULL,'401SU19110107','16 A ZA BEL AIR','33670','SADIRAC',40,1,0,'0557833823',NULL,NULL,'kscommercial33@gmail.com',NULL,NULL,0,NULL,NULL,'','50817552800043','4771Z','','','','FR03508175528',30000.00000000,0,NULL,NULL,NULL,NULL,0,1,NULL,'',0,NULL,0,0,0,5,5,0,0,NULL,NULL,NULL,NULL,NULL,1,NULL,0.000,NULL,0.000,NULL,0,NULL,NULL,NULL,NULL,NULL,NULL,NULL,NULL,NULL,NULL,0,'',0),(206,'DELTA PETROLEUM FWI','',1,NULL,NULL,0,NULL,'2019-11-26 09:04:04','2019-11-26 10:04:04',1,'CU1911-0104',NULL,'411CU19110104',NULL,'34 Rue du Port Galisbay','Saint Martin','97150',0,1,0,'0690426733',NULL,NULL,'yannlenny@outlook.com',NULL,NULL,0,NULL,NULL,'','51497643000025','','','','','',NULL,0,NULL,NULL,NULL,NULL,3,0,NULL,'',0,NULL,0,0,0,5,5,0,0,NULL,NULL,NULL,NULL,NULL,1,NULL,0.000,NULL,0.000,NULL,0,NULL,NULL,NULL,NULL,NULL,NULL,NULL,NULL,NULL,NULL,0,'',0),(207,'Commune de Le Revest-les-Eaux','',1,NULL,NULL,0,NULL,'2019-12-02 17:54:02','2019-12-02 18:54:02',1,'CU1912-0105',NULL,'411CU19120105',NULL,'place Jean Moulin','83200','Le Revest-les-Eaux',0,1,0,NULL,NULL,NULL,NULL,NULL,NULL,0,NULL,NULL,'','','','','','','',NULL,0,NULL,NULL,NULL,NULL,3,0,NULL,'',0,NULL,0,0,0,1,1,0,0,NULL,NULL,NULL,NULL,NULL,1,NULL,0.000,NULL,0.000,NULL,0,NULL,NULL,NULL,NULL,NULL,NULL,NULL,NULL,NULL,NULL,0,'',0),(208,'Thierry Fahmy - Xlstat','',1,NULL,NULL,0,NULL,'2019-12-13 14:32:10','2019-12-03 12:04:13',1,'CU1912-0106',NULL,'411CU19120106',NULL,'35, rue Thiac','33000','BORDEAUX',40,1,0,'0614710484',NULL,NULL,'fahmy@xlstat.com',NULL,NULL,0,NULL,NULL,'','','','','','','',NULL,0,NULL,NULL,NULL,NULL,1,0,NULL,'',0,NULL,0,0,0,1,1,0,0,NULL,NULL,NULL,NULL,NULL,1,NULL,0.000,NULL,0.000,NULL,0,NULL,NULL,NULL,NULL,NULL,NULL,NULL,NULL,NULL,NULL,0,'',0),(209,'DB SCHENKER','',1,NULL,NULL,0,NULL,'2019-12-03 13:42:18','2019-12-03 14:40:57',1,NULL,'SU1912-0108',NULL,'401SU19120108','Schenker France\r\nAgence de Bordeaux\r\nZA La Gardette\r\nRue du Courant','33310','LORMONT',40,1,0,'0557775103',NULL,'www.dbschenker.com/fr',NULL,NULL,NULL,0,NULL,NULL,'','','','','','','',NULL,0,NULL,NULL,NULL,NULL,0,1,NULL,'',0,NULL,0,0,0,5,5,0,0,NULL,NULL,NULL,NULL,NULL,1,NULL,0.000,NULL,0.000,NULL,0,NULL,NULL,NULL,NULL,NULL,NULL,NULL,NULL,NULL,NULL,0,'',0),(210,'Mathieu Baron','',1,NULL,NULL,0,NULL,'2019-12-04 13:58:14','2019-12-04 14:58:14',1,'CU1912-0107',NULL,'411CU19120107',NULL,'','33133','GALGON',0,1,0,'0672203556',NULL,NULL,'mathieu.baron@notaires.fr',NULL,NULL,0,NULL,NULL,'','','','','','','',NULL,0,NULL,NULL,NULL,NULL,3,0,NULL,'',0,NULL,0,0,0,1,1,0,0,NULL,NULL,NULL,NULL,NULL,1,NULL,0.000,NULL,0.000,NULL,0,NULL,NULL,NULL,NULL,NULL,NULL,NULL,NULL,NULL,NULL,0,'',0),(211,'Hamza Benmoussa','',1,NULL,NULL,0,NULL,'2019-12-05 16:48:27','2019-12-05 17:24:07',1,'CU1912-0108',NULL,'411CU19120108',NULL,'',NULL,'Rabat',0,12,0,'+85296604711',NULL,NULL,'HBenmoussa@mail.com',NULL,NULL,0,NULL,NULL,'','','','','','','',NULL,0,NULL,NULL,NULL,NULL,3,0,NULL,'',0,NULL,0,0,0,1,1,0,0,NULL,NULL,NULL,NULL,NULL,1,NULL,0.000,NULL,0.000,NULL,0,NULL,NULL,NULL,NULL,NULL,NULL,NULL,NULL,NULL,NULL,0,'',0),(212,'Eric Bélistan','',1,NULL,NULL,0,NULL,'2019-12-10 15:59:41','2019-12-10 16:59:41',1,'CU1912-0109',NULL,'411CU19120109',NULL,'',NULL,'Nice',0,1,0,NULL,NULL,'0614499546','ericbelistan@gmail.com',NULL,NULL,0,NULL,NULL,'','','','','','','',NULL,0,NULL,NULL,NULL,NULL,3,0,NULL,'',0,NULL,0,0,0,1,1,0,0,NULL,NULL,NULL,NULL,NULL,1,NULL,0.000,NULL,0.000,NULL,0,NULL,NULL,NULL,NULL,NULL,NULL,NULL,NULL,NULL,NULL,0,'',0),(213,'Emeline Verdier','',1,NULL,NULL,0,NULL,'2019-12-11 05:08:43','2019-12-11 06:08:43',1,'CU1912-0110',NULL,'411CU19120110',NULL,'',NULL,NULL,0,1,0,NULL,NULL,NULL,'emeline.verdier@hotmail.fr',NULL,NULL,0,NULL,NULL,'','','','','','','',NULL,0,NULL,NULL,NULL,NULL,3,0,NULL,'',0,NULL,0,0,0,1,1,0,0,NULL,NULL,NULL,NULL,NULL,1,NULL,0.000,NULL,0.000,NULL,0,NULL,NULL,NULL,NULL,NULL,NULL,NULL,NULL,NULL,NULL,0,'',0),(214,'Anthony Paal','',1,NULL,NULL,0,NULL,'2019-12-16 16:17:07','2019-12-16 17:17:07',1,'CU1912-0111',NULL,'411CU19120111',NULL,'','56950','Crac\'h',0,1,0,'0683174115',NULL,NULL,'anthony.paal@gmail.com',NULL,NULL,0,NULL,NULL,'','','','','','','',NULL,0,NULL,NULL,NULL,NULL,3,0,NULL,'',0,NULL,0,0,0,1,1,0,0,NULL,NULL,NULL,NULL,NULL,1,NULL,0.000,NULL,0.000,NULL,0,NULL,NULL,NULL,NULL,NULL,NULL,NULL,NULL,NULL,NULL,0,'',0),(215,'Cueillette urbaine','',1,NULL,NULL,0,NULL,'2019-12-18 00:35:22','2019-12-18 01:35:22',1,'CU1912-0112',NULL,'411CU19120112',NULL,'',NULL,NULL,0,1,0,NULL,NULL,NULL,NULL,NULL,NULL,0,NULL,NULL,'','','','','','','',NULL,0,NULL,NULL,NULL,NULL,3,0,NULL,'',0,NULL,0,0,0,1,1,0,0,NULL,NULL,NULL,NULL,NULL,1,NULL,0.000,NULL,0.000,NULL,0,NULL,NULL,NULL,NULL,NULL,NULL,NULL,NULL,NULL,NULL,0,'',0);

--
-- Table structure for table `llx_societe_account`
--

CREATE TABLE `llx_societe_account` (
  `rowid` int(11) NOT NULL AUTO_INCREMENT,
  `entity` int(11) DEFAULT '1',
  `key_account` varchar(128) DEFAULT NULL,
  `login` varchar(128) NOT NULL,
  `pass_encoding` varchar(24) DEFAULT NULL,
  `pass_crypted` varchar(128) DEFAULT NULL,
  `pass_temp` varchar(128) DEFAULT NULL,
  `fk_soc` int(11) DEFAULT NULL,
  `site` varchar(128) DEFAULT NULL,
  `fk_website` int(11) DEFAULT NULL,
  `note_private` text,
  `date_last_login` datetime DEFAULT NULL,
  `date_previous_login` datetime DEFAULT NULL,
  `date_creation` datetime NOT NULL,
  `tms` timestamp NOT NULL DEFAULT CURRENT_TIMESTAMP ON UPDATE CURRENT_TIMESTAMP,
  `fk_user_creat` int(11) NOT NULL,
  `fk_user_modif` int(11) DEFAULT NULL,
  `import_key` varchar(14) DEFAULT NULL,
  `status` int(11) DEFAULT NULL,
  PRIMARY KEY (`rowid`),
  UNIQUE KEY `uk_societe_account_login_website_soc` (`entity`,`fk_soc`,`login`,`site`,`fk_website`),
  UNIQUE KEY `uk_societe_account_key_account_soc` (`entity`,`fk_soc`,`key_account`,`site`,`fk_website`),
  KEY `idx_societe_account_rowid` (`rowid`),
  KEY `idx_societe_account_login` (`login`),
  KEY `idx_societe_account_status` (`status`),
  KEY `idx_societe_account_fk_website` (`fk_website`),
  KEY `idx_societe_account_fk_soc` (`fk_soc`),
  CONSTRAINT `llx_societe_account_fk_societe` FOREIGN KEY (`fk_soc`) REFERENCES `llx_societe` (`rowid`),
  CONSTRAINT `llx_societe_account_fk_website` FOREIGN KEY (`fk_website`) REFERENCES `llx_website` (`rowid`)
) ENGINE=InnoDB AUTO_INCREMENT=2 DEFAULT CHARSET=utf8;

--
-- Dumping data for table `llx_societe_account`
--

INSERT INTO `llx_societe_account` (`rowid`, `entity`, `key_account`, `login`, `pass_encoding`, `pass_crypted`, `pass_temp`, `fk_soc`, `site`, `fk_website`, `note_private`, `date_last_login`, `date_previous_login`, `date_creation`, `tms`, `fk_user_creat`, `fk_user_modif`, `import_key`, `status`) VALUES (1,1,'cus_FGo6iuxebL4zky','',NULL,NULL,NULL,22,'stripe',NULL,NULL,NULL,NULL,'2019-06-17 10:46:44','2019-06-17 08:46:44',0,NULL,NULL,1);

--
-- Table structure for table `llx_societe_address`
--

CREATE TABLE `llx_societe_address` (
  `rowid` int(11) NOT NULL AUTO_INCREMENT,
  `datec` datetime DEFAULT NULL,
  `tms` timestamp NOT NULL DEFAULT CURRENT_TIMESTAMP ON UPDATE CURRENT_TIMESTAMP,
  `label` varchar(30) DEFAULT NULL,
  `fk_soc` int(11) DEFAULT '0',
  `name` varchar(60) DEFAULT NULL,
  `address` varchar(255) DEFAULT NULL,
  `zip` varchar(10) DEFAULT NULL,
  `town` varchar(50) DEFAULT NULL,
  `fk_pays` int(11) DEFAULT '0',
  `phone` varchar(20) DEFAULT NULL,
  `fax` varchar(20) DEFAULT NULL,
  `note` text,
  `fk_user_creat` int(11) DEFAULT NULL,
  `fk_user_modif` int(11) DEFAULT NULL,
  `email` varchar(128) DEFAULT NULL,
  `url` varchar(255) DEFAULT NULL,
  PRIMARY KEY (`rowid`)
) ENGINE=InnoDB DEFAULT CHARSET=utf8;

--
-- Dumping data for table `llx_societe_address`
--


--
-- Table structure for table `llx_societe_commerciaux`
--

CREATE TABLE `llx_societe_commerciaux` (
  `rowid` int(11) NOT NULL AUTO_INCREMENT,
  `fk_soc` int(11) DEFAULT NULL,
  `fk_user` int(11) DEFAULT NULL,
  `import_key` varchar(14) DEFAULT NULL,
  PRIMARY KEY (`rowid`),
  UNIQUE KEY `uk_societe_commerciaux` (`fk_soc`,`fk_user`)
) ENGINE=InnoDB AUTO_INCREMENT=41 DEFAULT CHARSET=utf8;

--
-- Dumping data for table `llx_societe_commerciaux`
--

INSERT INTO `llx_societe_commerciaux` (`rowid`, `fk_soc`, `fk_user`, `import_key`) VALUES (1,1,1,NULL),(2,2,1,NULL),(3,3,1,NULL),(4,4,1,NULL),(5,5,1,NULL),(6,6,1,NULL),(7,7,1,NULL),(9,9,1,NULL),(10,10,1,NULL),(11,11,1,NULL),(12,12,1,NULL),(13,13,1,NULL),(14,14,1,NULL),(16,16,1,NULL),(17,17,1,NULL),(18,18,1,NULL),(19,19,1,NULL),(20,20,1,NULL),(21,21,1,NULL),(22,22,1,NULL),(23,23,1,NULL),(24,24,1,NULL),(25,25,1,NULL),(27,27,1,NULL),(28,28,1,NULL),(29,29,1,NULL),(30,30,1,NULL),(32,32,1,NULL),(33,33,1,NULL),(34,34,1,NULL),(35,35,1,NULL),(36,36,1,NULL),(37,37,1,NULL),(38,38,1,NULL),(39,39,1,NULL),(40,40,1,NULL);

--
-- Table structure for table `llx_societe_extrafields`
--

CREATE TABLE `llx_societe_extrafields` (
  `rowid` int(11) NOT NULL AUTO_INCREMENT,
  `tms` timestamp NOT NULL DEFAULT CURRENT_TIMESTAMP ON UPDATE CURRENT_TIMESTAMP,
  `fk_object` int(11) NOT NULL,
  `import_key` varchar(14) DEFAULT NULL,
  PRIMARY KEY (`rowid`),
  UNIQUE KEY `uk_societe_extrafields` (`fk_object`)
) ENGINE=InnoDB DEFAULT CHARSET=utf8;

--
-- Dumping data for table `llx_societe_extrafields`
--


--
-- Table structure for table `llx_societe_log`
--

CREATE TABLE `llx_societe_log` (
  `id` int(11) NOT NULL AUTO_INCREMENT,
  `datel` datetime DEFAULT NULL,
  `fk_soc` int(11) DEFAULT NULL,
  `fk_statut` int(11) DEFAULT NULL,
  `fk_user` int(11) DEFAULT NULL,
  `author` varchar(30) DEFAULT NULL,
  `label` varchar(128) DEFAULT NULL,
  PRIMARY KEY (`id`)
) ENGINE=InnoDB DEFAULT CHARSET=utf8;

--
-- Dumping data for table `llx_societe_log`
--


--
-- Table structure for table `llx_societe_prices`
--

CREATE TABLE `llx_societe_prices` (
  `rowid` int(11) NOT NULL AUTO_INCREMENT,
  `fk_soc` int(11) DEFAULT '0',
  `tms` timestamp NOT NULL DEFAULT CURRENT_TIMESTAMP ON UPDATE CURRENT_TIMESTAMP,
  `datec` datetime DEFAULT NULL,
  `fk_user_author` int(11) DEFAULT NULL,
  `price_level` tinyint(4) DEFAULT '1',
  PRIMARY KEY (`rowid`)
) ENGINE=InnoDB DEFAULT CHARSET=utf8;

--
-- Dumping data for table `llx_societe_prices`
--


--
-- Table structure for table `llx_societe_remise`
--

CREATE TABLE `llx_societe_remise` (
  `rowid` int(11) NOT NULL AUTO_INCREMENT,
  `entity` int(11) NOT NULL DEFAULT '1',
  `fk_soc` int(11) NOT NULL,
  `tms` timestamp NOT NULL DEFAULT CURRENT_TIMESTAMP ON UPDATE CURRENT_TIMESTAMP,
  `datec` datetime DEFAULT NULL,
  `fk_user_author` int(11) DEFAULT NULL,
  `remise_client` double(6,3) NOT NULL DEFAULT '0.000',
  `note` text,
  PRIMARY KEY (`rowid`)
) ENGINE=InnoDB DEFAULT CHARSET=utf8;

--
-- Dumping data for table `llx_societe_remise`
--


--
-- Table structure for table `llx_societe_remise_except`
--

CREATE TABLE `llx_societe_remise_except` (
  `rowid` int(11) NOT NULL AUTO_INCREMENT,
  `entity` int(11) NOT NULL DEFAULT '1',
  `fk_soc` int(11) NOT NULL,
  `discount_type` int(11) NOT NULL DEFAULT '0',
  `datec` datetime DEFAULT NULL,
  `amount_ht` double(24,8) NOT NULL,
  `amount_tva` double(24,8) NOT NULL DEFAULT '0.00000000',
  `amount_ttc` double(24,8) NOT NULL DEFAULT '0.00000000',
  `tva_tx` double(6,3) NOT NULL DEFAULT '0.000',
  `fk_user` int(11) NOT NULL,
  `fk_facture_line` int(11) DEFAULT NULL,
  `fk_facture` int(11) DEFAULT NULL,
  `fk_facture_source` int(11) DEFAULT NULL,
  `description` text NOT NULL,
  `multicurrency_amount_ht` double(24,8) NOT NULL DEFAULT '0.00000000',
  `multicurrency_amount_tva` double(24,8) NOT NULL DEFAULT '0.00000000',
  `multicurrency_amount_ttc` double(24,8) NOT NULL DEFAULT '0.00000000',
  `fk_invoice_supplier_line` int(11) DEFAULT NULL,
  `fk_invoice_supplier` int(11) DEFAULT NULL,
  `fk_invoice_supplier_source` int(11) DEFAULT NULL,
  PRIMARY KEY (`rowid`),
  KEY `idx_societe_remise_except_fk_user` (`fk_user`),
  KEY `idx_societe_remise_except_fk_soc` (`fk_soc`),
  KEY `idx_societe_remise_except_fk_facture_line` (`fk_facture_line`),
  KEY `idx_societe_remise_except_fk_facture` (`fk_facture`),
  KEY `idx_societe_remise_except_fk_facture_source` (`fk_facture_source`),
  KEY `fk_soc_remise_fk_invoice_supplier_line` (`fk_invoice_supplier_line`),
  KEY `fk_societe_remise_fk_invoice_supplier_source` (`fk_invoice_supplier`),
  KEY `idx_societe_remise_except_discount_type` (`discount_type`),
  CONSTRAINT `fk_soc_remise_fk_facture_line` FOREIGN KEY (`fk_facture_line`) REFERENCES `llx_facturedet` (`rowid`),
  CONSTRAINT `fk_soc_remise_fk_invoice_supplier_line` FOREIGN KEY (`fk_invoice_supplier_line`) REFERENCES `llx_facture_fourn_det` (`rowid`),
  CONSTRAINT `fk_soc_remise_fk_soc` FOREIGN KEY (`fk_soc`) REFERENCES `llx_societe` (`rowid`),
  CONSTRAINT `fk_societe_remise_fk_facture` FOREIGN KEY (`fk_facture`) REFERENCES `llx_facture` (`rowid`),
  CONSTRAINT `fk_societe_remise_fk_facture_source` FOREIGN KEY (`fk_facture_source`) REFERENCES `llx_facture` (`rowid`),
  CONSTRAINT `fk_societe_remise_fk_invoice_supplier` FOREIGN KEY (`fk_invoice_supplier`) REFERENCES `llx_facture_fourn` (`rowid`),
  CONSTRAINT `fk_societe_remise_fk_invoice_supplier_source` FOREIGN KEY (`fk_invoice_supplier`) REFERENCES `llx_facture_fourn` (`rowid`),
  CONSTRAINT `fk_societe_remise_fk_user` FOREIGN KEY (`fk_user`) REFERENCES `llx_user` (`rowid`)
) ENGINE=InnoDB AUTO_INCREMENT=36 DEFAULT CHARSET=utf8;

--
-- Dumping data for table `llx_societe_remise_except`
--

INSERT INTO `llx_societe_remise_except` (`rowid`, `entity`, `fk_soc`, `discount_type`, `datec`, `amount_ht`, `amount_tva`, `amount_ttc`, `tva_tx`, `fk_user`, `fk_facture_line`, `fk_facture`, `fk_facture_source`, `description`, `multicurrency_amount_ht`, `multicurrency_amount_tva`, `multicurrency_amount_ttc`, `fk_invoice_supplier_line`, `fk_invoice_supplier`, `fk_invoice_supplier_source`) VALUES (1,1,36,0,'2018-11-15 21:37:10',2880.00000000,0.00000000,2880.00000000,0.000,1,NULL,NULL,27,'(DEPOSIT)',0.00000000,0.00000000,0.00000000,NULL,NULL,NULL),(2,1,73,0,'2019-05-30 15:49:46',604.00000000,0.00000000,604.00000000,0.000,1,NULL,62,66,'(CREDIT_NOTE)',0.00000000,0.00000000,0.00000000,NULL,NULL,NULL),(3,1,79,0,'2019-05-31 08:50:14',604.00000000,0.00000000,604.00000000,0.000,5,NULL,58,65,'(CREDIT_NOTE)',0.00000000,0.00000000,0.00000000,NULL,NULL,NULL),(4,1,82,0,'2019-05-31 09:15:38',604.00000000,0.00000000,604.00000000,0.000,5,NULL,63,68,'(CREDIT_NOTE)',0.00000000,0.00000000,0.00000000,NULL,NULL,NULL),(7,1,78,0,'2019-06-10 16:53:11',1082.00000000,0.00000000,1082.00000000,0.000,5,NULL,125,127,'(CREDIT_NOTE)',0.00000000,0.00000000,0.00000000,NULL,NULL,NULL),(8,1,80,0,'2019-06-10 17:20:12',1082.00000000,0.00000000,1082.00000000,0.000,5,NULL,128,129,'(CREDIT_NOTE)',0.00000000,0.00000000,0.00000000,NULL,NULL,NULL),(10,1,156,0,'2019-06-12 11:39:36',1082.00000000,0.00000000,1082.00000000,0.000,5,NULL,150,152,'(CREDIT_NOTE)',0.00000000,0.00000000,0.00000000,NULL,NULL,NULL),(11,1,119,1,'2019-06-12 15:37:48',504.00000000,0.00000000,504.00000000,0.000,5,NULL,NULL,NULL,'(CREDIT_NOTE)',0.00000000,0.00000000,0.00000000,NULL,148,250),(13,1,158,0,'2019-06-14 12:01:30',531.25000000,106.25000000,637.50000000,20.000,5,NULL,156,157,'(CREDIT_NOTE)',0.00000000,0.00000000,0.00000000,NULL,NULL,NULL),(14,1,175,0,'2019-08-26 12:05:49',63.00000000,0.00000000,63.00000000,0.000,5,NULL,NULL,182,'(DEPOSIT)',0.00000000,0.00000000,0.00000000,NULL,NULL,NULL),(15,1,179,0,'2019-08-26 12:11:36',63.00000000,0.00000000,63.00000000,0.000,5,NULL,NULL,184,'(DEPOSIT)',0.00000000,0.00000000,0.00000000,NULL,NULL,NULL),(16,1,180,0,'2019-08-26 12:14:46',63.00000000,0.00000000,63.00000000,0.000,5,NULL,NULL,185,'(DEPOSIT)',0.00000000,0.00000000,0.00000000,NULL,NULL,NULL),(17,1,86,0,'2019-09-23 15:21:02',603.96000000,0.00000000,603.96000000,0.000,5,NULL,70,71,'(CREDIT_NOTE)',0.00000000,0.00000000,0.00000000,NULL,NULL,NULL),(18,1,23,0,'2019-09-26 10:17:46',2736.67000000,547.33000000,3284.00000000,20.000,5,NULL,18,193,'(CREDIT_NOTE)',0.00000000,0.00000000,0.00000000,NULL,NULL,NULL),(19,1,57,0,'2019-09-26 10:19:25',15.00000000,0.00000000,15.00000000,0.000,5,NULL,48,194,'(CREDIT_NOTE)',0.00000000,0.00000000,0.00000000,NULL,NULL,NULL),(20,1,119,0,'2019-09-26 12:49:44',4536.00000000,0.00000000,4536.00000000,0.000,5,NULL,195,196,'(CREDIT_NOTE)',0.00000000,0.00000000,0.00000000,NULL,NULL,NULL),(22,1,119,0,'2019-10-08 17:17:26',504.00000000,0.00000000,504.00000000,0.000,5,NULL,153,204,'(CREDIT_NOTE)',0.00000000,0.00000000,0.00000000,NULL,NULL,NULL),(24,1,51,0,'2019-10-09 14:54:18',252.00000000,0.00000000,252.00000000,0.000,5,NULL,42,207,'(CREDIT_NOTE)',0.00000000,0.00000000,0.00000000,NULL,NULL,NULL),(25,1,59,0,'2019-10-09 14:57:44',504.00000000,0.00000000,504.00000000,0.000,5,NULL,52,208,'(CREDIT_NOTE)',0.00000000,0.00000000,0.00000000,NULL,NULL,NULL),(27,1,119,0,'2019-10-23 14:32:11',189.00000000,0.00000000,189.00000000,0.000,5,NULL,211,212,'(CREDIT_NOTE)',0.00000000,0.00000000,0.00000000,NULL,NULL,NULL),(32,1,55,1,'2019-11-14 11:42:20',3532.06000000,706.41000000,4238.47000000,20.000,5,NULL,NULL,NULL,'(CREDIT_NOTE)',0.00000000,0.00000000,0.00000000,NULL,290,431),(33,1,55,1,'2019-11-14 11:42:44',871.20000000,174.24000000,1045.44000000,20.000,5,NULL,NULL,NULL,'(CREDIT_NOTE)',0.00000000,0.00000000,0.00000000,NULL,290,430),(34,1,27,1,'2019-11-14 14:34:09',294.00000000,0.00000000,294.00000000,0.000,5,NULL,NULL,NULL,'(CREDIT_NOTE)',0.00000000,0.00000000,0.00000000,NULL,280,435),(35,1,45,1,'2019-11-28 14:26:54',310.69000000,0.00000000,310.69000000,0.000,5,NULL,NULL,NULL,'(CREDIT_NOTE)',0.00000000,0.00000000,0.00000000,NULL,257,450);

--
-- Table structure for table `llx_societe_remise_supplier`
--

CREATE TABLE `llx_societe_remise_supplier` (
  `rowid` int(11) NOT NULL AUTO_INCREMENT,
  `entity` int(11) NOT NULL DEFAULT '1',
  `fk_soc` int(11) NOT NULL,
  `tms` timestamp NOT NULL DEFAULT CURRENT_TIMESTAMP ON UPDATE CURRENT_TIMESTAMP,
  `datec` datetime DEFAULT NULL,
  `fk_user_author` int(11) DEFAULT NULL,
  `remise_supplier` double(6,3) NOT NULL DEFAULT '0.000',
  `note` text,
  PRIMARY KEY (`rowid`)
) ENGINE=InnoDB DEFAULT CHARSET=utf8;

--
-- Dumping data for table `llx_societe_remise_supplier`
--


--
-- Table structure for table `llx_societe_rib`
--

CREATE TABLE `llx_societe_rib` (
  `rowid` int(11) NOT NULL AUTO_INCREMENT,
  `type` varchar(32) NOT NULL,
  `fk_soc` int(11) NOT NULL,
  `datec` datetime DEFAULT NULL,
  `tms` timestamp NOT NULL DEFAULT CURRENT_TIMESTAMP ON UPDATE CURRENT_TIMESTAMP,
  `label` varchar(30) DEFAULT NULL,
  `bank` varchar(255) DEFAULT NULL,
  `code_banque` varchar(128) DEFAULT NULL,
  `code_guichet` varchar(6) DEFAULT NULL,
  `number` varchar(255) DEFAULT NULL,
  `cle_rib` varchar(5) DEFAULT NULL,
  `bic` varchar(20) DEFAULT NULL,
  `iban_prefix` varchar(34) DEFAULT NULL,
  `domiciliation` varchar(255) DEFAULT NULL,
  `proprio` varchar(60) DEFAULT NULL,
  `owner_address` varchar(255) DEFAULT NULL,
  `default_rib` smallint(6) NOT NULL DEFAULT '0',
  `rum` varchar(32) DEFAULT NULL,
  `date_rum` date DEFAULT NULL,
  `frstrecur` varchar(16) DEFAULT 'FRST',
  `import_key` varchar(14) DEFAULT NULL,
  `last_four` varchar(4) DEFAULT NULL,
  `card_type` varchar(255) DEFAULT NULL,
  `cvn` varchar(255) DEFAULT NULL,
  `exp_date_month` int(11) DEFAULT NULL,
  `exp_date_year` int(11) DEFAULT NULL,
  `country_code` varchar(10) DEFAULT NULL,
  `approved` int(11) DEFAULT '0',
  `email` varchar(255) DEFAULT NULL,
  `ending_date` date DEFAULT NULL,
  `max_total_amount_of_all_payments` double(24,8) DEFAULT NULL,
  `preapproval_key` varchar(255) DEFAULT NULL,
  `starting_date` date DEFAULT NULL,
  `total_amount_of_all_payments` double(24,8) DEFAULT NULL,
  `stripe_card_ref` varchar(128) DEFAULT NULL,
  `status` int(11) NOT NULL DEFAULT '1',
  PRIMARY KEY (`rowid`),
  UNIQUE KEY `uk_societe_rib` (`label`,`fk_soc`)
) ENGINE=InnoDB DEFAULT CHARSET=utf8;

--
-- Dumping data for table `llx_societe_rib`
--


--
-- Table structure for table `llx_socpeople`
--

CREATE TABLE `llx_socpeople` (
  `rowid` int(11) NOT NULL AUTO_INCREMENT,
  `datec` datetime DEFAULT NULL,
  `tms` timestamp NOT NULL DEFAULT CURRENT_TIMESTAMP ON UPDATE CURRENT_TIMESTAMP,
  `fk_soc` int(11) DEFAULT NULL,
  `entity` int(11) NOT NULL DEFAULT '1',
  `ref_ext` varchar(255) DEFAULT NULL,
  `civility` varchar(6) DEFAULT NULL,
  `lastname` varchar(50) DEFAULT NULL,
  `firstname` varchar(50) DEFAULT NULL,
  `address` varchar(255) DEFAULT NULL,
  `zip` varchar(25) DEFAULT NULL,
  `town` varchar(255) DEFAULT NULL,
  `fk_departement` int(11) DEFAULT NULL,
  `fk_pays` int(11) DEFAULT '0',
  `birthday` date DEFAULT NULL,
  `poste` varchar(80) DEFAULT NULL,
  `phone` varchar(30) DEFAULT NULL,
  `phone_perso` varchar(30) DEFAULT NULL,
  `phone_mobile` varchar(30) DEFAULT NULL,
  `fax` varchar(30) DEFAULT NULL,
  `email` varchar(255) DEFAULT NULL,
  `jabberid` varchar(255) DEFAULT NULL,
  `skype` varchar(255) DEFAULT NULL,
  `photo` varchar(255) DEFAULT NULL,
  `no_email` smallint(6) NOT NULL DEFAULT '0',
  `priv` smallint(6) NOT NULL DEFAULT '0',
  `fk_user_creat` int(11) DEFAULT '0',
  `fk_user_modif` int(11) DEFAULT NULL,
  `note_private` text,
  `note_public` text,
  `default_lang` varchar(6) DEFAULT NULL,
  `canvas` varchar(32) DEFAULT NULL,
  `import_key` varchar(14) DEFAULT NULL,
  `statut` tinyint(4) NOT NULL DEFAULT '1',
  PRIMARY KEY (`rowid`),
  KEY `idx_socpeople_fk_soc` (`fk_soc`),
  KEY `idx_socpeople_fk_user_creat` (`fk_user_creat`),
  CONSTRAINT `fk_socpeople_fk_soc` FOREIGN KEY (`fk_soc`) REFERENCES `llx_societe` (`rowid`),
  CONSTRAINT `fk_socpeople_user_creat_user_rowid` FOREIGN KEY (`fk_user_creat`) REFERENCES `llx_user` (`rowid`)
) ENGINE=InnoDB AUTO_INCREMENT=36 DEFAULT CHARSET=utf8;

--
-- Dumping data for table `llx_socpeople`
--

INSERT INTO `llx_socpeople` (`rowid`, `datec`, `tms`, `fk_soc`, `entity`, `ref_ext`, `civility`, `lastname`, `firstname`, `address`, `zip`, `town`, `fk_departement`, `fk_pays`, `birthday`, `poste`, `phone`, `phone_perso`, `phone_mobile`, `fax`, `email`, `jabberid`, `skype`, `photo`, `no_email`, `priv`, `fk_user_creat`, `fk_user_modif`, `note_private`, `note_public`, `default_lang`, `canvas`, `import_key`, `statut`) VALUES (1,'2017-12-05 15:58:54','2017-12-05 14:58:54',6,1,'','MR','Schlur','Guillaume','','','',NULL,1,NULL,'','0673236689','','','','','','',NULL,0,0,1,1,'','',NULL,NULL,NULL,1),(2,'2018-01-08 17:20:37','2018-01-08 16:20:37',NULL,1,'','','Geyelin','Matise','','','',NULL,1,NULL,'','','','','','elisetmatthieu@gmail.com','','',NULL,0,0,1,1,'','',NULL,NULL,NULL,1),(3,'2018-11-20 12:08:01','2018-11-20 11:11:36',41,1,'','MR','RIVIER','Pascal','','31000','TOULOUSE',NULL,1,NULL,'','0630877982','','0630877982','','pascal.rivier@gmail.com','','','',0,0,1,1,'','',NULL,NULL,NULL,1),(4,'2018-12-12 16:58:30','2019-01-07 06:45:19',45,1,'','MR','van Dijk','Arjen','Postbus 554','8800','AN FRANEKER',NULL,17,NULL,'','+31653250639','','','','dijk@npibv.com','','','',0,0,1,1,'','',NULL,NULL,NULL,1),(5,'2018-12-12 17:09:18','2018-12-12 16:09:43',46,1,'','','MEUSY','Jean-Luc','','','',NULL,1,NULL,'','0609403920','','','','jl.meusy@agru.fr','','','',0,0,1,1,'','',NULL,NULL,NULL,1),(6,'2019-01-07 07:44:35','2019-01-07 06:44:35',45,1,'','MR','Bouwer','Reinier','Postbus 554','8800','AN FRANEKER',NULL,17,NULL,'','+31 518 481846','','','','brouwer@npibv.com>','','',NULL,0,0,1,1,'','',NULL,NULL,NULL,1),(7,'2019-01-10 11:53:44','2019-06-17 19:26:29',49,1,'','','LEFEVRE','Gwen','Via Fornace 4','24050','Mornico al Serio (BG)',NULL,3,NULL,'Agent','+33963451084','','','','g.lefevre@cuvesastro.fr','','','',0,0,1,1,'','',NULL,NULL,NULL,1),(8,'2019-01-10 16:21:58','2019-01-10 15:21:57',47,1,'','MME','GEFFRIAUD','Pascale','','','',NULL,1,NULL,'Commerciale Sédentaire','0556292768','','','','pascale.geffriaud@kloeckner.com','','',NULL,0,0,1,1,'','',NULL,NULL,NULL,1),(9,'2019-01-10 21:01:07','2019-01-10 20:01:07',50,1,'','','Agrizone','','','','',NULL,1,NULL,'','','','','','','','',NULL,0,0,1,1,NULL,NULL,NULL,NULL,NULL,1),(10,'2019-01-15 12:52:11','2019-05-31 10:09:46',28,1,'','MME','Adrey','','19, Bd Jacques Albert','66201','ELNE CEDEX',NULL,1,NULL,'Logistique','','','','','audrey@sorodist.fr','','','',0,0,1,1,'','',NULL,NULL,NULL,1),(11,'2019-01-18 12:12:28','2019-01-18 11:12:28',53,1,'','','Art Pro Composite','','Parc économique de Rothrais','79700','Rothrais',NULL,1,NULL,'','0967143403','','','','artprocomposite@gmail.com','','',NULL,0,0,1,1,NULL,NULL,NULL,NULL,NULL,1),(12,'2019-01-18 12:13:22','2019-01-18 11:13:22',53,1,'','MR','Herbreteau','','','','',NULL,1,NULL,'','','','069828228','','','','',NULL,0,0,1,1,'','',NULL,NULL,NULL,1),(13,'2019-01-25 10:59:57','2019-01-25 09:59:57',54,1,'','MR','RKPlast','Erik K. Nielsen','','','',NULL,80,NULL,'','+4596147189','','','','erik@rkplast.dk','','',NULL,0,0,1,1,NULL,NULL,NULL,NULL,NULL,1),(14,'2019-01-26 11:38:11','2019-09-25 09:20:59',56,1,'','MME','GONZALEZ','Audrey','','33870','VAYRES',NULL,1,NULL,'Service Arrivage','05.57.55.46.26','','','','audrey.gonzalez@mdl-services.net','','','',0,0,1,5,'','',NULL,NULL,NULL,1),(15,'2019-02-07 10:03:14','2019-02-07 09:03:51',57,1,'','MR','ZEGHARI','Saïd','34 Rue Saâd Ibnou Abi Ouakkas - Etage 4','20000','Casablanca',NULL,12,NULL,'Gerant','','','','','zeghari.s@gmail.com','','','',0,0,1,1,'','',NULL,NULL,NULL,1),(16,'2019-03-06 18:57:30','2019-07-09 13:29:45',64,1,'','','Delezenne','Remi','C/O Les Sourciers\r\nLieu dit  Berdale','32330','LAGRAULET-DU-GERS',NULL,1,NULL,'','0601215237','','','','remi.delezenne@gmail.com','','','',0,0,1,5,'','',NULL,NULL,NULL,1),(17,'2019-03-15 06:08:56','2019-03-15 05:08:55',65,1,'','','STURM','TOBIAS','','','',NULL,1,NULL,'','','','','','contact@emmaus-lespinassiere.org','','',NULL,0,0,1,1,'','',NULL,NULL,NULL,1),(18,'2019-04-18 13:29:08','2019-04-18 11:29:07',74,1,'','','Andreasen','Lars','','','',NULL,80,NULL,'Commercial','','','','','','','',NULL,0,0,1,1,'','',NULL,NULL,NULL,1),(19,'2019-05-10 17:09:09','2019-05-31 10:09:37',28,1,'','MME','EUDELINE','Sylvie','19, Bd Jacques Albert','66201','ELNE CEDEX',NULL,1,NULL,'Commande','04 68 92 94 03','','','','sylvie@sorodist.fr','','','',0,0,5,1,'','',NULL,NULL,NULL,1),(20,'2019-05-15 14:22:02','2019-09-26 07:14:13',2,1,'','MME','LEVEILLARD','Claire','ZI Maingournois – 13 route de St Mamert','28130','Maintenon',35,1,NULL,'Conseillère commerciale','02 37 27 18 13','','','','claire.leveillard@javaux.com','','','',0,0,5,5,'','',NULL,NULL,NULL,1),(21,'2019-06-28 10:58:13','2019-06-28 08:59:02',17,1,'','MR','DEKONINCK','Guillaume','','','',NULL,1,NULL,'','','','0648411215','','guillaume.dekoninck@gmail.com','','','',0,0,5,5,'','',NULL,NULL,NULL,1),(22,'2019-06-28 11:43:24','2019-06-28 09:43:24',44,1,'','MR','Lescombe','Vincent','','','',NULL,1,NULL,'Commercial','','','06 79 67 97 13','','Vincent.Lescombe@sudouestmateriaux.fr','','',NULL,0,0,1,1,'','',NULL,NULL,NULL,1),(23,'2019-06-28 11:44:25','2019-06-28 09:44:25',44,1,'','','Ogando','Elise','','','',NULL,1,NULL,'Commerciale','','','06.13.02.01.32','','Elise.Ogando@sudouestmateriaux.fr','','',NULL,0,0,1,1,'','',NULL,NULL,NULL,1),(24,'2019-07-29 16:31:49','2019-07-29 14:31:48',166,1,'','MR','BEAUDEAU','Alexandre','','','',NULL,1,NULL,'','0556346000','','06 35 12 62 79.','','alexandre.beaudeau@audial.fr','','',NULL,0,0,5,5,'','',NULL,NULL,NULL,1),(25,'2019-07-29 16:38:06','2019-07-29 14:38:06',166,1,'','MME','BADIE','Muriel','21 Avenue Ariane','33700','MERIGNAC',40,1,NULL,'Social Paie','0556346000','','','','bm@audial.fr','','',NULL,0,0,5,5,'','',NULL,NULL,NULL,1),(26,'2019-08-30 09:49:52','2019-08-30 07:49:52',7,1,'','','Langaret','Raphaël','','','',NULL,1,NULL,'','','','06 41 68 10 52','','raphael@vegeto-aquaponie.fr','','',NULL,0,0,1,1,'','',NULL,NULL,NULL,1),(27,'2019-09-12 08:58:05','2019-09-12 06:58:05',188,1,'','','Stanley Black & Decker France Services','Aurelie Varain','6-8 rue Gustave Eiffel','91420','Morangis',NULL,1,NULL,'','0164544398','','','','aurelie.varain@sbdinc.com','','',NULL,0,0,1,1,NULL,NULL,NULL,NULL,NULL,1),(28,'2019-09-23 17:09:25','2019-09-23 15:09:25',192,1,'','MME','HALOCHET','Catherine','','','',NULL,1,NULL,'Sercice Commercial','','','','','catherine.halochet@wurth.fr','','',NULL,0,0,5,5,'','',NULL,NULL,NULL,1),(29,'2019-09-25 11:21:34','2019-09-25 09:22:18',56,1,'','MME','IRURETA','Patricia','','33870','VAYRES',NULL,1,NULL,'Commerciale','','','06.99.02.42.64','','patricia.irureta@mdb-services.fr','','','',0,0,5,5,'','',NULL,NULL,NULL,1),(30,'2019-09-30 14:45:02','2019-09-30 12:45:02',193,1,'','MR','LE ROY','Alexandre','49 Route de Depee','33590','GRAYAN et L\'HÔPITAL',40,1,NULL,'Responsable d\'atelier','0556095857','','','','','','',NULL,0,0,5,5,'','',NULL,NULL,NULL,1),(31,'2019-09-30 15:28:59','2019-09-30 13:28:59',194,1,'','MR','FERNANDEZ','Richard','16A Z.A Bel Air','33670','SADIRAC',40,1,NULL,'Directeur Commercial','05.57.833.823','','07 88 44 49 75','','kscommercial33@gmail.com','','',NULL,0,0,5,5,'','',NULL,NULL,NULL,1),(32,'2019-10-14 15:36:44','2019-10-14 13:36:44',199,1,'','MME','JACQUEMIN','Mélanie','','','',NULL,1,NULL,'','0437230238','','','','jac@bibusfrance.fr','','',NULL,0,0,5,5,'','',NULL,NULL,NULL,1),(33,'2019-12-03 14:44:51','2019-12-03 13:44:51',209,1,'','MME','BONIN','Gaëlle','Schenker France\r\nAgence de Bordeaux\r\nZA La Gardette\r\nRue du Courant','33310','LORMONT',40,1,NULL,'Service Affrètement','','','','','gaelle.bonin@dbschenker.com','','',NULL,0,0,5,5,'','',NULL,NULL,NULL,1),(34,'2019-12-03 14:49:35','2019-12-03 14:01:15',209,1,'','MME','MENET','Leslie','Schenker France\r\nAgence de Bordeaux\r\nZA La Gardette\r\nRue du Courant','33310','LORMONT',40,1,NULL,'Responsable Commerciale','05 57 77 51 00','','06 85 11 74 74','','Leslie.Menet@dbschenker.com','','','',0,0,5,5,'','',NULL,NULL,NULL,1),(35,'2019-12-03 15:00:14','2019-12-03 14:00:45',209,1,'','MME','SERDOZ','Caroline','Schenker France\r\nAgence de Bordeaux\r\nZA La Gardette\r\nRue du Courant','33310','LORMONT',40,1,NULL,'Responsable Affrètement','','','','','Caroline.Serdoz@dbschenker.com','','','',0,0,5,5,'','',NULL,NULL,NULL,1);

--
-- Table structure for table `llx_socpeople_extrafields`
--

CREATE TABLE `llx_socpeople_extrafields` (
  `rowid` int(11) NOT NULL AUTO_INCREMENT,
  `tms` timestamp NOT NULL DEFAULT CURRENT_TIMESTAMP ON UPDATE CURRENT_TIMESTAMP,
  `fk_object` int(11) NOT NULL,
  `import_key` varchar(14) DEFAULT NULL,
  PRIMARY KEY (`rowid`),
  KEY `idx_socpeople_extrafields` (`fk_object`)
) ENGINE=InnoDB DEFAULT CHARSET=utf8;

--
-- Dumping data for table `llx_socpeople_extrafields`
--


--
-- Table structure for table `llx_stock_mouvement`
--

CREATE TABLE `llx_stock_mouvement` (
  `rowid` int(11) NOT NULL AUTO_INCREMENT,
  `tms` timestamp NOT NULL DEFAULT CURRENT_TIMESTAMP ON UPDATE CURRENT_TIMESTAMP,
  `datem` datetime DEFAULT NULL,
  `fk_product` int(11) NOT NULL,
  `batch` varchar(30) CHARACTER SET utf8 COLLATE utf8_unicode_ci DEFAULT NULL,
  `eatby` date DEFAULT NULL,
  `sellby` date DEFAULT NULL,
  `fk_entrepot` int(11) NOT NULL,
  `value` double DEFAULT NULL,
  `price` double(24,8) DEFAULT '0.00000000',
  `type_mouvement` smallint(6) DEFAULT NULL,
  `fk_user_author` int(11) DEFAULT NULL,
  `label` varchar(255) DEFAULT NULL,
  `inventorycode` varchar(128) DEFAULT NULL,
  `fk_origin` int(11) DEFAULT NULL,
  `origintype` varchar(32) DEFAULT NULL,
  `model_pdf` varchar(255) DEFAULT NULL,
  PRIMARY KEY (`rowid`),
  KEY `idx_stock_mouvement_fk_product` (`fk_product`),
  KEY `idx_stock_mouvement_fk_entrepot` (`fk_entrepot`)
) ENGINE=InnoDB AUTO_INCREMENT=233 DEFAULT CHARSET=utf8;

--
-- Dumping data for table `llx_stock_mouvement`
--

INSERT INTO `llx_stock_mouvement` (`rowid`, `tms`, `datem`, `fk_product`, `batch`, `eatby`, `sellby`, `fk_entrepot`, `value`, `price`, `type_mouvement`, `fk_user_author`, `label`, `inventorycode`, `fk_origin`, `origintype`, `model_pdf`) VALUES (1,'2018-04-27 07:55:16','2018-04-27 09:55:16',2,NULL,NULL,NULL,1,-80,15.69000000,2,1,'Commande CO1804-0001 valid&eacute;e',NULL,1,'commande',NULL),(2,'2018-04-27 07:55:16','2018-04-27 09:55:16',3,NULL,NULL,NULL,1,-170,15.69000000,2,1,'Commande CO1804-0001 valid&eacute;e',NULL,1,'commande',NULL),(3,'2018-04-27 07:55:16','2018-04-27 09:55:16',4,NULL,NULL,NULL,1,-140,5.70000000,2,1,'Commande CO1804-0001 valid&eacute;e',NULL,1,'commande',NULL),(4,'2018-08-29 09:36:53','2018-08-29 11:36:53',25,NULL,NULL,NULL,2,-1,11243.00000000,2,1,'Commande CO1808-0003 valid&eacute;e',NULL,3,'commande',NULL),(5,'2018-08-29 09:37:25','2018-08-29 11:37:25',25,NULL,NULL,NULL,2,1,0.00000000,3,1,'Commande CO1808-0003 repass&eacute;e en brouillon',NULL,0,'',NULL),(6,'2018-08-29 09:37:52','2018-08-29 11:37:52',25,NULL,NULL,NULL,2,-1,11243.00000000,2,1,'Commande CO1808-0003 valid&eacute;e',NULL,3,'commande',NULL),(7,'2018-08-29 10:02:09','2018-08-29 12:02:09',25,NULL,NULL,NULL,2,-1,0.00000000,2,1,'Commande CO1808-0003 valid&eacute;e',NULL,4,'commande',NULL),(8,'2018-08-29 10:02:10','2018-08-29 12:02:09',2,NULL,NULL,NULL,2,-280,0.00000000,2,1,'Commande CO1808-0003 valid&eacute;e',NULL,4,'commande',NULL),(9,'2018-08-29 10:02:10','2018-08-29 12:02:10',3,NULL,NULL,NULL,2,-40,0.00000000,2,1,'Commande CO1808-0003 valid&eacute;e',NULL,4,'commande',NULL),(10,'2018-08-29 10:02:10','2018-08-29 12:02:10',7,NULL,NULL,NULL,2,-267,0.00000000,2,1,'Commande CO1808-0003 valid&eacute;e',NULL,4,'commande',NULL),(11,'2018-08-29 10:02:10','2018-08-29 12:02:10',8,NULL,NULL,NULL,2,-105,0.00000000,2,1,'Commande CO1808-0003 valid&eacute;e',NULL,4,'commande',NULL),(12,'2018-08-29 10:02:10','2018-08-29 12:02:10',10,NULL,NULL,NULL,2,-2.79,0.00000000,2,1,'Commande CO1808-0003 valid&eacute;e',NULL,4,'commande',NULL),(13,'2018-08-29 10:02:10','2018-08-29 12:02:10',11,NULL,NULL,NULL,2,-0.71,0.00000000,2,1,'Commande CO1808-0003 valid&eacute;e',NULL,4,'commande',NULL),(14,'2018-08-29 10:02:10','2018-08-29 12:02:10',12,NULL,NULL,NULL,2,-10,0.00000000,2,1,'Commande CO1808-0003 valid&eacute;e',NULL,4,'commande',NULL),(15,'2018-08-29 10:02:10','2018-08-29 12:02:10',13,NULL,NULL,NULL,2,-10,0.00000000,2,1,'Commande CO1808-0003 valid&eacute;e',NULL,4,'commande',NULL),(16,'2018-08-29 10:02:10','2018-08-29 12:02:10',14,NULL,NULL,NULL,2,-2,0.00000000,2,1,'Commande CO1808-0003 valid&eacute;e',NULL,4,'commande',NULL),(17,'2018-08-29 10:02:10','2018-08-29 12:02:10',15,NULL,NULL,NULL,2,-3,0.00000000,2,1,'Commande CO1808-0003 valid&eacute;e',NULL,4,'commande',NULL),(18,'2018-08-29 10:02:10','2018-08-29 12:02:10',16,NULL,NULL,NULL,2,-1,0.00000000,2,1,'Commande CO1808-0003 valid&eacute;e',NULL,4,'commande',NULL),(19,'2018-08-29 10:02:10','2018-08-29 12:02:10',17,NULL,NULL,NULL,2,-1,0.00000000,2,1,'Commande CO1808-0003 valid&eacute;e',NULL,4,'commande',NULL),(20,'2018-08-29 10:02:10','2018-08-29 12:02:10',18,NULL,NULL,NULL,2,-1,0.00000000,2,1,'Commande CO1808-0003 valid&eacute;e',NULL,4,'commande',NULL),(21,'2018-08-29 10:02:10','2018-08-29 12:02:10',19,NULL,NULL,NULL,2,-5,0.00000000,2,1,'Commande CO1808-0003 valid&eacute;e',NULL,4,'commande',NULL),(22,'2018-08-29 10:02:10','2018-08-29 12:02:10',20,NULL,NULL,NULL,2,-5,0.00000000,2,1,'Commande CO1808-0003 valid&eacute;e',NULL,4,'commande',NULL),(23,'2018-08-29 10:02:10','2018-08-29 12:02:10',21,NULL,NULL,NULL,2,-145,0.00000000,2,1,'Commande CO1808-0003 valid&eacute;e',NULL,4,'commande',NULL),(24,'2018-08-29 10:02:10','2018-08-29 12:02:10',22,NULL,NULL,NULL,2,-15,0.00000000,2,1,'Commande CO1808-0003 valid&eacute;e',NULL,4,'commande',NULL),(25,'2018-08-29 10:02:10','2018-08-29 12:02:10',23,NULL,NULL,NULL,2,-5,0.00000000,2,1,'Commande CO1808-0003 valid&eacute;e',NULL,4,'commande',NULL),(26,'2018-08-29 10:02:10','2018-08-29 12:02:10',24,NULL,NULL,NULL,2,-105,0.00000000,2,1,'Commande CO1808-0003 valid&eacute;e',NULL,4,'commande',NULL),(27,'2018-08-29 10:02:10','2018-08-29 12:02:10',26,NULL,NULL,NULL,2,-5,0.00000000,2,1,'Commande CO1808-0003 valid&eacute;e',NULL,4,'commande',NULL),(28,'2018-08-29 10:02:10','2018-08-29 12:02:10',29,NULL,NULL,NULL,2,-48,0.00000000,2,1,'Commande CO1808-0003 valid&eacute;e',NULL,4,'commande',NULL),(29,'2018-08-29 10:02:10','2018-08-29 12:02:10',30,NULL,NULL,NULL,2,-140,0.00000000,2,1,'Commande CO1808-0003 valid&eacute;e',NULL,4,'commande',NULL),(30,'2018-08-29 10:02:10','2018-08-29 12:02:10',32,NULL,NULL,NULL,2,-7,0.00000000,2,1,'Commande CO1808-0003 valid&eacute;e',NULL,4,'commande',NULL),(31,'2018-08-29 10:02:10','2018-08-29 12:02:10',33,NULL,NULL,NULL,2,-6,0.00000000,2,1,'Commande CO1808-0003 valid&eacute;e',NULL,4,'commande',NULL),(32,'2018-08-29 10:02:10','2018-08-29 12:02:10',34,NULL,NULL,NULL,2,-1,0.00000000,2,1,'Commande CO1808-0003 valid&eacute;e',NULL,4,'commande',NULL),(33,'2018-08-29 10:02:10','2018-08-29 12:02:10',35,NULL,NULL,NULL,2,-1,0.00000000,2,1,'Commande CO1808-0003 valid&eacute;e',NULL,4,'commande',NULL),(34,'2018-08-29 10:02:10','2018-08-29 12:02:10',36,NULL,NULL,NULL,2,-8400,0.00000000,2,1,'Commande CO1808-0003 valid&eacute;e',NULL,4,'commande',NULL),(35,'2018-11-20 17:23:26','2018-11-20 18:23:26',2,NULL,NULL,NULL,1,-80,15.69000000,2,1,'Commande CO1811-0004 valid&eacute;e',NULL,7,'commande',NULL),(36,'2018-12-13 12:09:27','2018-12-13 13:09:26',2,NULL,NULL,NULL,1,-80,15.69000000,2,1,'Commande CO1811-0006 valid&eacute;e',NULL,6,'commande',NULL),(37,'2019-01-08 10:58:07','2019-01-08 11:58:08',54,NULL,NULL,NULL,2,-1,0.00000000,2,1,'Commande CO1901-0010 valid&eacute;e',NULL,12,'commande',NULL),(38,'2019-01-08 11:01:39','2019-01-08 12:01:39',54,NULL,NULL,NULL,2,1,0.00000000,3,1,'Commande CO1901-0010 repass&eacute;e en brouillon',NULL,12,'commande',NULL),(39,'2019-01-10 14:13:40','2019-01-10 15:13:40',13,NULL,NULL,NULL,2,10,0.00000000,0,1,'Correction du stock pour le produit BEND9063','190110151300',0,'',NULL),(40,'2019-01-10 14:15:10','2019-01-10 15:15:10',23,NULL,NULL,NULL,2,5,0.00000000,0,1,'Correction du stock pour le produit Bouchon_25','190110151458',0,'',NULL),(41,'2019-01-10 14:15:10','2019-01-10 15:15:10',23,NULL,NULL,NULL,2,5,0.00000000,0,1,'Correction du stock pour le produit Bouchon_25','190110151458',0,'',NULL),(42,'2019-01-10 14:16:21','2019-01-10 15:16:21',23,NULL,NULL,NULL,2,-5,0.00000000,0,1,'Correction du stock pour le produit Bouchon_25','190110151607',0,'',NULL),(43,'2019-01-10 14:17:30','2019-01-10 15:17:31',22,NULL,NULL,NULL,2,15,0.00000000,0,1,'Correction du stock pour le produit C9025','190110151718',0,'',NULL),(44,'2019-01-10 14:18:05','2019-01-10 15:18:05',15,NULL,NULL,NULL,2,3,0.00000000,0,1,'Correction du stock pour le produit C9050','190110151800',0,'',NULL),(45,'2019-01-10 14:18:57','2019-01-10 15:18:57',34,NULL,NULL,NULL,2,1,0.00000000,0,1,'Correction du stock pour le produit Clips_palissage','190110151847',0,'',NULL),(46,'2019-01-10 14:19:45','2019-01-10 15:19:45',20,NULL,NULL,NULL,2,5,0.00000000,0,1,'Correction du stock pour le produit CLIP_25','190110151936',0,'',NULL),(47,'2019-01-10 14:20:11','2019-01-10 15:20:11',18,NULL,NULL,NULL,2,1,0.00000000,0,1,'Correction du stock pour le produit CLIP_50','190110152006',0,'',NULL),(48,'2019-01-10 14:20:39','2019-01-10 15:20:39',4,NULL,NULL,NULL,2,140,0.00000000,0,1,'Correction du stock pour le produit DIFFUSEUR_AIR_cultures-25_25_75','190110152030',0,'',NULL),(49,'2019-01-10 14:21:13','2019-01-10 15:21:13',8,NULL,NULL,NULL,2,105,0.00000000,0,1,'Correction du stock pour le produit DIFFUSEUR_AIR_cultures_38_38_38','190110152101',0,'',NULL),(50,'2019-01-10 14:22:09','2019-01-10 15:22:09',24,NULL,NULL,NULL,2,105,0.00000000,0,1,'Correction du stock pour le produit Joint_top_hat','190110152157',0,'',NULL),(51,'2019-01-10 14:22:40','2019-01-10 15:22:40',25,NULL,NULL,NULL,2,2,0.00000000,0,1,'Correction du stock pour le produit KIT_Henri_Lagreula','190110152231',0,'',NULL),(52,'2019-01-10 14:24:54','2019-01-10 15:24:54',30,NULL,NULL,NULL,2,140,0.00000000,0,1,'Correction du stock pour le produit Lest_inox','190110152442',0,'',NULL),(53,'2019-01-10 14:25:40','2019-01-10 15:25:41',7,NULL,NULL,NULL,2,267,0.00000000,0,1,'Correction du stock pour le produit LINER','190110152523',0,'',NULL),(54,'2019-01-10 14:28:15','2019-01-10 15:28:16',11,NULL,NULL,NULL,2,0.71,0.00000000,0,1,'Correction du stock pour le produit Lisse_haute','190110152802',0,'',NULL),(55,'2019-01-10 14:29:00','2019-01-10 15:29:01',29,NULL,NULL,NULL,2,48,0.00000000,0,1,'Correction du stock pour le produit Manchon_25','190110152852',0,'',NULL),(56,'2019-01-10 14:32:45','2019-01-10 15:32:45',10,NULL,NULL,NULL,2,2.79,0.00000000,0,1,'Correction du stock pour le produit PAROI_Bois','190110153228',0,'',NULL),(57,'2019-01-10 14:33:44','2019-01-10 15:33:45',36,NULL,NULL,NULL,2,8400,0.00000000,0,1,'Correction du stock pour le produit Pot_panier_50','190110153338',0,'',NULL),(58,'2019-01-10 14:34:23','2019-01-10 15:34:24',2,NULL,NULL,NULL,1,520,0.00000000,0,1,'Correction du stock pour le produit RADO-BD','190110153409',0,'',NULL),(59,'2019-01-10 14:36:18','2019-01-10 15:36:18',3,NULL,NULL,NULL,2,210,0.00000000,0,1,'Correction du stock pour le produit RADO-HD','190110153549',0,'',NULL),(60,'2019-01-10 14:37:31','2019-01-10 15:37:32',3,NULL,NULL,NULL,1,170,0.00000000,0,1,'Correction du stock pour le produit RADO-HD','190110153722',0,'',NULL),(61,'2019-01-10 14:37:32','2019-01-10 15:37:32',3,NULL,NULL,NULL,1,170,0.00000000,0,1,'Correction du stock pour le produit RADO-HD','190110153722',0,'',NULL),(62,'2019-01-10 14:38:15','2019-01-10 15:38:16',3,NULL,NULL,NULL,2,-170,0.00000000,0,1,'Correction du stock pour le produit RADO-HD','190110153740',0,'',NULL),(63,'2019-01-10 14:38:38','2019-01-10 15:38:39',3,NULL,NULL,NULL,1,-170,0.00000000,0,1,'Correction du stock pour le produit RADO-HD','190110153823',0,'',NULL),(64,'2019-01-10 14:39:26','2019-01-10 15:39:26',33,NULL,NULL,NULL,2,6,0.00000000,0,1,'Correction du stock pour le produit Roller','190110153908',0,'',NULL),(65,'2019-01-10 14:40:35','2019-01-10 15:40:36',19,NULL,NULL,NULL,2,5,0.00000000,0,1,'Correction du stock pour le produit TR5025','190110154028',0,'',NULL),(66,'2019-01-10 14:40:51','2019-01-10 15:40:52',12,NULL,NULL,NULL,2,10,0.00000000,0,1,'Correction du stock pour le produit Traversee-bache-63mm','190110154045',0,'',NULL),(67,'2019-01-10 14:41:16','2019-01-10 15:41:16',21,NULL,NULL,NULL,2,145,0.00000000,0,1,'Correction du stock pour le produit Tube_25','190110154109',0,'',NULL),(68,'2019-01-10 14:41:41','2019-01-10 15:41:42',26,NULL,NULL,NULL,2,5,0.00000000,0,1,'Correction du stock pour le produit Vanne_25','190110154135',0,'',NULL),(69,'2019-01-10 14:41:57','2019-01-10 15:41:57',17,NULL,NULL,NULL,2,1,0.00000000,0,1,'Correction du stock pour le produit Vanne_50','190110154152',0,'',NULL),(70,'2019-01-10 14:42:17','2019-01-10 15:42:18',32,NULL,NULL,NULL,2,7,0.00000000,0,1,'Correction du stock pour le produit Vis_Lisse','190110154212',0,'',NULL),(71,'2019-01-10 14:42:57','2019-01-10 15:42:57',35,NULL,NULL,NULL,2,1,0.00000000,0,1,'Correction du stock pour le produit Plateaux_semis','190110154252',0,'',NULL),(72,'2019-01-10 14:43:23','2019-01-10 15:43:23',16,NULL,NULL,NULL,2,1,0.00000000,0,1,'Correction du stock pour le produit Tube_50_long1m','190110154318',0,'',NULL),(73,'2019-01-10 14:44:18','2019-01-10 15:44:19',14,NULL,NULL,NULL,2,2,0.00000000,0,1,'Correction du stock pour le produit Tube_63mm','190110154411',0,'',NULL),(74,'2019-01-10 14:56:17','2019-01-10 15:56:17',2,NULL,NULL,NULL,2,280,0.00000000,0,1,'Correction du stock pour le produit RADO-BD','190110155558',0,'',NULL),(75,'2019-01-10 14:56:50','2019-01-10 15:56:50',2,NULL,NULL,NULL,1,-280,0.00000000,0,1,'Correction du stock pour le produit RADO-BD','190110155635',0,'',NULL),(76,'2019-01-10 14:57:32','2019-01-10 15:57:32',4,NULL,NULL,NULL,1,140,0.00000000,0,1,'Correction du stock pour le produit DIFFUSEUR_AIR_cultures-25_25_75','190110155714',0,'',NULL),(77,'2019-01-10 14:57:45','2019-01-10 15:57:45',4,NULL,NULL,NULL,2,-140,0.00000000,0,1,'Correction du stock pour le produit DIFFUSEUR_AIR_cultures-25_25_75','190110155736',0,'',NULL),(78,'2019-01-15 11:30:43','2019-01-15 12:30:44',46,NULL,NULL,NULL,3,-1,0.00000000,2,1,'Commande CO1901-0012 valid&eacute;e',NULL,15,'commande',NULL),(80,'2019-01-21 12:25:57','2019-01-21 13:25:57',70,NULL,NULL,NULL,2,8,24.47000000,3,1,'Réception de la commande fournisseur PO1901-0020',NULL,48,'order_supplier',NULL),(81,'2019-01-21 12:25:57','2019-01-21 13:25:57',65,NULL,NULL,NULL,2,1,168.00000000,3,1,'Réception de la commande fournisseur PO1901-0020',NULL,48,'order_supplier',NULL),(82,'2019-02-04 20:02:00','2019-02-04 21:02:00',94,NULL,NULL,NULL,2,-1,0.00000000,2,1,'Commande CO1902-0015 valid&eacute;e',NULL,18,'commande',NULL),(83,'2019-02-07 16:38:32','2019-02-07 17:38:32',102,NULL,NULL,NULL,4,-1,504.00000000,2,1,'Commande CO1902-0016 valid&eacute;e',NULL,19,'commande',NULL),(84,'2019-02-07 16:40:34','2019-02-07 17:40:35',102,NULL,NULL,NULL,4,1,0.00000000,3,1,'Commande CO1902-0016 repass&eacute;e en brouillon',NULL,19,'commande',NULL),(85,'2019-02-07 16:41:21','2019-02-07 17:41:22',102,NULL,NULL,NULL,4,-1,504.00000000,2,1,'Commande CO1902-0016 valid&eacute;e',NULL,19,'commande',NULL),(86,'2019-02-08 20:37:38','2019-02-08 21:37:39',94,NULL,NULL,NULL,2,-1,24444.00000000,2,1,'Commande CO1902-0017 valid&eacute;e',NULL,21,'commande',NULL),(87,'2019-02-11 14:18:01','2019-02-11 15:18:02',59,NULL,NULL,NULL,2,2,41.06000000,3,1,'Réception de la commande fournisseur PO1901-0021',NULL,47,'order_supplier',NULL),(88,'2019-02-11 16:19:55','2019-02-11 17:19:55',94,NULL,NULL,NULL,2,-1,9192.00000000,2,1,'Commande CO1901-0014 valid&eacute;e',NULL,17,'commande',NULL),(89,'2019-02-11 16:24:46','2019-02-11 17:24:47',94,NULL,NULL,NULL,3,3,0.00000000,0,1,'Correction du stock pour le produit PAF-40-Pompes','190211172410',0,'',NULL),(90,'2019-02-11 16:25:20','2019-02-11 17:25:20',94,NULL,NULL,NULL,3,-3,0.00000000,1,1,'Transfert de stock du produit PAF-40-Pompes dans un autre entrepôt','190211172455',0,'',NULL),(91,'2019-02-11 16:25:21','2019-02-11 17:25:21',94,NULL,NULL,NULL,2,3,0.00000000,0,1,'Transfert de stock du produit PAF-40-Pompes dans un autre entrepôt','190211172455',0,'',NULL),(92,'2019-02-11 16:26:45','2019-02-11 17:26:46',94,NULL,NULL,NULL,2,1,0.00000000,3,1,'Commande CO1901-0014 repass&eacute;e en brouillon',NULL,17,'commande',NULL),(93,'2019-02-11 16:27:04','2019-02-11 17:27:04',94,NULL,NULL,NULL,2,-1,9192.00000000,2,1,'Commande CO1901-0014 valid&eacute;e',NULL,17,'commande',NULL),(94,'2019-02-11 16:48:54','2019-02-11 17:48:54',77,NULL,NULL,NULL,2,-1,18434.00000000,2,1,'Commande CO1901-0013 valid&eacute;e',NULL,16,'commande',NULL),(95,'2019-02-12 11:17:44','2019-02-12 12:17:44',2,NULL,NULL,NULL,1,157,12.66000000,3,1,'Réception de la commande fournisseur PO1808-0005',NULL,9,'order_supplier',NULL),(96,'2019-02-15 12:39:18','2019-02-15 13:39:19',107,NULL,NULL,NULL,2,-1,2761.60000000,2,1,'Commande CO1902-0017 valid&eacute;e',NULL,22,'commande',NULL),(97,'2019-02-19 17:06:12','2019-02-19 18:06:12',107,NULL,NULL,NULL,2,1,0.00000000,3,1,'Commande CO1902-0017 repass&eacute;e en brouillon',NULL,22,'commande',NULL),(98,'2019-02-19 17:22:45','2019-02-19 18:22:46',107,NULL,NULL,NULL,2,-1,4994.47000000,2,1,'Commande CO1902-0017 valid&eacute;e',NULL,22,'commande',NULL),(99,'2019-03-13 17:25:14','2019-03-13 18:25:14',11,NULL,NULL,NULL,4,110,5.37436000,3,1,'Réception de la commande fournisseur PO1901-0018',NULL,44,'order_supplier',NULL),(100,'2019-03-13 17:25:14','2019-03-13 18:25:15',10,NULL,NULL,NULL,4,110,15.90018000,3,1,'Réception de la commande fournisseur PO1901-0018',NULL,44,'order_supplier',NULL),(101,'2019-03-26 13:47:09','2019-03-26 14:47:09',2,NULL,NULL,NULL,2,875,11.75000000,3,1,'Réception de la commande fournisseur PO1901-0009',NULL,14,'order_supplier',NULL),(102,'2019-03-26 13:47:09','2019-03-26 14:47:10',3,NULL,NULL,NULL,2,120,12.66000000,3,1,'Réception de la commande fournisseur PO1901-0009',NULL,14,'order_supplier',NULL),(103,'2019-03-26 13:47:31','2019-03-26 14:47:31',2,NULL,NULL,NULL,2,875,11.75000000,3,1,'Réception de la commande fournisseur PO1901-0009',NULL,14,'order_supplier',NULL),(104,'2019-03-26 13:47:31','2019-03-26 14:47:31',3,NULL,NULL,NULL,2,120,12.66000000,3,1,'Réception de la commande fournisseur PO1901-0009',NULL,14,'order_supplier',NULL),(105,'2019-03-26 13:48:01','2019-03-26 14:48:01',2,NULL,NULL,NULL,2,-875,11.75000000,3,1,'Réception de la commande fournisseur PO1901-0009',NULL,14,'order_supplier',NULL),(106,'2019-03-26 13:48:01','2019-03-26 14:48:01',3,NULL,NULL,NULL,2,-120,12.66000000,3,1,'Réception de la commande fournisseur PO1901-0009',NULL,14,'order_supplier',NULL),(107,'2019-04-23 06:03:29','2019-04-23 08:03:29',148,NULL,NULL,NULL,4,-5,800.00000000,2,1,'Commande CO1904-0018 valid&eacute;e',NULL,23,'commande',NULL),(108,'2019-04-25 08:13:20','2019-04-25 10:13:20',2,NULL,NULL,NULL,2,-240,15.69000000,2,1,'Commande CO1904-0019 valid&eacute;e',NULL,24,'commande',NULL),(109,'2019-04-25 14:02:21','2019-04-25 16:02:21',3,NULL,NULL,NULL,2,160,12.66000000,3,1,'Réception de la commande fournisseur PO1903-0044',NULL,85,'order_supplier',NULL),(110,'2019-04-29 09:55:59','2019-04-29 11:56:00',96,NULL,NULL,NULL,4,1,6.75500000,3,5,'Réception de la commande fournisseur PO1904-0046',NULL,88,'order_supplier',NULL),(111,'2019-04-29 09:55:59','2019-04-29 11:56:00',97,NULL,NULL,NULL,4,3,6.75500000,3,5,'Réception de la commande fournisseur PO1904-0046',NULL,88,'order_supplier',NULL),(112,'2019-04-29 09:55:59','2019-04-29 11:56:00',112,NULL,NULL,NULL,4,1,0.85300000,3,5,'Réception de la commande fournisseur PO1904-0046',NULL,88,'order_supplier',NULL),(113,'2019-04-29 09:56:00','2019-04-29 11:56:00',111,NULL,NULL,NULL,4,4,4.85500000,3,5,'Réception de la commande fournisseur PO1904-0046',NULL,88,'order_supplier',NULL),(114,'2019-04-29 09:56:00','2019-04-29 11:56:00',68,NULL,NULL,NULL,4,4,0.80600000,3,5,'Réception de la commande fournisseur PO1904-0046',NULL,88,'order_supplier',NULL),(115,'2019-04-29 09:56:00','2019-04-29 11:56:00',29,NULL,NULL,NULL,4,180,0.27000000,3,5,'Réception de la commande fournisseur PO1904-0046',NULL,88,'order_supplier',NULL),(116,'2019-04-29 09:56:00','2019-04-29 11:56:00',145,NULL,NULL,NULL,4,2,4.11750000,3,5,'Réception de la commande fournisseur PO1904-0046',NULL,88,'order_supplier',NULL),(117,'2019-04-29 09:56:00','2019-04-29 11:56:00',114,NULL,NULL,NULL,4,1,1.21400000,3,5,'Réception de la commande fournisseur PO1904-0046',NULL,88,'order_supplier',NULL),(118,'2019-04-29 09:56:00','2019-04-29 11:56:00',149,NULL,NULL,NULL,4,2,2.81500000,3,5,'Réception de la commande fournisseur PO1904-0046',NULL,88,'order_supplier',NULL),(119,'2019-04-29 09:56:00','2019-04-29 11:56:00',110,NULL,NULL,NULL,4,1,1.08100000,3,5,'Réception de la commande fournisseur PO1904-0046',NULL,88,'order_supplier',NULL),(120,'2019-05-10 09:53:42','2019-05-10 11:53:42',144,NULL,NULL,NULL,2,2,21.72000000,3,5,'Réception de la commande fournisseur PO1902-0039',NULL,78,'order_supplier',NULL),(121,'2019-05-10 09:53:42','2019-05-10 11:53:42',142,NULL,NULL,NULL,2,1,312.49000000,3,5,'Réception de la commande fournisseur PO1902-0039',NULL,78,'order_supplier',NULL),(122,'2019-05-10 09:53:42','2019-05-10 11:53:42',143,NULL,NULL,NULL,2,1,387.79000000,3,5,'Réception de la commande fournisseur PO1902-0039',NULL,78,'order_supplier',NULL),(123,'2019-05-27 09:15:19','2019-05-27 11:15:19',3,NULL,NULL,NULL,4,-80,12.66000000,2,1,'Commande CO1905-0020 valid&eacute;e',NULL,26,'commande',NULL),(124,'2019-06-03 07:14:17','2019-06-03 09:14:18',160,NULL,NULL,NULL,2,-2,0.00000000,2,1,'Commande CO1906-0021 valid&eacute;e',NULL,27,'commande',NULL),(125,'2019-06-03 07:14:18','2019-06-03 09:14:18',161,NULL,NULL,NULL,2,-1,0.00000000,2,1,'Commande CO1906-0021 valid&eacute;e',NULL,27,'commande',NULL),(126,'2019-06-03 07:14:18','2019-06-03 09:14:18',162,NULL,NULL,NULL,2,-1,0.00000000,2,1,'Commande CO1906-0021 valid&eacute;e',NULL,27,'commande',NULL),(127,'2019-06-03 07:14:18','2019-06-03 09:14:18',71,NULL,NULL,NULL,2,-10,0.00000000,2,1,'Commande CO1906-0021 valid&eacute;e',NULL,27,'commande',NULL),(128,'2019-06-03 07:14:18','2019-06-03 09:14:18',22,NULL,NULL,NULL,2,-10,0.00000000,2,1,'Commande CO1906-0021 valid&eacute;e',NULL,27,'commande',NULL),(129,'2019-06-03 07:14:18','2019-06-03 09:14:18',29,NULL,NULL,NULL,2,-20,0.00000000,2,1,'Commande CO1906-0021 valid&eacute;e',NULL,27,'commande',NULL),(130,'2019-06-03 07:14:18','2019-06-03 09:14:19',23,NULL,NULL,NULL,2,-10,0.00000000,2,1,'Commande CO1906-0021 valid&eacute;e',NULL,27,'commande',NULL),(131,'2019-06-03 07:14:18','2019-06-03 09:14:19',26,NULL,NULL,NULL,2,-10,0.00000000,2,1,'Commande CO1906-0021 valid&eacute;e',NULL,27,'commande',NULL),(132,'2019-06-03 07:14:18','2019-06-03 09:14:19',166,NULL,NULL,NULL,2,-5,0.00000000,2,1,'Commande CO1906-0021 valid&eacute;e',NULL,27,'commande',NULL),(133,'2019-06-03 07:14:18','2019-06-03 09:14:19',165,NULL,NULL,NULL,2,-3,0.00000000,2,1,'Commande CO1906-0021 valid&eacute;e',NULL,27,'commande',NULL),(134,'2019-06-03 07:14:18','2019-06-03 09:14:19',66,NULL,NULL,NULL,2,-2,0.00000000,2,1,'Commande CO1906-0021 valid&eacute;e',NULL,27,'commande',NULL),(135,'2019-06-03 07:14:18','2019-06-03 09:14:19',163,NULL,NULL,NULL,2,-18,0.00000000,2,1,'Commande CO1906-0021 valid&eacute;e',NULL,27,'commande',NULL),(136,'2019-06-03 07:14:18','2019-06-03 09:14:19',26,NULL,NULL,NULL,2,-4,0.00000000,2,1,'Commande CO1906-0021 valid&eacute;e',NULL,27,'commande',NULL),(137,'2019-06-03 07:14:18','2019-06-03 09:14:19',71,NULL,NULL,NULL,2,-20,0.00000000,2,1,'Commande CO1906-0021 valid&eacute;e',NULL,27,'commande',NULL),(138,'2019-06-03 07:14:18','2019-06-03 09:14:19',22,NULL,NULL,NULL,2,-20,0.00000000,2,1,'Commande CO1906-0021 valid&eacute;e',NULL,27,'commande',NULL),(139,'2019-06-03 07:14:18','2019-06-03 09:14:19',168,NULL,NULL,NULL,2,-2,0.00000000,2,1,'Commande CO1906-0021 valid&eacute;e',NULL,27,'commande',NULL),(140,'2019-06-03 07:14:18','2019-06-03 09:14:19',170,NULL,NULL,NULL,2,-4,0.00000000,2,1,'Commande CO1906-0021 valid&eacute;e',NULL,27,'commande',NULL),(141,'2019-06-03 07:14:18','2019-06-03 09:14:19',29,NULL,NULL,NULL,2,-1,0.00000000,2,1,'Commande CO1906-0021 valid&eacute;e',NULL,27,'commande',NULL),(142,'2019-06-03 07:14:18','2019-06-03 09:14:19',15,NULL,NULL,NULL,2,-31,0.00000000,2,1,'Commande CO1906-0021 valid&eacute;e',NULL,27,'commande',NULL),(143,'2019-06-03 07:14:18','2019-06-03 09:14:19',55,NULL,NULL,NULL,2,-2,0.00000000,2,1,'Commande CO1906-0021 valid&eacute;e',NULL,27,'commande',NULL),(144,'2019-06-03 07:14:18','2019-06-03 09:14:19',66,NULL,NULL,NULL,2,-1,0.00000000,2,1,'Commande CO1906-0021 valid&eacute;e',NULL,27,'commande',NULL),(145,'2019-06-03 07:14:19','2019-06-03 09:14:19',56,NULL,NULL,NULL,2,-2,0.00000000,2,1,'Commande CO1906-0021 valid&eacute;e',NULL,27,'commande',NULL),(146,'2019-06-03 07:14:19','2019-06-03 09:14:19',58,NULL,NULL,NULL,2,-5,0.00000000,2,1,'Commande CO1906-0021 valid&eacute;e',NULL,27,'commande',NULL),(147,'2019-06-03 07:14:19','2019-06-03 09:14:19',14,NULL,NULL,NULL,2,-10,0.00000000,2,1,'Commande CO1906-0021 valid&eacute;e',NULL,27,'commande',NULL),(148,'2019-06-03 07:14:19','2019-06-03 09:14:19',61,NULL,NULL,NULL,2,-2,0.00000000,2,1,'Commande CO1906-0021 valid&eacute;e',NULL,27,'commande',NULL),(149,'2019-06-03 07:14:19','2019-06-03 09:14:19',62,NULL,NULL,NULL,2,-1,0.00000000,2,1,'Commande CO1906-0021 valid&eacute;e',NULL,27,'commande',NULL),(150,'2019-06-03 07:14:19','2019-06-03 09:14:19',63,NULL,NULL,NULL,2,-1,0.00000000,2,1,'Commande CO1906-0021 valid&eacute;e',NULL,27,'commande',NULL),(151,'2019-06-03 07:14:19','2019-06-03 09:14:20',169,NULL,NULL,NULL,2,-4,0.00000000,2,1,'Commande CO1906-0021 valid&eacute;e',NULL,27,'commande',NULL),(152,'2019-06-03 07:14:19','2019-06-03 09:14:20',66,NULL,NULL,NULL,2,-2,0.00000000,2,1,'Commande CO1906-0021 valid&eacute;e',NULL,27,'commande',NULL),(153,'2019-06-03 07:14:19','2019-06-03 09:14:20',67,NULL,NULL,NULL,2,-1,0.00000000,2,1,'Commande CO1906-0021 valid&eacute;e',NULL,27,'commande',NULL),(154,'2019-06-03 07:14:19','2019-06-03 09:14:20',68,NULL,NULL,NULL,2,-4,0.00000000,2,1,'Commande CO1906-0021 valid&eacute;e',NULL,27,'commande',NULL),(155,'2019-06-03 07:14:19','2019-06-03 09:14:20',168,NULL,NULL,NULL,2,-1,0.00000000,2,1,'Commande CO1906-0021 valid&eacute;e',NULL,27,'commande',NULL),(156,'2019-06-03 07:14:19','2019-06-03 09:14:20',149,NULL,NULL,NULL,2,-1,2.81500000,2,1,'Commande CO1906-0021 valid&eacute;e',NULL,27,'commande',NULL),(157,'2019-06-03 07:14:19','2019-06-03 09:14:20',59,NULL,NULL,NULL,2,-2,0.00000000,2,1,'Commande CO1906-0021 valid&eacute;e',NULL,27,'commande',NULL),(158,'2019-06-03 07:14:19','2019-06-03 09:14:20',65,NULL,NULL,NULL,2,-1,0.00000000,2,1,'Commande CO1906-0021 valid&eacute;e',NULL,27,'commande',NULL),(159,'2019-06-03 08:36:25','2019-06-03 10:36:26',2,NULL,NULL,NULL,2,160,12.66000000,3,1,'Réception de la commande fournisseur PO1810-0008',NULL,12,'order_supplier',NULL),(160,'2019-06-03 08:36:25','2019-06-03 10:36:26',3,NULL,NULL,NULL,2,40,12.66000000,3,1,'Réception de la commande fournisseur PO1810-0008',NULL,12,'order_supplier',NULL),(161,'2019-06-05 09:50:13','2019-06-05 11:50:14',45,NULL,NULL,NULL,2,-38,98.00000000,2,1,'Commande CO1906-0021 valid&eacute;e',NULL,28,'commande',NULL),(162,'2019-06-05 09:50:14','2019-06-05 11:50:14',40,NULL,NULL,NULL,2,-1213,83.25000000,2,1,'Commande CO1906-0021 valid&eacute;e',NULL,28,'commande',NULL),(163,'2019-06-05 09:50:14','2019-06-05 11:50:14',44,NULL,NULL,NULL,2,-3,28.00000000,2,1,'Commande CO1906-0021 valid&eacute;e',NULL,28,'commande',NULL),(164,'2019-06-05 09:50:14','2019-06-05 11:50:14',2,NULL,NULL,NULL,2,-2160,15.69000000,2,1,'Commande CO1906-0021 valid&eacute;e',NULL,28,'commande',NULL),(165,'2019-06-05 09:50:14','2019-06-05 11:50:14',3,NULL,NULL,NULL,2,-560,15.69000000,2,1,'Commande CO1906-0021 valid&eacute;e',NULL,28,'commande',NULL),(166,'2019-06-05 09:53:51','2019-06-05 11:53:51',45,NULL,NULL,NULL,2,-38,98.00000000,2,1,'Commande CO1906-0022 valid&eacute;e',NULL,29,'commande',NULL),(167,'2019-06-05 09:53:51','2019-06-05 11:53:51',40,NULL,NULL,NULL,2,-1213,83.25000000,2,1,'Commande CO1906-0022 valid&eacute;e',NULL,29,'commande',NULL),(168,'2019-06-05 09:53:51','2019-06-05 11:53:51',44,NULL,NULL,NULL,2,-3,28.00000000,2,1,'Commande CO1906-0022 valid&eacute;e',NULL,29,'commande',NULL),(169,'2019-06-05 09:53:51','2019-06-05 11:53:51',2,NULL,NULL,NULL,2,-2160,15.69000000,2,1,'Commande CO1906-0022 valid&eacute;e',NULL,29,'commande',NULL),(170,'2019-06-05 09:53:51','2019-06-05 11:53:51',3,NULL,NULL,NULL,2,-560,15.69000000,2,1,'Commande CO1906-0022 valid&eacute;e',NULL,29,'commande',NULL),(171,'2019-06-05 09:57:21','2019-06-05 11:57:22',155,NULL,NULL,NULL,2,-1,18452.00000000,2,1,'Commande CO1906-0023 valid&eacute;e',NULL,30,'commande',NULL),(172,'2019-06-05 09:57:21','2019-06-05 11:57:22',156,NULL,NULL,NULL,2,-1,13263.00000000,2,1,'Commande CO1906-0023 valid&eacute;e',NULL,30,'commande',NULL),(173,'2019-06-05 09:57:21','2019-06-05 11:57:22',81,NULL,NULL,NULL,2,-2,637.00000000,2,1,'Commande CO1906-0023 valid&eacute;e',NULL,30,'commande',NULL),(174,'2019-06-05 09:57:21','2019-06-05 11:57:22',82,NULL,NULL,NULL,2,-3.5,649.00000000,2,1,'Commande CO1906-0023 valid&eacute;e',NULL,30,'commande',NULL),(175,'2019-06-05 09:57:46','2019-06-05 11:57:46',157,NULL,NULL,NULL,2,-5,2852.00000000,2,1,'Commande CO1906-0024 valid&eacute;e',NULL,31,'commande',NULL),(176,'2019-06-05 09:57:46','2019-06-05 11:57:46',158,NULL,NULL,NULL,2,-4,980.00000000,2,1,'Commande CO1906-0024 valid&eacute;e',NULL,31,'commande',NULL),(177,'2019-06-05 09:58:14','2019-06-05 11:58:14',159,NULL,NULL,NULL,2,-2,10162.00000000,2,1,'Commande CO1906-0025 valid&eacute;e',NULL,32,'commande',NULL),(179,'2019-06-13 13:43:07','2019-06-13 15:43:08',70,NULL,NULL,NULL,2,4,24.99000000,3,1,'Réception de la commande fournisseur PO1902-0028',NULL,66,'order_supplier',NULL),(180,'2019-06-13 13:43:07','2019-06-13 15:43:08',88,NULL,NULL,NULL,2,2,169.00000000,3,1,'Réception de la commande fournisseur PO1902-0028',NULL,66,'order_supplier',NULL),(181,'2019-06-13 13:43:07','2019-06-13 15:43:08',90,NULL,NULL,NULL,2,1,45.64000000,3,1,'Réception de la commande fournisseur PO1902-0028',NULL,66,'order_supplier',NULL),(182,'2019-06-13 13:43:07','2019-06-13 15:43:08',89,NULL,NULL,NULL,2,2,16.41000000,3,1,'Réception de la commande fournisseur PO1902-0028',NULL,66,'order_supplier',NULL),(183,'2019-06-13 13:43:07','2019-06-13 15:43:08',86,NULL,NULL,NULL,2,2,39.13000000,3,1,'Réception de la commande fournisseur PO1902-0028',NULL,66,'order_supplier',NULL),(184,'2019-06-14 14:21:42','2019-06-14 16:21:43',150,NULL,NULL,NULL,2,1,20.77250000,3,5,'Réception de la commande fournisseur PO1904-0046',NULL,88,'order_supplier',NULL),(185,'2019-06-17 16:49:50','2019-06-17 18:49:51',152,NULL,NULL,NULL,5,-3,2450.00000000,2,1,'Commande CO1906-0028 valid&eacute;e',NULL,36,'commande',NULL),(186,'2019-06-17 20:22:31','2019-06-17 22:22:32',152,NULL,NULL,NULL,2,3,0.00000000,3,1,'Commande CO1906-0028 repass&eacute;e en brouillon',NULL,36,'commande',NULL),(187,'2019-06-17 20:22:52','2019-06-17 22:22:53',152,NULL,NULL,NULL,2,-3,2450.00000000,2,1,'Commande CO1906-0028 valid&eacute;e',NULL,36,'commande',NULL),(188,'2019-06-17 23:25:27','2019-06-18 01:25:27',191,NULL,NULL,NULL,2,-6,0.00000000,2,1,'Commande CO1906-0029 valid&eacute;e',NULL,37,'commande',NULL),(189,'2019-06-17 23:32:36','2019-06-18 01:32:37',191,NULL,NULL,NULL,2,6,0.00000000,3,1,'Commande CO1906-0029 repass&eacute;e en brouillon',NULL,37,'commande',NULL),(190,'2019-06-21 08:33:35','2019-06-21 10:33:36',69,NULL,NULL,NULL,3,2,1900.42400000,3,5,'Réception de la commande fournisseur PO1901-0019',NULL,49,'order_supplier',NULL),(191,'2019-06-21 08:37:04','2019-06-21 10:37:05',87,NULL,NULL,NULL,3,1,1788.68000000,3,5,'Réception de la commande fournisseur PO1902-0023',NULL,52,'order_supplier',NULL),(192,'2019-06-21 08:37:04','2019-06-21 10:37:05',78,NULL,NULL,NULL,3,1,4467.43200000,3,5,'Réception de la commande fournisseur PO1902-0023',NULL,52,'order_supplier',NULL),(193,'2019-06-21 08:37:04','2019-06-21 10:37:05',78,NULL,NULL,NULL,3,1,4603.23200000,3,5,'Réception de la commande fournisseur PO1902-0023',NULL,52,'order_supplier',NULL),(194,'2019-06-21 08:41:55','2019-06-21 10:41:55',11,NULL,NULL,NULL,3,15,5.38971000,3,5,'Réception de la commande fournisseur PO1903-0043',NULL,84,'order_supplier',NULL),(195,'2019-06-21 08:41:55','2019-06-21 10:41:55',10,NULL,NULL,NULL,3,15,15.90019000,3,5,'Réception de la commande fournisseur PO1903-0043',NULL,84,'order_supplier',NULL),(196,'2019-07-05 12:49:31','2019-07-05 14:49:31',3,NULL,NULL,NULL,5,160,12.66000000,3,5,'Réception de la commande fournisseur PO1906-0077',NULL,129,'order_supplier',NULL),(197,'2019-07-09 09:49:47','2019-07-09 11:49:47',187,NULL,NULL,NULL,2,2,2432.50000000,3,1,'Réception de la commande fournisseur PO1906-0065',NULL,99,'order_supplier',NULL),(198,'2019-07-09 09:54:36','2019-07-09 11:54:36',196,NULL,NULL,NULL,5,1,82.60000000,3,1,'Réception de la commande fournisseur PO1906-0080',NULL,131,'order_supplier',NULL),(199,'2019-07-09 09:54:36','2019-07-09 11:54:36',65,NULL,NULL,NULL,5,1,173.60000000,3,1,'Réception de la commande fournisseur PO1906-0080',NULL,131,'order_supplier',NULL),(200,'2019-07-09 09:54:36','2019-07-09 11:54:37',198,NULL,NULL,NULL,5,1,146.30000000,3,1,'Réception de la commande fournisseur PO1906-0080',NULL,131,'order_supplier',NULL),(201,'2019-07-09 10:07:14','2019-07-09 12:07:14',22,NULL,NULL,NULL,3,70,0.21400000,3,1,'Réception de la commande fournisseur PO1906-0062',NULL,118,'order_supplier',NULL),(202,'2019-07-09 10:07:14','2019-07-09 12:07:14',20,NULL,NULL,NULL,3,25,0.45300000,3,1,'Réception de la commande fournisseur PO1906-0062',NULL,118,'order_supplier',NULL),(203,'2019-07-09 10:07:14','2019-07-09 12:07:14',177,NULL,NULL,NULL,3,1,0.24500000,3,1,'Réception de la commande fournisseur PO1906-0062',NULL,118,'order_supplier',NULL),(204,'2019-07-09 10:07:14','2019-07-09 12:07:14',71,NULL,NULL,NULL,3,28,0.24500000,3,1,'Réception de la commande fournisseur PO1906-0062',NULL,118,'order_supplier',NULL),(205,'2019-07-09 10:07:14','2019-07-09 12:07:14',163,NULL,NULL,NULL,3,20,2.29000000,3,1,'Réception de la commande fournisseur PO1906-0062',NULL,118,'order_supplier',NULL),(206,'2019-07-09 10:07:14','2019-07-09 12:07:14',178,NULL,NULL,NULL,3,26,1.01750000,3,1,'Réception de la commande fournisseur PO1906-0062',NULL,118,'order_supplier',NULL),(207,'2019-07-09 10:07:14','2019-07-09 12:07:14',26,NULL,NULL,NULL,3,12,3.90700000,3,1,'Réception de la commande fournisseur PO1906-0062',NULL,118,'order_supplier',NULL),(208,'2019-07-09 10:15:30','2019-07-09 12:15:30',13,NULL,NULL,NULL,2,85,4.17300000,3,1,'Réception de la commande fournisseur PO1906-0058',NULL,108,'order_supplier',NULL),(209,'2019-07-09 10:15:30','2019-07-09 12:15:30',23,NULL,NULL,NULL,2,50,0.19500000,3,1,'Réception de la commande fournisseur PO1906-0058',NULL,108,'order_supplier',NULL),(210,'2019-07-09 10:15:30','2019-07-09 12:15:30',22,NULL,NULL,NULL,2,250,0.21400000,3,1,'Réception de la commande fournisseur PO1906-0058',NULL,108,'order_supplier',NULL),(211,'2019-07-09 10:15:30','2019-07-09 12:15:30',15,NULL,NULL,NULL,2,20,0.38800000,3,1,'Réception de la commande fournisseur PO1906-0058',NULL,108,'order_supplier',NULL),(212,'2019-07-09 10:15:30','2019-07-09 12:15:30',20,NULL,NULL,NULL,2,50,0.45300000,3,1,'Réception de la commande fournisseur PO1906-0058',NULL,108,'order_supplier',NULL),(213,'2019-07-09 10:15:30','2019-07-09 12:15:30',18,NULL,NULL,NULL,2,6,0.92800000,3,1,'Réception de la commande fournisseur PO1906-0058',NULL,108,'order_supplier',NULL),(214,'2019-07-09 10:15:30','2019-07-09 12:15:30',19,NULL,NULL,NULL,2,45,1.14300000,3,1,'Réception de la commande fournisseur PO1906-0058',NULL,108,'order_supplier',NULL),(215,'2019-07-09 10:15:30','2019-07-09 12:15:30',55,NULL,NULL,NULL,2,85,6.09800000,3,1,'Réception de la commande fournisseur PO1906-0058',NULL,108,'order_supplier',NULL),(216,'2019-07-09 10:15:30','2019-07-09 12:15:30',21,NULL,NULL,NULL,2,1290,0.85100000,3,1,'Réception de la commande fournisseur PO1906-0058',NULL,108,'order_supplier',NULL),(217,'2019-07-09 10:15:30','2019-07-09 12:15:30',16,NULL,NULL,NULL,2,15,1.80500000,3,1,'Réception de la commande fournisseur PO1906-0058',NULL,108,'order_supplier',NULL),(218,'2019-07-09 10:15:30','2019-07-09 12:15:30',14,NULL,NULL,NULL,2,100,2.24800000,3,1,'Réception de la commande fournisseur PO1906-0058',NULL,108,'order_supplier',NULL),(219,'2019-07-09 10:15:30','2019-07-09 12:15:30',26,NULL,NULL,NULL,2,50,3.90700000,3,1,'Réception de la commande fournisseur PO1906-0058',NULL,108,'order_supplier',NULL),(220,'2019-07-09 10:15:30','2019-07-09 12:15:30',17,NULL,NULL,NULL,2,6,5.39600000,3,1,'Réception de la commande fournisseur PO1906-0058',NULL,108,'order_supplier',NULL),(221,'2019-09-20 13:11:35','2019-09-20 15:11:35',8,NULL,NULL,NULL,2,830,2.95000000,3,1,'Réception de la commande fournisseur PO1906-0072',NULL,106,'order_supplier',NULL),(222,'2019-10-14 14:10:07','2019-10-14 16:10:07',236,NULL,NULL,NULL,5,-1,430.40000000,2,5,'Commande CO1910-0029 valid&eacute;e',NULL,37,'commande',NULL),(223,'2019-10-14 14:10:07','2019-10-14 16:10:07',237,NULL,NULL,NULL,5,-1,137.00000000,2,5,'Commande CO1910-0029 valid&eacute;e',NULL,37,'commande',NULL),(224,'2019-10-14 14:23:05','2019-10-14 16:23:05',236,NULL,NULL,NULL,5,1,0.00000000,3,5,'Commande CO1910-0029 repass&eacute;e en brouillon',NULL,37,'commande',NULL),(225,'2019-10-14 14:23:05','2019-10-14 16:23:05',237,NULL,NULL,NULL,5,1,0.00000000,3,5,'Commande CO1910-0029 repass&eacute;e en brouillon',NULL,37,'commande',NULL),(226,'2019-10-14 14:23:19','2019-10-14 16:23:19',236,NULL,NULL,NULL,5,-1,430.40000000,2,5,'Commande CO1910-0029 valid&eacute;e',NULL,37,'commande',NULL),(227,'2019-10-14 14:23:19','2019-10-14 16:23:19',237,NULL,NULL,NULL,5,-1,137.00000000,2,5,'Commande CO1910-0029 valid&eacute;e',NULL,37,'commande',NULL),(228,'2019-11-05 14:58:08','2019-11-05 15:58:08',237,NULL,NULL,NULL,5,1,137.00000000,3,5,'Réception de la commande fournisseur PO1910-0091',NULL,143,'order_supplier',NULL),(229,'2019-11-05 14:58:08','2019-11-05 15:58:08',236,NULL,NULL,NULL,5,1,430.40000000,3,5,'Réception de la commande fournisseur PO1910-0091',NULL,143,'order_supplier',NULL),(230,'2019-11-06 13:32:18','2019-11-06 14:32:18',702,NULL,NULL,NULL,5,-1,976.60000000,2,5,'Commande CO1911-0030 valid&eacute;e',NULL,39,'commande',NULL),(231,'2019-11-19 08:32:50','2019-11-19 09:32:50',706,NULL,NULL,NULL,2,1,438.75000000,3,1,'Réception de la commande fournisseur PO1911-0094',NULL,147,'order_supplier',NULL),(232,'2019-11-19 08:33:06','2019-11-19 09:33:06',706,NULL,NULL,NULL,5,1,438.75000000,3,1,'Réception de la commande fournisseur PO1911-0094',NULL,147,'order_supplier',NULL);

--
-- Table structure for table `llx_subscription`
--

CREATE TABLE `llx_subscription` (
  `rowid` int(11) NOT NULL AUTO_INCREMENT,
  `tms` timestamp NOT NULL DEFAULT CURRENT_TIMESTAMP ON UPDATE CURRENT_TIMESTAMP,
  `datec` datetime DEFAULT NULL,
  `fk_adherent` int(11) DEFAULT NULL,
  `dateadh` datetime DEFAULT NULL,
  `datef` date DEFAULT NULL,
  `subscription` double(24,8) DEFAULT NULL,
  `fk_bank` int(11) DEFAULT NULL,
  `note` text,
  PRIMARY KEY (`rowid`),
  UNIQUE KEY `uk_subscription` (`fk_adherent`,`dateadh`)
) ENGINE=InnoDB DEFAULT CHARSET=utf8;

--
-- Dumping data for table `llx_subscription`
--


--
-- Table structure for table `llx_supplier_proposal`
--

CREATE TABLE `llx_supplier_proposal` (
  `rowid` int(11) NOT NULL AUTO_INCREMENT,
  `ref` varchar(30) NOT NULL,
  `entity` int(11) NOT NULL DEFAULT '1',
  `ref_ext` varchar(255) DEFAULT NULL,
  `ref_int` varchar(255) DEFAULT NULL,
  `fk_soc` int(11) DEFAULT NULL,
  `fk_projet` int(11) DEFAULT NULL,
  `tms` timestamp NOT NULL DEFAULT CURRENT_TIMESTAMP ON UPDATE CURRENT_TIMESTAMP,
  `datec` datetime DEFAULT NULL,
  `date_valid` datetime DEFAULT NULL,
  `date_cloture` datetime DEFAULT NULL,
  `fk_user_author` int(11) DEFAULT NULL,
  `fk_user_modif` int(11) DEFAULT NULL,
  `fk_user_valid` int(11) DEFAULT NULL,
  `fk_user_cloture` int(11) DEFAULT NULL,
  `fk_statut` smallint(6) NOT NULL DEFAULT '0',
  `price` double DEFAULT '0',
  `remise_percent` double DEFAULT '0',
  `remise_absolue` double DEFAULT '0',
  `remise` double DEFAULT '0',
  `total_ht` double(24,8) DEFAULT '0.00000000',
  `tva` double(24,8) DEFAULT '0.00000000',
  `localtax1` double(24,8) DEFAULT '0.00000000',
  `localtax2` double(24,8) DEFAULT '0.00000000',
  `total` double(24,8) DEFAULT '0.00000000',
  `fk_account` int(11) DEFAULT NULL,
  `fk_currency` varchar(3) DEFAULT NULL,
  `fk_cond_reglement` int(11) DEFAULT NULL,
  `fk_mode_reglement` int(11) DEFAULT NULL,
  `note_private` text,
  `note_public` text,
  `model_pdf` varchar(255) DEFAULT NULL,
  `date_livraison` date DEFAULT NULL,
  `fk_shipping_method` int(11) DEFAULT NULL,
  `import_key` varchar(14) DEFAULT NULL,
  `extraparams` varchar(255) DEFAULT NULL,
  `fk_multicurrency` int(11) DEFAULT NULL,
  `multicurrency_code` varchar(255) DEFAULT NULL,
  `multicurrency_tx` double(24,8) DEFAULT '1.00000000',
  `multicurrency_total_ht` double(24,8) DEFAULT '0.00000000',
  `multicurrency_total_tva` double(24,8) DEFAULT '0.00000000',
  `multicurrency_total_ttc` double(24,8) DEFAULT '0.00000000',
  `last_main_doc` varchar(255) DEFAULT NULL,
  PRIMARY KEY (`rowid`)
) ENGINE=InnoDB AUTO_INCREMENT=15 DEFAULT CHARSET=utf8;

--
-- Dumping data for table `llx_supplier_proposal`
--

INSERT INTO `llx_supplier_proposal` (`rowid`, `ref`, `entity`, `ref_ext`, `ref_int`, `fk_soc`, `fk_projet`, `tms`, `datec`, `date_valid`, `date_cloture`, `fk_user_author`, `fk_user_modif`, `fk_user_valid`, `fk_user_cloture`, `fk_statut`, `price`, `remise_percent`, `remise_absolue`, `remise`, `total_ht`, `tva`, `localtax1`, `localtax2`, `total`, `fk_account`, `fk_currency`, `fk_cond_reglement`, `fk_mode_reglement`, `note_private`, `note_public`, `model_pdf`, `date_livraison`, `fk_shipping_method`, `import_key`, `extraparams`, `fk_multicurrency`, `multicurrency_code`, `multicurrency_tx`, `multicurrency_total_ht`, `multicurrency_total_tva`, `multicurrency_total_ttc`, `last_main_doc`) VALUES (2,'RQ1901-0001',1,NULL,NULL,29,1,'2019-01-15 10:13:29','2019-01-07 21:58:30','2019-01-07 22:06:37','2019-01-15 11:13:23',1,NULL,1,1,4,0,NULL,NULL,0,1425.15000000,259.20000000,0.00000000,0.00000000,1684.35000000,NULL,NULL,6,2,'','','aurore','2019-01-28',2,NULL,NULL,0,'EUR',1.00000000,1425.15000000,259.20000000,1684.35000000,NULL),(4,'RQ1905-0002',1,NULL,NULL,28,1,'2019-06-13 14:33:56','2019-05-30 12:16:52','2019-05-31 09:06:17','2019-06-13 16:33:46',1,NULL,5,1,4,0,NULL,NULL,0,153.61000000,30.71000000,0.00000000,0.00000000,184.32000000,NULL,NULL,6,2,'','','aurore',NULL,NULL,NULL,NULL,0,'EUR',1.00000000,153.61000000,30.71000000,184.32000000,NULL),(6,'RQ1906-0003',1,NULL,NULL,55,5,'2019-06-17 12:05:49','2019-06-14 09:01:24','2019-06-17 14:05:00','2019-06-17 14:05:49',1,1,1,1,2,0,NULL,NULL,0,0.00000000,0.00000000,0.00000000,0.00000000,0.00000000,NULL,NULL,3,2,'offre du 17/06/2019 20007051','Selon votre offre du 17/07/18 <br />\r\nDevis N° OF601313-003<br />\r\n<br />\r\nSans le caisson anti-bruit<br />\r\n<br />\r\nBien cordialement,','aurore','2019-07-15',NULL,NULL,NULL,0,'EUR',1.00000000,0.00000000,0.00000000,0.00000000,NULL),(8,'RQ1906-0004',1,NULL,NULL,28,10,'2019-06-21 16:11:17','2019-06-21 09:19:45','2019-06-21 18:11:01','2019-06-21 18:11:17',1,1,1,1,2,0,NULL,NULL,0,329.29000000,65.85000000,0.00000000,0.00000000,395.14000000,NULL,NULL,6,2,'','A LIVRER A L\'ADRESSE SUIVANTE :<br />\r\nAquaponie developpement<br />\r\nC/O De l\'eau à la bouche<br />\r\n3,chemin de Montion<br />\r\n33670 Le Pout ','aurore',NULL,NULL,NULL,NULL,0,'EUR',1.00000000,329.29000000,65.85000000,395.14000000,NULL),(9,'RQ1907-0005',1,NULL,NULL,28,1,'2019-11-20 10:38:58','2019-07-15 09:32:30','2019-07-15 09:33:02','2019-11-20 11:38:58',1,NULL,1,5,2,0,NULL,NULL,0,18.73000000,3.74000000,0.00000000,0.00000000,22.47000000,NULL,NULL,NULL,NULL,'','','aurore',NULL,NULL,NULL,NULL,0,'EUR',1.00000000,18.73000000,3.74000000,22.47000000,NULL),(10,'RQ1909-0006',1,NULL,NULL,28,5,'2019-11-20 10:39:29','2019-09-25 22:32:23','2019-10-02 09:30:27','2019-11-20 11:39:29',1,1,5,5,2,0,NULL,NULL,0,2509.28000000,501.78000000,0.00000000,0.00000000,3011.06000000,NULL,NULL,NULL,NULL,'Réseaux généraux amenée air+ eau cultures','','aurore',NULL,NULL,NULL,NULL,0,'EUR',1.00000000,2509.28000000,501.78000000,3011.06000000,NULL),(13,'RQ1911-0008',1,NULL,NULL,28,10,'2019-11-18 08:57:46','2019-11-11 17:49:18','2019-11-18 09:56:50','2019-11-18 09:57:46',1,NULL,5,5,2,0,NULL,NULL,0,246.38000000,49.25000000,0.00000000,0.00000000,295.63000000,NULL,NULL,3,2,'','','aurore',NULL,NULL,NULL,NULL,0,'EUR',1.00000000,246.38000000,49.25000000,295.63000000,NULL),(14,'RQ1912-0009',1,NULL,NULL,28,NULL,'2019-12-09 14:17:33','2019-12-09 15:16:57','2019-12-09 15:17:33',NULL,5,NULL,5,NULL,1,0,NULL,NULL,0,48.47000000,9.69000000,0.00000000,0.00000000,58.16000000,NULL,NULL,6,6,'','','aurore',NULL,NULL,NULL,NULL,0,'EUR',1.00000000,48.47000000,9.69000000,58.16000000,NULL);

--
-- Table structure for table `llx_supplier_proposal_extrafields`
--

CREATE TABLE `llx_supplier_proposal_extrafields` (
  `rowid` int(11) NOT NULL AUTO_INCREMENT,
  `tms` timestamp NOT NULL DEFAULT CURRENT_TIMESTAMP ON UPDATE CURRENT_TIMESTAMP,
  `fk_object` int(11) NOT NULL,
  `import_key` varchar(14) DEFAULT NULL,
  PRIMARY KEY (`rowid`)
) ENGINE=InnoDB DEFAULT CHARSET=utf8;

--
-- Dumping data for table `llx_supplier_proposal_extrafields`
--


--
-- Table structure for table `llx_supplier_proposaldet`
--

CREATE TABLE `llx_supplier_proposaldet` (
  `rowid` int(11) NOT NULL AUTO_INCREMENT,
  `fk_supplier_proposal` int(11) NOT NULL,
  `fk_parent_line` int(11) DEFAULT NULL,
  `fk_product` int(11) DEFAULT NULL,
  `label` varchar(255) DEFAULT NULL,
  `description` text,
  `fk_remise_except` int(11) DEFAULT NULL,
  `vat_src_code` varchar(10) DEFAULT '',
  `tva_tx` double(6,3) DEFAULT '0.000',
  `localtax1_tx` double(6,3) DEFAULT '0.000',
  `localtax1_type` varchar(10) DEFAULT NULL,
  `localtax2_tx` double(6,3) DEFAULT '0.000',
  `localtax2_type` varchar(10) DEFAULT NULL,
  `qty` double DEFAULT NULL,
  `remise_percent` double DEFAULT '0',
  `remise` double DEFAULT '0',
  `price` double DEFAULT NULL,
  `subprice` double(24,8) DEFAULT '0.00000000',
  `total_ht` double(24,8) DEFAULT '0.00000000',
  `total_tva` double(24,8) DEFAULT '0.00000000',
  `total_localtax1` double(24,8) DEFAULT '0.00000000',
  `total_localtax2` double(24,8) DEFAULT '0.00000000',
  `total_ttc` double(24,8) DEFAULT '0.00000000',
  `product_type` int(11) DEFAULT '0',
  `info_bits` int(11) DEFAULT '0',
  `buy_price_ht` double(24,8) DEFAULT '0.00000000',
  `fk_product_fournisseur_price` int(11) DEFAULT NULL,
  `special_code` int(11) DEFAULT '0',
  `rang` int(11) DEFAULT '0',
  `ref_fourn` varchar(30) DEFAULT NULL,
  `fk_multicurrency` int(11) DEFAULT NULL,
  `multicurrency_code` varchar(255) DEFAULT NULL,
  `multicurrency_subprice` double(24,8) DEFAULT '0.00000000',
  `multicurrency_total_ht` double(24,8) DEFAULT '0.00000000',
  `multicurrency_total_tva` double(24,8) DEFAULT '0.00000000',
  `multicurrency_total_ttc` double(24,8) DEFAULT '0.00000000',
  `fk_unit` int(11) DEFAULT NULL,
  PRIMARY KEY (`rowid`),
  KEY `idx_supplier_proposaldet_fk_supplier_proposal` (`fk_supplier_proposal`),
  KEY `idx_supplier_proposaldet_fk_product` (`fk_product`),
  KEY `fk_supplier_proposaldet_fk_unit` (`fk_unit`),
  CONSTRAINT `fk_supplier_proposaldet_fk_supplier_proposal` FOREIGN KEY (`fk_supplier_proposal`) REFERENCES `llx_supplier_proposal` (`rowid`),
  CONSTRAINT `fk_supplier_proposaldet_fk_unit` FOREIGN KEY (`fk_unit`) REFERENCES `llx_c_units` (`rowid`)
) ENGINE=InnoDB AUTO_INCREMENT=150 DEFAULT CHARSET=utf8;

--
-- Dumping data for table `llx_supplier_proposaldet`
--

INSERT INTO `llx_supplier_proposaldet` (`rowid`, `fk_supplier_proposal`, `fk_parent_line`, `fk_product`, `label`, `description`, `fk_remise_except`, `vat_src_code`, `tva_tx`, `localtax1_tx`, `localtax1_type`, `localtax2_tx`, `localtax2_type`, `qty`, `remise_percent`, `remise`, `price`, `subprice`, `total_ht`, `total_tva`, `total_localtax1`, `total_localtax2`, `total_ttc`, `product_type`, `info_bits`, `buy_price_ht`, `fk_product_fournisseur_price`, `special_code`, `rang`, `ref_fourn`, `fk_multicurrency`, `multicurrency_code`, `multicurrency_subprice`, `multicurrency_total_ht`, `multicurrency_total_tva`, `multicurrency_total_ttc`, `fk_unit`) VALUES (3,2,NULL,36,NULL,'',NULL,'',20.000,0.000,'0',0.000,'0',21600,0,0,0.06,0.06000000,1296.00000000,259.20000000,0.00000000,0.00000000,1555.20000000,0,0,0.00000000,NULL,0,1,'XXPO01001',NULL,'EUR',0.06000000,1296.00000000,259.20000000,1555.20000000,NULL),(4,2,NULL,24,'Joint top hat','Joint permettant la connexion entre un tuyau PV et un diffuseur &agrave; air ou un capillaire d&#39;a&eacute;ration de 4-6mm',NULL,'',0.000,0.000,'0',0.000,'0',315,0,0,NULL,0.41000000,129.15000000,0.00000000,0.00000000,0.00000000,129.15000000,0,0,0.41000000,31,0,2,'XXJN01001',NULL,'EUR',0.41000000,129.15000000,0.00000000,129.15000000,NULL),(5,2,NULL,NULL,NULL,'Port &agrave;&nbsp;<br />\r\nAquaponie Developpement<br />\r\nC/O Messagerie du Libournais<br />\r\nZA &nbsp;de Camparian Nord<br />\r\n33870 Vayres<br />\r\n&nbsp;',NULL,'',20.000,0.000,'0',0.000,'0',1,0,0,NULL,NULL,0.00000000,0.00000000,0.00000000,0.00000000,0.00000000,1,0,0.00000000,NULL,0,3,'',NULL,'EUR',0.00000000,0.00000000,0.00000000,0.00000000,NULL),(7,4,NULL,179,NULL,'',NULL,'',20.000,0.000,'0',0.000,'0',2,0,0,10.455,10.45500000,20.91000000,4.18000000,0.00000000,0.00000000,25.09000000,0,0,0.00000000,NULL,0,1,'RU90',NULL,'EUR',10.45500000,20.91000000,4.18000000,25.09000000,NULL),(8,4,NULL,129,NULL,'',NULL,'',20.000,0.000,'0',0.000,'0',8,0,0,3.482,3.48200000,27.86000000,5.57000000,0.00000000,0.00000000,33.43000000,0,0,0.00000000,NULL,0,2,'B20190',NULL,'EUR',3.48200000,27.86000000,5.57000000,33.43000000,NULL),(9,4,NULL,124,NULL,'',NULL,'',20.000,0.000,'0',0.000,'0',8,0,0,2.376,2.37600000,19.01000000,3.80000000,0.00000000,0.00000000,22.81000000,0,0,0.00000000,NULL,0,3,'B20120',NULL,'EUR',2.37600000,19.01000000,3.80000000,22.81000000,NULL),(10,4,NULL,180,NULL,'',NULL,'',20.000,0.000,'0',0.000,'0',2,0,0,12.128,12.12800000,24.26000000,4.85000000,0.00000000,0.00000000,29.11000000,0,0,0.00000000,NULL,0,4,'ARV10050',NULL,'EUR',12.12800000,24.26000000,4.85000000,29.11000000,NULL),(11,4,NULL,181,'Clapet anti-retour pour eau diam 63 en T','',NULL,'',20.000,0.000,'0',0.000,'0',1,0,0,NULL,12.02000000,12.02000000,2.40000000,0.00000000,0.00000000,14.42000000,0,0,12.02000000,192,0,5,'CARBT63',NULL,'EUR',12.02000000,12.02000000,2.40000000,14.42000000,NULL),(12,4,NULL,182,'Clapet anti-retour pour eau diam 110 a coller','',NULL,'',20.000,0.000,'0',0.000,'0',1,0,0,NULL,49.55000000,49.55000000,9.91000000,0.00000000,0.00000000,59.46000000,0,0,49.55000000,193,0,6,'CAR110',NULL,'EUR',49.55000000,49.55000000,9.91000000,59.46000000,NULL),(14,6,NULL,184,'Ventilateur haute pression pour système de culture + accessoires','',NULL,'',20.000,0.000,'0',0.000,'0',2,0,0,NULL,NULL,0.00000000,0.00000000,0.00000000,0.00000000,0.00000000,0,0,1467.50000000,NULL,0,1,'',NULL,'EUR',0.00000000,0.00000000,0.00000000,0.00000000,NULL),(15,6,NULL,186,'Soufflante a debit variable pour installation piscicole + accessoires','',NULL,'',20.000,0.000,'0',0.000,'0',2,0,0,NULL,NULL,0.00000000,0.00000000,0.00000000,0.00000000,0.00000000,0,0,0.00000000,NULL,0,2,'',NULL,'EUR',0.00000000,0.00000000,0.00000000,0.00000000,NULL),(18,8,NULL,160,'F90 a coller x F3\'\' a visser','',NULL,'',20.000,0.000,'0',0.000,'0',2,0,0,NULL,5.69500000,11.39000000,2.28000000,0.00000000,0.00000000,13.67000000,0,0,5.69500000,171,0,2,'EF110903',NULL,'EUR',5.69500000,11.39000000,2.28000000,13.67000000,NULL),(19,8,NULL,161,NULL,'',NULL,'',20.000,0.000,'0',0.000,'0',2,0,0,0.52,0.52000000,1.04000000,0.21000000,0.00000000,0.00000000,1.25000000,0,0,0.00000000,NULL,0,3,'EF63502',NULL,'EUR',0.52000000,1.04000000,0.21000000,1.25000000,NULL),(20,8,NULL,162,NULL,'',NULL,'',20.000,0.000,'0',0.000,'0',2,0,0,0.306,0.30600000,0.61000000,0.12000000,0.00000000,0.00000000,0.73000000,0,0,0.00000000,NULL,0,4,'RS5040',NULL,'EUR',0.30600000,0.61000000,0.12000000,0.73000000,NULL),(21,8,NULL,NULL,'Branchement pompes','',NULL,'',0.000,0.000,'0',0.000,'0',99,0,0,NULL,NULL,0.00000000,0.00000000,0.00000000,0.00000000,0.00000000,9,0,0.00000000,NULL,104777,5,'',NULL,'EUR',0.00000000,0.00000000,0.00000000,0.00000000,NULL),(22,8,NULL,NULL,'Divers stock plomb','',NULL,'',0.000,0.000,'0',0.000,'0',1,0,0,NULL,NULL,0.00000000,0.00000000,0.00000000,0.00000000,0.00000000,9,0,0.00000000,NULL,104777,6,'',NULL,'EUR',0.00000000,0.00000000,0.00000000,0.00000000,NULL),(23,8,NULL,NULL,'Branchement popes DLALB','',NULL,'',0.000,0.000,'0',0.000,'0',1,0,0,NULL,NULL,0.00000000,0.00000000,0.00000000,0.00000000,0.00000000,9,0,0.00000000,NULL,104777,1,'',NULL,'EUR',0.00000000,0.00000000,0.00000000,0.00000000,NULL),(24,8,NULL,71,'Té égal à coller 25mm','',NULL,'',20.000,0.000,'0',0.000,'0',10,0,0,NULL,0.24500000,2.45000000,0.49000000,0.00000000,0.00000000,2.94000000,0,0,0.24500000,91,0,7,'T9025',NULL,'EUR',0.24500000,2.45000000,0.49000000,2.94000000,NULL),(25,8,NULL,22,'Coude 90° diam 25 mm','',NULL,'',20.000,0.000,'0',0.000,'0',20,0,0,NULL,0.21400000,4.28000000,0.86000000,0.00000000,0.00000000,5.14000000,0,0,0.21400000,29,0,8,'C9025',NULL,'EUR',0.21400000,4.28000000,0.86000000,5.14000000,NULL),(26,8,NULL,29,NULL,'',NULL,'',20.000,0.000,'0',0.000,'0',20,0,0,0.214,0.21400000,4.28000000,0.86000000,0.00000000,0.00000000,5.14000000,0,0,0.00000000,NULL,0,9,'M25',NULL,'EUR',0.21400000,4.28000000,0.86000000,5.14000000,NULL),(27,8,NULL,23,'Bouchon diam 25mm','',NULL,'',20.000,0.000,'0',0.000,'0',10,0,0,NULL,0.19500000,1.95000000,0.39000000,0.00000000,0.00000000,2.34000000,0,0,0.19500000,30,0,10,'B25',NULL,'EUR',0.19500000,1.95000000,0.39000000,2.34000000,NULL),(28,8,NULL,26,'Vanne sphérique diam 25mm','',NULL,'',20.000,0.000,'0',0.000,'0',10,0,0,NULL,3.90700000,39.07000000,7.81000000,0.00000000,0.00000000,46.88000000,0,0,3.90700000,32,0,11,'VAC25',NULL,'EUR',3.90700000,39.07000000,7.81000000,46.88000000,NULL),(29,8,NULL,166,NULL,'',NULL,'',20.000,0.000,'0',0.000,'0',5,0,0,1.877,1.87700000,9.39000000,1.87000000,0.00000000,0.00000000,11.26000000,0,0,0.00000000,NULL,0,12,'C9075',NULL,'EUR',1.87700000,9.39000000,1.87000000,11.26000000,NULL),(30,8,NULL,165,NULL,'',NULL,'',20.000,0.000,'0',0.000,'0',3,0,0,2.662,2.66200000,7.99000000,1.59000000,0.00000000,0.00000000,9.58000000,0,0,0.00000000,NULL,0,13,'T9075',NULL,'EUR',2.66200000,7.99000000,1.59000000,9.58000000,NULL),(31,8,NULL,NULL,'Liste Pierrot','',NULL,'',0.000,0.000,'0',0.000,'0',1,0,0,NULL,NULL,0.00000000,0.00000000,0.00000000,0.00000000,0.00000000,9,0,0.00000000,NULL,104777,14,'',NULL,'EUR',0.00000000,0.00000000,0.00000000,0.00000000,NULL),(32,8,NULL,66,'femelle à coller x mâle à visser / femelle à coller 50x2\"/50','femelle &agrave; coller x m&acirc;le &agrave; visser / femelle &agrave; coller<br />\r\n50x2&quot;/50',NULL,'',20.000,0.000,'0',0.000,'0',2,0,0,NULL,4.09800000,8.20000000,1.64000000,0.00000000,0.00000000,9.84000000,0,0,4.09800000,84,0,15,'7209050',NULL,'EUR',4.09800000,8.20000000,1.64000000,9.84000000,NULL),(33,8,NULL,163,'Femelle a collerxmale a visser/femelle a coller','',NULL,'',20.000,0.000,'0',0.000,'0',18,0,0,NULL,2.29000000,41.22000000,8.24000000,0.00000000,0.00000000,49.46000000,0,0,2.29000000,174,0,16,'7209025',NULL,'EUR',2.29000000,41.22000000,8.24000000,49.46000000,NULL),(34,8,NULL,26,'Vanne sphérique diam 25mm','',NULL,'',20.000,0.000,'0',0.000,'0',4,0,0,NULL,3.90700000,15.63000000,3.12000000,0.00000000,0.00000000,18.75000000,0,0,3.90700000,32,0,17,'VAC25',NULL,'EUR',3.90700000,15.63000000,3.12000000,18.75000000,NULL),(35,8,NULL,71,'Té égal à coller 25mm','',NULL,'',20.000,0.000,'0',0.000,'0',20,0,0,NULL,0.24500000,4.90000000,0.98000000,0.00000000,0.00000000,5.88000000,0,0,0.24500000,91,0,18,'T9025',NULL,'EUR',0.24500000,4.90000000,0.98000000,5.88000000,NULL),(36,8,NULL,22,'Coude 90° diam 25 mm','',NULL,'',20.000,0.000,'0',0.000,'0',20,0,0,NULL,0.21400000,4.28000000,0.86000000,0.00000000,0.00000000,5.14000000,0,0,0.21400000,29,0,19,'C9025',NULL,'EUR',0.21400000,4.28000000,0.86000000,5.14000000,NULL),(37,8,NULL,168,NULL,'',NULL,'',20.000,0.000,'0',0.000,'0',2,0,0,1.448,1.44800000,2.90000000,0.58000000,0.00000000,0.00000000,3.48000000,0,0,0.00000000,NULL,0,20,'RU50',NULL,'EUR',1.44800000,2.90000000,0.58000000,3.48000000,NULL),(38,8,NULL,170,NULL,'',NULL,'',20.000,0.000,'0',0.000,'0',4,0,0,0.377,0.37700000,1.51000000,0.30000000,0.00000000,0.00000000,1.81000000,0,0,0.00000000,NULL,0,21,'M50',NULL,'EUR',0.37700000,1.51000000,0.30000000,1.81000000,NULL),(40,8,NULL,NULL,'Mineralisation','',NULL,'',0.000,0.000,'0',0.000,'0',1,0,0,NULL,NULL,0.00000000,0.00000000,0.00000000,0.00000000,0.00000000,9,0,0.00000000,NULL,104777,22,'',NULL,'EUR',0.00000000,0.00000000,0.00000000,0.00000000,NULL),(41,8,NULL,15,'Coude 90° diam 50mm','',NULL,'',20.000,0.000,'0',0.000,'0',10,0,0,NULL,0.38800000,3.88000000,0.78000000,0.00000000,0.00000000,4.66000000,0,0,0.38800000,22,0,23,'C9050',NULL,'EUR',0.38800000,3.88000000,0.78000000,4.66000000,NULL),(42,8,NULL,55,'Passe-paroi 63mm','',NULL,'',20.000,0.000,'0',0.000,'0',2,0,0,NULL,6.09800000,12.20000000,2.44000000,0.00000000,0.00000000,14.64000000,0,0,6.09800000,73,0,24,'7209063',NULL,'EUR',6.09800000,12.20000000,2.44000000,14.64000000,NULL),(43,8,NULL,66,NULL,'femelle &agrave; coller x m&acirc;le &agrave; visser / femelle &agrave; coller<br />\r\n50x2&quot;/50',NULL,'',20.000,0.000,'0',0.000,'0',3,0,0,4.098,4.09800000,12.29000000,2.46000000,0.00000000,0.00000000,14.75000000,0,0,0.00000000,NULL,0,25,'7209050',NULL,'EUR',4.09800000,12.29000000,2.46000000,14.75000000,NULL),(44,8,NULL,56,'Raccord cannelé à écrou libre tuyau 60/2\"1/2','',NULL,'',20.000,0.000,'0',0.000,'0',2,0,0,NULL,3.03500000,6.07000000,1.21000000,0.00000000,0.00000000,7.28000000,0,0,3.03500000,74,0,26,'RCE60',NULL,'EUR',3.03500000,6.07000000,1.21000000,7.28000000,NULL),(45,8,NULL,58,'Collier de serrage 50*70 inox','',NULL,'',20.000,0.000,'0',0.000,'0',5,0,0,NULL,0.64400000,3.22000000,0.64000000,0.00000000,0.00000000,3.86000000,0,0,0.64400000,76,0,27,'ASFALi5070',NULL,'EUR',0.64400000,3.22000000,0.64000000,3.86000000,NULL),(46,8,NULL,14,NULL,'',NULL,'',20.000,0.000,'0',0.000,'0',10,0,0,2.248,2.24800000,22.48000000,4.50000000,0.00000000,0.00000000,26.98000000,0,0,0.00000000,NULL,0,28,'TP63/102',NULL,'EUR',2.24800000,22.48000000,4.50000000,26.98000000,NULL),(48,8,NULL,62,'Manchon mixte renforcé femelle à coller 63*2\" à visser','',NULL,'',20.000,0.000,'0',0.000,'0',1,0,0,NULL,2.25000000,2.25000000,0.45000000,0.00000000,0.00000000,2.70000000,0,0,2.25000000,80,0,29,'MM63R',NULL,'EUR',2.25000000,2.25000000,0.45000000,2.70000000,NULL),(49,8,NULL,63,'Manchon mixte renforcé femelle à coller 50*1\"1/2 à visser','',NULL,'',20.000,0.000,'0',0.000,'0',1,0,0,NULL,1.54000000,1.54000000,0.31000000,0.00000000,0.00000000,1.85000000,0,0,1.54000000,81,0,30,'MM50R',NULL,'EUR',1.54000000,1.54000000,0.31000000,1.85000000,NULL),(50,8,NULL,169,NULL,'',NULL,'',20.000,0.000,'0',0.000,'0',4,0,0,1.839,1.83900000,7.36000000,1.47000000,0.00000000,0.00000000,8.83000000,0,0,0.00000000,NULL,0,31,'TP50/162',NULL,'EUR',1.83900000,7.36000000,1.47000000,8.83000000,NULL),(51,8,NULL,67,'Vanne sphérique diam 63mm','',NULL,'',20.000,0.000,'0',0.000,'0',1,0,0,NULL,8.38400000,8.38000000,1.68000000,0.00000000,0.00000000,10.06000000,0,0,8.38400000,85,0,32,'VAC63',NULL,'EUR',8.38400000,8.38000000,1.68000000,10.06000000,NULL),(52,8,NULL,68,'Coude 90° diam 63mm','',NULL,'',20.000,0.000,'0',0.000,'0',4,0,0,NULL,0.80600000,3.22000000,0.65000000,0.00000000,0.00000000,3.87000000,0,0,0.80600000,86,0,33,'C9063',NULL,'EUR',0.80600000,3.22000000,0.65000000,3.87000000,NULL),(53,8,NULL,168,NULL,'',NULL,'',20.000,0.000,'0',0.000,'0',1,0,0,1.448,1.44800000,1.45000000,0.29000000,0.00000000,0.00000000,1.74000000,0,0,0.00000000,NULL,0,34,'RU50',NULL,'EUR',1.44800000,1.45000000,0.29000000,1.74000000,NULL),(54,8,NULL,149,NULL,'',NULL,'',20.000,0.000,'0',0.000,'0',1,0,0,2.275,2.27500000,2.28000000,0.45000000,0.00000000,0.00000000,2.73000000,0,0,0.00000000,NULL,0,35,'RU63',NULL,'EUR',2.27500000,2.28000000,0.45000000,2.73000000,NULL),(55,8,NULL,197,'Bouchon diam110','',NULL,'',20.000,0.000,'0',0.000,'0',2,0,0,NULL,5.49500000,10.99000000,2.20000000,0.00000000,0.00000000,13.19000000,0,0,5.49500000,208,0,36,'B110',NULL,'EUR',5.49500000,10.99000000,2.20000000,13.19000000,NULL),(56,8,NULL,19,'T réduit 50/25','',NULL,'',20.000,0.000,'0',0.000,'0',1,0,0,NULL,1.14300000,1.14000000,0.23000000,0.00000000,0.00000000,1.37000000,0,0,1.14300000,26,0,37,'TR5025',NULL,'EUR',1.14300000,1.14000000,0.23000000,1.37000000,NULL),(57,8,NULL,111,'Coude 90° diam 110','',NULL,'',20.000,0.000,'0',0.000,'0',3,0,0,NULL,4.85500000,14.57000000,2.91000000,0.00000000,0.00000000,17.48000000,0,0,4.85500000,123,0,38,'C90110',NULL,'EUR',4.85500000,14.57000000,2.91000000,17.48000000,NULL),(58,8,NULL,NULL,NULL,'Port',NULL,'',20.000,0.000,'0',0.000,'0',1,0,0,NULL,54.88000000,54.88000000,10.98000000,0.00000000,0.00000000,65.86000000,0,0,0.00000000,NULL,0,39,'',NULL,'EUR',54.88000000,54.88000000,10.98000000,65.86000000,NULL),(59,9,NULL,204,'Embout taraudé M1/F x F a visser 100/90*3\'\'','',NULL,'',20.000,0.000,'0',0.000,'0',2,75,0,NULL,37.45000000,18.73000000,3.74000000,0.00000000,0.00000000,22.47000000,0,0,37.45000000,215,0,1,'ET110903',NULL,'EUR',37.45000000,18.73000000,3.74000000,22.47000000,NULL),(60,10,NULL,NULL,'Air','',NULL,'',0.000,0.000,'0',0.000,'0',1,0,0,NULL,NULL,0.00000000,0.00000000,0.00000000,0.00000000,0.00000000,9,0,0.00000000,NULL,104777,1,'',NULL,'EUR',0.00000000,0.00000000,0.00000000,0.00000000,NULL),(61,10,NULL,207,NULL,'',NULL,'',20.000,0.000,'0',0.000,'0',1,0,0,4.118,4.11800000,4.12000000,0.82000000,0.00000000,0.00000000,4.94000000,0,0,0.00000000,NULL,0,2,'RC11050',NULL,'EUR',4.11800000,4.12000000,0.82000000,4.94000000,NULL),(62,10,NULL,15,'Coude 90° diam 50mm','',NULL,'',20.000,0.000,'0',0.000,'0',2,0,0,NULL,0.38800000,0.78000000,0.15000000,0.00000000,0.00000000,0.93000000,0,0,0.38800000,22,0,3,'C9050',NULL,'EUR',0.38800000,0.78000000,0.15000000,0.93000000,NULL),(63,10,NULL,119,'Coude 90° diam 90','',NULL,'',20.000,0.000,'0',0.000,'0',2,0,0,NULL,3.15200000,6.30000000,1.26000000,0.00000000,0.00000000,7.56000000,0,0,3.15200000,131,0,4,'C9090',NULL,'EUR',3.15200000,6.30000000,1.26000000,7.56000000,NULL),(64,10,NULL,72,'Bouchon diam 50mm','',NULL,'',20.000,0.000,'0',0.000,'0',4,0,0,NULL,0.67500000,2.70000000,0.54000000,0.00000000,0.00000000,3.24000000,0,0,0.67500000,89,0,6,'B50',NULL,'EUR',0.67500000,2.70000000,0.54000000,3.24000000,NULL),(67,10,NULL,209,NULL,'',NULL,'',20.000,0.000,'0',0.000,'0',2,0,0,2.203,2.20300000,4.41000000,0.88000000,0.00000000,0.00000000,5.29000000,0,0,0.00000000,NULL,0,7,'RS11090',NULL,'EUR',2.20300000,4.41000000,0.88000000,5.29000000,NULL),(68,10,NULL,210,NULL,'',NULL,'',20.000,0.000,'0',0.000,'0',1,0,0,1.285,1.28500000,1.29000000,0.25000000,0.00000000,0.00000000,1.54000000,0,0,0.00000000,NULL,0,8,'RS9050',NULL,'EUR',1.28500000,1.29000000,0.25000000,1.54000000,NULL),(70,10,NULL,211,NULL,'',NULL,'',20.000,0.000,'0',0.000,'0',20,0,0,5.85,5.85000000,117.00000000,23.40000000,0.00000000,0.00000000,140.40000000,0,0,0.00000000,NULL,0,9,'TR9050',NULL,'EUR',5.85000000,117.00000000,23.40000000,140.40000000,NULL),(73,10,NULL,212,NULL,'',NULL,'',20.000,0.000,'0',0.000,'0',6,0,0,9.07,9.07000000,54.42000000,10.88000000,0.00000000,0.00000000,65.30000000,0,0,0.00000000,NULL,0,10,'TR11050',NULL,'EUR',9.07000000,54.42000000,10.88000000,65.30000000,NULL),(76,10,NULL,213,NULL,'',NULL,'',20.000,0.000,'0',0.000,'0',30,0,0,0.255,0.25500000,7.65000000,1.53000000,0.00000000,0.00000000,9.18000000,0,0,0.00000000,NULL,0,11,'RS5025',NULL,'EUR',0.25500000,7.65000000,1.53000000,9.18000000,NULL),(78,10,NULL,214,NULL,'',NULL,'',20.000,0.000,'0',0.000,'0',40,0,0,0.178,0.17800000,7.12000000,1.42000000,0.00000000,0.00000000,8.54000000,0,0,0.00000000,NULL,0,12,'B20',NULL,'EUR',0.17800000,7.12000000,1.42000000,8.54000000,NULL),(79,10,NULL,NULL,'Eau retour','',NULL,'',0.000,0.000,'0',0.000,'0',1,0,0,NULL,NULL,0.00000000,0.00000000,0.00000000,0.00000000,0.00000000,9,0,0.00000000,NULL,104777,13,'',NULL,'EUR',0.00000000,0.00000000,0.00000000,0.00000000,NULL),(85,10,NULL,13,NULL,'',NULL,'',20.000,0.000,'0',0.000,'0',4,0,0,4.173,4.17300000,16.69000000,3.34000000,0.00000000,0.00000000,20.03000000,0,0,0.00000000,NULL,0,14,'BEND9063',NULL,'EUR',4.17300000,16.69000000,3.34000000,20.03000000,NULL),(86,10,NULL,218,NULL,'',NULL,'',20.000,0.000,'0',0.000,'0',2,0,0,7.691,7.69100000,15.38000000,3.08000000,0.00000000,0.00000000,18.46000000,0,0,0.00000000,NULL,0,15,'C45125',NULL,'EUR',7.69100000,15.38000000,3.08000000,18.46000000,NULL),(87,10,NULL,216,NULL,'',NULL,'',20.000,0.000,'0',0.000,'0',1,0,0,3.743,3.74300000,3.74000000,0.75000000,0.00000000,0.00000000,4.49000000,0,0,0.00000000,NULL,0,16,'RS12590',NULL,'EUR',3.74300000,3.74000000,0.75000000,4.49000000,NULL),(88,10,NULL,117,NULL,'',NULL,'',20.000,0.000,'0',0.000,'0',2,0,0,1.214,1.21400000,2.43000000,0.48000000,0.00000000,0.00000000,2.91000000,0,0,0.00000000,NULL,0,17,'RS9063',NULL,'EUR',1.21400000,2.43000000,0.48000000,2.91000000,NULL),(89,10,NULL,217,NULL,'',NULL,'',20.000,0.000,'0',0.000,'0',1,0,0,11.016,11.01600000,11.02000000,2.20000000,0.00000000,0.00000000,13.22000000,0,0,0.00000000,NULL,0,18,'T90125',NULL,'EUR',11.01600000,11.02000000,2.20000000,13.22000000,NULL),(90,10,NULL,118,'Té égal 90mm','',NULL,'',20.000,0.000,'0',0.000,'0',1,0,0,NULL,4.00900000,4.01000000,0.80000000,0.00000000,0.00000000,4.81000000,0,0,4.00900000,130,0,19,'T9090',NULL,'EUR',4.00900000,4.01000000,0.80000000,4.81000000,NULL),(91,10,NULL,NULL,'Eau amenee','',NULL,'',0.000,0.000,'0',0.000,'0',1,0,0,NULL,NULL,0.00000000,0.00000000,0.00000000,0.00000000,0.00000000,9,0,0.00000000,NULL,104777,20,'',NULL,'EUR',0.00000000,0.00000000,0.00000000,0.00000000,NULL),(92,10,NULL,17,'Vanne sphérique diam 50mm','',NULL,'',20.000,0.000,'0',0.000,'0',1,0,0,NULL,5.39600000,5.40000000,1.08000000,0.00000000,0.00000000,6.48000000,0,0,5.39600000,24,0,21,'VAC50',NULL,'EUR',5.39600000,5.40000000,1.08000000,6.48000000,NULL),(93,10,NULL,219,NULL,'',NULL,'',20.000,0.000,'0',0.000,'0',3,0,0,48.47,48.47000000,145.41000000,29.08000000,0.00000000,0.00000000,174.49000000,0,0,0.00000000,NULL,0,22,'VAC90',NULL,'EUR',48.47000000,145.41000000,29.08000000,174.49000000,NULL),(95,10,NULL,220,NULL,'',NULL,'',20.000,0.000,'0',0.000,'0',1,0,0,15.955,15.95500000,15.96000000,3.19000000,0.00000000,0.00000000,19.15000000,0,0,0.00000000,NULL,0,23,'RUM90F',NULL,'EUR',15.95500000,15.96000000,3.19000000,19.15000000,NULL),(96,10,NULL,15,'Coude 90° diam 50mm','',NULL,'',20.000,0.000,'0',0.000,'0',6,0,0,NULL,0.38800000,2.33000000,0.46000000,0.00000000,0.00000000,2.79000000,0,0,0.38800000,22,0,24,'C9050',NULL,'EUR',0.38800000,2.33000000,0.46000000,2.79000000,NULL),(97,10,NULL,119,'Coude 90° diam 90','',NULL,'',20.000,0.000,'0',0.000,'0',4,0,0,NULL,3.15200000,12.61000000,2.52000000,0.00000000,0.00000000,15.13000000,0,0,3.15200000,131,0,25,'C9090',NULL,'EUR',3.15200000,12.61000000,2.52000000,15.13000000,NULL),(99,10,NULL,221,NULL,'',NULL,'',20.000,0.000,'0',0.000,'0',2,0,0,0.673,0.67300000,1.35000000,0.27000000,0.00000000,0.00000000,1.62000000,0,0,0.00000000,NULL,0,26,'RS7550',NULL,'EUR',0.67300000,1.35000000,0.27000000,1.62000000,NULL),(101,10,NULL,210,NULL,'',NULL,'',20.000,0.000,'0',0.000,'0',1,0,0,1.285,1.28500000,1.29000000,0.25000000,0.00000000,0.00000000,1.54000000,0,0,0.00000000,NULL,0,27,'RS9050',NULL,'EUR',1.28500000,1.29000000,0.25000000,1.54000000,NULL),(102,10,NULL,222,NULL,'',NULL,'',20.000,0.000,'0',0.000,'0',1,0,0,1.214,1.21400000,1.21000000,0.25000000,0.00000000,0.00000000,1.46000000,0,0,0.00000000,NULL,0,28,'RS9075',NULL,'EUR',1.21400000,1.21000000,0.25000000,1.46000000,NULL),(103,10,NULL,165,'T égal à 90°, diam75mm','',NULL,'',20.000,0.000,'0',0.000,'0',1,0,0,NULL,2.66200000,2.66000000,0.53000000,0.00000000,0.00000000,3.19000000,0,0,2.66200000,175,0,29,'T9075',NULL,'EUR',2.66200000,2.66000000,0.53000000,3.19000000,NULL),(104,10,NULL,118,'Té égal 90mm','',NULL,'',20.000,0.000,'0',0.000,'0',2,0,0,NULL,4.00900000,8.02000000,1.60000000,0.00000000,0.00000000,9.62000000,0,0,4.00900000,130,0,30,'T9090',NULL,'EUR',4.00900000,8.02000000,1.60000000,9.62000000,NULL),(105,10,NULL,NULL,'Tubes','',NULL,'',0.000,0.000,'0',0.000,'0',1,0,0,NULL,NULL,0.00000000,0.00000000,0.00000000,0.00000000,0.00000000,9,0,0.00000000,NULL,104777,31,'',NULL,'EUR',0.00000000,0.00000000,0.00000000,0.00000000,NULL),(107,10,NULL,223,NULL,'',NULL,'',20.000,0.000,'0',0.000,'0',36,0,0,7.154,7.15400000,257.54000000,51.51000000,0.00000000,0.00000000,309.05000000,0,0,0.00000000,NULL,0,32,'TP125/10',NULL,'EUR',7.15400000,257.54000000,51.51000000,309.05000000,NULL),(108,10,NULL,224,NULL,'',NULL,'',20.000,0.000,'0',0.000,'0',30,0,0,2.248,2.24800000,67.44000000,13.49000000,0.00000000,0.00000000,80.93000000,0,0,0.00000000,NULL,0,33,'TP63/10',NULL,'EUR',2.24800000,67.44000000,13.49000000,80.93000000,NULL),(109,10,NULL,116,NULL,'',NULL,'',20.000,0.000,'0',0.000,'0',84,0,0,4.58,4.58000000,384.72000000,76.94000000,0.00000000,0.00000000,461.66000000,0,0,0.00000000,NULL,0,34,'TP90/10',NULL,'EUR',4.58000000,384.72000000,76.94000000,461.66000000,NULL),(110,10,NULL,113,NULL,'',NULL,'',20.000,0.000,'0',0.000,'0',42,0,0,5.516,5.51600000,231.67000000,46.34000000,0.00000000,0.00000000,278.01000000,0,0,0.00000000,NULL,0,35,'TP110/10',NULL,'EUR',5.51600000,231.67000000,46.34000000,278.01000000,NULL),(111,10,NULL,225,NULL,'',NULL,'',20.000,0.000,'0',0.000,'0',75,0,0,1.408,1.40800000,105.60000000,21.12000000,0.00000000,0.00000000,126.72000000,0,0,0.00000000,NULL,0,36,'TP50/10',NULL,'EUR',1.40800000,105.60000000,21.12000000,126.72000000,NULL),(112,10,NULL,226,NULL,'',NULL,'',20.000,0.000,'0',0.000,'0',42,0,0,3.236,3.23600000,135.91000000,27.18000000,0.00000000,0.00000000,163.09000000,0,0,0.00000000,NULL,0,37,'TP75/10',NULL,'EUR',3.23600000,135.91000000,27.18000000,163.09000000,NULL),(114,10,NULL,133,NULL,'',NULL,'',20.000,0.000,'0',0.000,'0',4,0,0,5.825,5.82500000,23.30000000,4.66000000,0.00000000,0.00000000,27.96000000,0,0,0.00000000,NULL,0,39,'N351/2P',NULL,'EUR',5.82500000,23.30000000,4.66000000,27.96000000,NULL),(116,10,NULL,134,NULL,'',NULL,'',20.000,0.000,'0',0.000,'0',3,0,0,37.205,37.20500000,111.62000000,22.32000000,0.00000000,0.00000000,133.94000000,0,0,0.00000000,NULL,0,40,'LXS300',NULL,'EUR',37.20500000,111.62000000,22.32000000,133.94000000,NULL),(117,10,NULL,136,'Gants pour collagePVC -12 paires taille 10','',NULL,'',20.000,0.000,'0',0.000,'0',1,0,0,NULL,13.57500000,13.58000000,2.71000000,0.00000000,0.00000000,16.29000000,0,0,13.57500000,146,0,41,'GANT1',NULL,'EUR',13.57500000,13.58000000,2.71000000,16.29000000,NULL),(118,10,NULL,228,NULL,'',NULL,'',20.000,0.000,'0',0.000,'0',1,0,0,29.945,29.94500000,29.95000000,5.98000000,0.00000000,0.00000000,35.93000000,0,0,0.00000000,NULL,0,42,'CHAMOIS',NULL,'EUR',29.94500000,29.95000000,5.98000000,35.93000000,NULL),(119,10,NULL,135,'Papier à poncer grain100','',NULL,'',20.000,0.000,'0',0.000,'0',1,0,0,NULL,16.92000000,16.92000000,3.38000000,0.00000000,0.00000000,20.30000000,0,0,16.92000000,145,0,43,'GR100',NULL,'EUR',16.92000000,16.92000000,3.38000000,20.30000000,NULL),(121,10,NULL,229,NULL,'',NULL,'',20.000,0.000,'0',0.000,'0',3,0,0,141.175,141.17500000,423.53000000,84.70000000,0.00000000,0.00000000,508.23000000,0,0,0.00000000,NULL,0,44,'CHANF160',NULL,'EUR',141.17500000,423.53000000,84.70000000,508.23000000,NULL),(122,10,NULL,NULL,'Divers','',NULL,'',0.000,0.000,'0',0.000,'0',1,0,0,NULL,NULL,0.00000000,0.00000000,0.00000000,0.00000000,0.00000000,9,0,0.00000000,NULL,104777,38,'',NULL,'EUR',0.00000000,0.00000000,0.00000000,0.00000000,NULL),(123,10,NULL,208,NULL,'',NULL,'',20.000,0.000,'0',0.000,'0',1,0,0,2.203,2.20300000,2.20000000,0.44000000,0.00000000,0.00000000,2.64000000,0,0,0.00000000,NULL,0,5,'RS11050',NULL,'EUR',2.20300000,2.20000000,0.44000000,2.64000000,NULL),(128,10,NULL,NULL,NULL,'FRAIS DE PORT',NULL,'',20.000,0.000,'0',0.000,'0',1,0,0,NULL,250.00000000,250.00000000,50.00000000,0.00000000,0.00000000,300.00000000,0,0,0.00000000,NULL,0,45,'PORT',NULL,'EUR',250.00000000,250.00000000,50.00000000,300.00000000,NULL),(129,13,NULL,26,NULL,'',NULL,'',20.000,0.000,'0',0.000,'0',5,0,0,3.907,3.90700000,19.54000000,3.90000000,0.00000000,0.00000000,23.44000000,0,0,0.00000000,NULL,0,1,'VAC25',NULL,'EUR',3.90700000,19.54000000,3.90000000,23.44000000,NULL),(131,13,NULL,707,NULL,'',NULL,'',20.000,0.000,'0',0.000,'0',15,0,0,4.447,4.44700000,66.71000000,13.34000000,0.00000000,0.00000000,80.05000000,0,0,0.00000000,NULL,0,2,'VAC32',NULL,'EUR',4.44700000,66.71000000,13.34000000,80.05000000,NULL),(132,13,NULL,219,'Vanne sphérique diam 90mm','',NULL,'',20.000,0.000,'0',0.000,'0',2,0,0,NULL,48.47000000,96.94000000,19.39000000,0.00000000,0.00000000,116.33000000,0,0,48.47000000,233,0,3,'VAC90',NULL,'EUR',48.47000000,96.94000000,19.39000000,116.33000000,NULL),(133,13,NULL,118,'Té égal 90mm','',NULL,'',20.000,0.000,'0',0.000,'0',2,0,0,NULL,4.00900000,8.02000000,1.60000000,0.00000000,0.00000000,9.62000000,0,0,4.00900000,130,0,4,'T9090',NULL,'EUR',4.00900000,8.02000000,1.60000000,9.62000000,NULL),(134,13,NULL,119,NULL,'',NULL,'',20.000,0.000,'0',0.000,'0',3,0,0,3.152,3.15200000,9.46000000,1.89000000,0.00000000,0.00000000,11.35000000,0,0,0.00000000,NULL,0,5,'C9090',NULL,'EUR',3.15200000,9.46000000,1.89000000,11.35000000,NULL),(138,13,NULL,708,NULL,'',NULL,'',20.000,0.000,'0',0.000,'0',1,0,0,11.575,11.57500000,11.58000000,2.31000000,0.00000000,0.00000000,13.89000000,0,0,0.00000000,NULL,0,6,'RUM40MPLT',NULL,'EUR',11.57500000,11.58000000,2.31000000,13.89000000,NULL),(140,13,NULL,710,NULL,'',NULL,'',20.000,0.000,'0',0.000,'0',1,0,0,1.143,1.14300000,1.14000000,0.23000000,0.00000000,0.00000000,1.37000000,0,0,0.00000000,NULL,0,7,'RC6340',NULL,'EUR',1.14300000,1.14000000,0.23000000,1.37000000,NULL),(141,13,NULL,15,'Coude 90° diam 50mm','',NULL,'',20.000,0.000,'0',0.000,'0',4,0,0,NULL,0.38800000,1.55000000,0.31000000,0.00000000,0.00000000,1.86000000,0,0,0.38800000,22,0,8,'C9050',NULL,'EUR',0.38800000,1.55000000,0.31000000,1.86000000,NULL),(142,13,NULL,109,'T égal 50/50','',NULL,'',20.000,0.000,'0',0.000,'0',2,0,0,NULL,0.68300000,1.37000000,0.27000000,0.00000000,0.00000000,1.64000000,0,0,0.68300000,121,0,9,'T9050',NULL,'EUR',0.68300000,1.37000000,0.27000000,1.64000000,NULL),(143,13,NULL,170,'Manchon a coller pour tube diam 50mm','',NULL,'',20.000,0.000,'0',0.000,'0',4,0,0,NULL,0.37700000,1.51000000,0.30000000,0.00000000,0.00000000,1.81000000,0,0,0.37700000,179,0,10,'M50',NULL,'EUR',0.37700000,1.51000000,0.30000000,1.81000000,NULL),(144,13,NULL,29,NULL,'',NULL,'',20.000,0.000,'0',0.000,'0',5,0,0,0.214,0.21400000,1.07000000,0.21000000,0.00000000,0.00000000,1.28000000,0,0,0.00000000,NULL,0,11,'M25',NULL,'EUR',0.21400000,1.07000000,0.21000000,1.28000000,NULL),(145,13,NULL,709,NULL,'',NULL,'',20.000,0.000,'0',0.000,'0',1,0,0,15.62,15.62000000,15.62000000,3.12000000,0.00000000,0.00000000,18.74000000,0,0,0.00000000,NULL,0,12,'RUM50MPLT',NULL,'EUR',15.62000000,15.62000000,3.12000000,18.74000000,NULL),(147,13,NULL,711,NULL,'',NULL,'',20.000,0.000,'0',0.000,'0',2,0,0,0.541,0.54100000,1.08000000,0.22000000,0.00000000,0.00000000,1.30000000,0,0,0.00000000,NULL,0,13,'C4550',NULL,'EUR',0.54100000,1.08000000,0.22000000,1.30000000,NULL),(148,13,NULL,17,'Vanne sphérique diam 50mm à coller','',NULL,'',20.000,0.000,'0',0.000,'0',2,0,0,NULL,5.39600000,10.79000000,2.16000000,0.00000000,0.00000000,12.95000000,0,0,5.39600000,24,0,14,'VAC50',NULL,'EUR',5.39600000,10.79000000,2.16000000,12.95000000,NULL),(149,14,NULL,219,'Vanne sphérique diam 90mm à coller','',NULL,'',20.000,0.000,'0',0.000,'0',1,0,0,NULL,48.47000000,48.47000000,9.69000000,0.00000000,0.00000000,58.16000000,0,0,48.47000000,233,0,1,'VAC90',NULL,'EUR',48.47000000,48.47000000,9.69000000,58.16000000,NULL);

--
-- Table structure for table `llx_supplier_proposaldet_extrafields`
--

CREATE TABLE `llx_supplier_proposaldet_extrafields` (
  `rowid` int(11) NOT NULL AUTO_INCREMENT,
  `tms` timestamp NOT NULL DEFAULT CURRENT_TIMESTAMP ON UPDATE CURRENT_TIMESTAMP,
  `fk_object` int(11) NOT NULL,
  `import_key` varchar(14) DEFAULT NULL,
  `show_total_ht` int(10) DEFAULT NULL,
  `show_reduc` int(10) DEFAULT NULL,
  `subtotal_nc` varchar(255) DEFAULT NULL,
  PRIMARY KEY (`rowid`)
) ENGINE=InnoDB AUTO_INCREMENT=214 DEFAULT CHARSET=utf8;

--
-- Dumping data for table `llx_supplier_proposaldet_extrafields`
--

INSERT INTO `llx_supplier_proposaldet_extrafields` (`rowid`, `tms`, `fk_object`, `import_key`, `show_total_ht`, `show_reduc`, `subtotal_nc`) VALUES (6,'2019-05-30 10:20:20',11,NULL,NULL,NULL,NULL),(7,'2019-05-30 10:21:18',12,NULL,NULL,NULL,NULL),(8,'2019-05-31 07:04:13',7,NULL,NULL,NULL,NULL),(10,'2019-05-31 07:05:15',9,NULL,NULL,NULL,NULL),(11,'2019-05-31 07:05:34',8,NULL,NULL,NULL,NULL),(12,'2019-05-31 07:05:56',10,NULL,NULL,NULL,NULL),(13,'2019-06-13 13:37:03',13,NULL,NULL,NULL,NULL),(14,'2019-06-14 07:30:00',14,NULL,NULL,NULL,NULL),(15,'2019-06-14 07:30:37',15,NULL,NULL,NULL,NULL),(16,'2019-06-14 09:56:44',16,NULL,NULL,NULL,NULL),(18,'2019-06-21 07:20:19',18,NULL,NULL,NULL,NULL),(21,'2019-06-21 07:22:07',24,NULL,NULL,NULL,NULL),(22,'2019-06-21 07:22:33',25,NULL,NULL,NULL,NULL),(24,'2019-06-21 07:23:57',27,NULL,NULL,NULL,NULL),(25,'2019-06-21 07:24:15',28,NULL,NULL,NULL,NULL),(28,'2019-06-21 07:25:28',32,NULL,NULL,NULL,NULL),(29,'2019-06-21 07:25:46',33,NULL,NULL,NULL,NULL),(30,'2019-06-21 07:26:18',34,NULL,NULL,NULL,NULL),(31,'2019-06-21 07:47:40',35,NULL,NULL,NULL,NULL),(32,'2019-06-21 07:48:37',36,NULL,NULL,NULL,NULL),(36,'2019-06-21 07:51:54',41,NULL,NULL,NULL,NULL),(37,'2019-06-21 07:52:10',42,NULL,NULL,NULL,NULL),(39,'2019-06-21 07:52:41',44,NULL,NULL,NULL,NULL),(40,'2019-06-21 07:53:02',45,NULL,NULL,NULL,NULL),(43,'2019-06-21 07:53:53',48,NULL,NULL,NULL,NULL),(44,'2019-06-21 07:54:05',49,NULL,NULL,NULL,NULL),(46,'2019-06-21 07:55:10',43,NULL,NULL,NULL,NULL),(47,'2019-06-21 07:55:36',51,NULL,NULL,NULL,NULL),(48,'2019-06-21 07:56:07',52,NULL,NULL,NULL,NULL),(51,'2019-06-21 07:56:59',55,NULL,NULL,NULL,NULL),(52,'2019-06-21 07:57:13',56,NULL,NULL,NULL,NULL),(53,'2019-06-21 07:57:36',57,NULL,NULL,NULL,NULL),(61,'2019-06-21 15:50:14',19,NULL,NULL,NULL,NULL),(62,'2019-06-21 15:50:48',20,NULL,NULL,NULL,NULL),(63,'2019-06-21 15:51:23',26,NULL,NULL,NULL,NULL),(64,'2019-06-21 15:52:19',29,NULL,NULL,NULL,NULL),(65,'2019-06-21 15:53:37',30,NULL,NULL,NULL,NULL),(66,'2019-06-21 15:54:38',37,NULL,NULL,NULL,NULL),(67,'2019-06-21 15:54:59',38,NULL,NULL,NULL,NULL),(68,'2019-06-21 15:58:51',53,NULL,NULL,NULL,NULL),(69,'2019-06-21 15:59:26',54,NULL,NULL,NULL,NULL),(70,'2019-06-21 16:00:54',50,NULL,NULL,NULL,NULL),(71,'2019-06-21 16:02:01',46,NULL,NULL,NULL,NULL),(73,'2019-06-21 16:10:12',58,NULL,NULL,NULL,NULL),(74,'2019-07-15 07:32:49',59,NULL,NULL,NULL,NULL),(76,'2019-09-25 20:34:24',62,NULL,NULL,NULL,NULL),(77,'2019-09-25 20:34:49',63,NULL,NULL,NULL,NULL),(78,'2019-09-25 20:35:09',64,NULL,NULL,NULL,NULL),(104,'2019-09-25 22:07:32',88,NULL,NULL,NULL,NULL),(106,'2019-09-25 22:09:12',90,NULL,NULL,NULL,NULL),(107,'2019-09-25 22:19:50',92,NULL,NULL,NULL,NULL),(111,'2019-09-25 22:28:11',96,NULL,NULL,NULL,NULL),(112,'2019-09-25 22:28:33',97,NULL,NULL,NULL,NULL),(118,'2019-09-25 22:35:55',103,NULL,NULL,NULL,NULL),(119,'2019-09-25 22:36:23',104,NULL,NULL,NULL,NULL),(134,'2019-09-25 23:07:52',114,NULL,NULL,NULL,NULL),(137,'2019-09-25 23:14:46',117,NULL,NULL,NULL,NULL),(139,'2019-09-25 23:15:47',119,NULL,NULL,NULL,NULL),(142,'2019-09-27 13:04:15',116,NULL,NULL,NULL,NULL),(148,'2019-10-02 07:01:54',124,NULL,NULL,NULL,NULL),(149,'2019-10-02 07:02:08',125,NULL,NULL,NULL,NULL),(150,'2019-10-02 07:02:21',126,NULL,NULL,NULL,NULL),(151,'2019-10-02 07:07:36',61,NULL,NULL,NULL,NULL),(154,'2019-10-02 07:09:22',123,NULL,NULL,NULL,NULL),(155,'2019-10-02 07:10:27',67,NULL,NULL,NULL,NULL),(156,'2019-10-02 07:10:54',68,NULL,NULL,NULL,NULL),(159,'2019-10-02 07:12:02',76,NULL,NULL,NULL,NULL),(161,'2019-10-02 07:12:56',86,NULL,NULL,NULL,NULL),(162,'2019-10-02 07:13:20',87,NULL,NULL,NULL,NULL),(164,'2019-10-02 07:14:00',89,NULL,NULL,NULL,NULL),(166,'2019-10-02 07:15:09',95,NULL,NULL,NULL,NULL),(167,'2019-10-02 07:15:43',99,NULL,NULL,NULL,NULL),(168,'2019-10-02 07:16:07',101,NULL,NULL,NULL,NULL),(169,'2019-10-02 07:16:40',102,NULL,NULL,NULL,NULL),(170,'2019-10-02 07:17:23',107,NULL,NULL,NULL,NULL),(171,'2019-10-02 07:17:48',108,NULL,NULL,NULL,NULL),(172,'2019-10-02 07:18:16',109,NULL,NULL,NULL,NULL),(173,'2019-10-02 07:18:40',110,NULL,NULL,NULL,NULL),(175,'2019-10-02 07:19:32',112,NULL,NULL,NULL,NULL),(176,'2019-10-02 07:20:16',118,NULL,NULL,NULL,NULL),(177,'2019-10-02 07:21:17',121,NULL,NULL,NULL,NULL),(178,'2019-10-02 07:27:04',111,NULL,NULL,NULL,NULL),(179,'2019-10-02 07:27:53',128,NULL,NULL,NULL,NULL),(180,'2019-10-02 07:28:50',70,NULL,NULL,NULL,NULL),(181,'2019-10-02 07:29:03',73,NULL,NULL,NULL,NULL),(182,'2019-10-02 07:29:16',78,NULL,NULL,NULL,NULL),(183,'2019-10-02 07:29:25',85,NULL,NULL,NULL,NULL),(184,'2019-10-02 07:29:33',93,NULL,NULL,NULL,NULL),(188,'2019-11-11 17:04:06',132,NULL,NULL,NULL,NULL),(189,'2019-11-11 17:05:51',133,NULL,NULL,NULL,NULL),(197,'2019-11-11 17:48:23',141,NULL,NULL,NULL,NULL),(198,'2019-11-11 17:49:05',142,NULL,NULL,NULL,NULL),(199,'2019-11-11 17:49:43',143,NULL,NULL,NULL,NULL),(203,'2019-11-11 17:53:10',134,NULL,NULL,NULL,NULL),(205,'2019-11-11 17:54:44',148,NULL,NULL,NULL,NULL),(206,'2019-11-12 09:40:07',129,NULL,NULL,NULL,NULL),(207,'2019-11-18 08:51:02',131,NULL,NULL,NULL,NULL),(208,'2019-11-18 08:52:16',138,NULL,NULL,NULL,NULL),(209,'2019-11-18 08:52:51',140,NULL,NULL,NULL,NULL),(210,'2019-11-18 08:53:57',145,NULL,NULL,NULL,NULL),(211,'2019-11-18 08:54:23',147,NULL,NULL,NULL,NULL),(212,'2019-11-18 08:56:05',144,NULL,NULL,NULL,NULL),(213,'2019-12-09 14:17:20',149,NULL,NULL,NULL,NULL);

--
-- Table structure for table `llx_ticket`
--

CREATE TABLE `llx_ticket` (
  `rowid` int(11) NOT NULL AUTO_INCREMENT,
  `entity` int(11) DEFAULT '1',
  `ref` varchar(128) NOT NULL,
  `track_id` varchar(128) NOT NULL,
  `fk_soc` int(11) DEFAULT '0',
  `fk_project` int(11) DEFAULT '0',
  `origin_email` varchar(128) DEFAULT NULL,
  `fk_user_create` int(11) DEFAULT NULL,
  `fk_user_assign` int(11) DEFAULT NULL,
  `subject` varchar(255) DEFAULT NULL,
  `message` text,
  `fk_statut` int(11) DEFAULT NULL,
  `resolution` int(11) DEFAULT NULL,
  `progress` varchar(100) DEFAULT NULL,
  `timing` varchar(20) DEFAULT NULL,
  `type_code` varchar(32) DEFAULT NULL,
  `category_code` varchar(32) DEFAULT NULL,
  `severity_code` varchar(32) DEFAULT NULL,
  `datec` datetime DEFAULT NULL,
  `date_read` datetime DEFAULT NULL,
  `date_close` datetime DEFAULT NULL,
  `notify_tiers_at_create` tinyint(4) DEFAULT NULL,
  `tms` timestamp NOT NULL DEFAULT CURRENT_TIMESTAMP ON UPDATE CURRENT_TIMESTAMP,
  PRIMARY KEY (`rowid`),
  UNIQUE KEY `uk_ticket_track_id` (`track_id`)
) ENGINE=InnoDB DEFAULT CHARSET=utf8;

--
-- Dumping data for table `llx_ticket`
--


--
-- Table structure for table `llx_ticket_extrafields`
--

CREATE TABLE `llx_ticket_extrafields` (
  `rowid` int(11) NOT NULL AUTO_INCREMENT,
  `tms` timestamp NOT NULL DEFAULT CURRENT_TIMESTAMP ON UPDATE CURRENT_TIMESTAMP,
  `fk_object` int(11) NOT NULL,
  `import_key` varchar(14) DEFAULT NULL,
  PRIMARY KEY (`rowid`)
) ENGINE=InnoDB DEFAULT CHARSET=utf8;

--
-- Dumping data for table `llx_ticket_extrafields`
--


--
-- Table structure for table `llx_ticket_logs`
--

CREATE TABLE `llx_ticket_logs` (
  `rowid` int(11) NOT NULL AUTO_INCREMENT,
  `entity` int(11) DEFAULT '1',
  `fk_track_id` varchar(128) DEFAULT NULL,
  `fk_user_create` int(11) DEFAULT NULL,
  `datec` datetime DEFAULT NULL,
  `message` text,
  PRIMARY KEY (`rowid`),
  KEY `fk_ticket_logs_fk_track_id` (`fk_track_id`),
  CONSTRAINT `fk_ticket_logs_fk_track_id` FOREIGN KEY (`fk_track_id`) REFERENCES `llx_ticket` (`track_id`)
) ENGINE=InnoDB DEFAULT CHARSET=utf8;

--
-- Dumping data for table `llx_ticket_logs`
--


--
-- Table structure for table `llx_ticket_msg`
--

CREATE TABLE `llx_ticket_msg` (
  `rowid` int(11) NOT NULL AUTO_INCREMENT,
  `entity` int(11) DEFAULT '1',
  `fk_track_id` varchar(128) DEFAULT NULL,
  `fk_user_action` int(11) DEFAULT NULL,
  `datec` datetime DEFAULT NULL,
  `message` text,
  `private` int(11) DEFAULT '0',
  PRIMARY KEY (`rowid`),
  KEY `fk_ticket_msg_fk_track_id` (`fk_track_id`),
  CONSTRAINT `fk_ticket_msg_fk_track_id` FOREIGN KEY (`fk_track_id`) REFERENCES `llx_ticket` (`track_id`)
) ENGINE=InnoDB DEFAULT CHARSET=utf8;

--
-- Dumping data for table `llx_ticket_msg`
--


--
-- Table structure for table `llx_tva`
--

CREATE TABLE `llx_tva` (
  `rowid` int(11) NOT NULL AUTO_INCREMENT,
  `tms` timestamp NOT NULL DEFAULT CURRENT_TIMESTAMP ON UPDATE CURRENT_TIMESTAMP,
  `datec` date DEFAULT NULL,
  `datep` date DEFAULT NULL,
  `datev` date DEFAULT NULL,
  `amount` double(24,8) DEFAULT NULL,
  `fk_typepayment` int(11) DEFAULT NULL,
  `num_payment` varchar(50) DEFAULT NULL,
  `label` varchar(255) DEFAULT NULL,
  `entity` int(11) NOT NULL DEFAULT '1',
  `note` text,
  `fk_bank` int(11) DEFAULT NULL,
  `fk_user_creat` int(11) DEFAULT NULL,
  `fk_user_modif` int(11) DEFAULT NULL,
  `import_key` varchar(14) DEFAULT NULL,
  PRIMARY KEY (`rowid`)
) ENGINE=InnoDB AUTO_INCREMENT=8 DEFAULT CHARSET=utf8;

--
-- Dumping data for table `llx_tva`
--

INSERT INTO `llx_tva` (`rowid`, `tms`, `datec`, `datep`, `datev`, `amount`, `fk_typepayment`, `num_payment`, `label`, `entity`, `note`, `fk_bank`, `fk_user_creat`, `fk_user_modif`, `import_key`) VALUES (1,'2019-06-05 12:35:40','2019-06-05','2018-10-24','2018-09-30',509.00000000,3,'','Règlement TVA',1,NULL,197,5,NULL,NULL),(2,'2019-06-06 08:36:16','2019-06-06','2018-11-23','2018-10-31',2081.00000000,3,'','Règlement TVA OCT 2018',1,NULL,208,5,NULL,NULL),(3,'2019-06-10 07:13:08','2019-06-10','2019-01-23','2018-12-31',8546.00000000,3,'','Règlement TVA DEC 2018',1,NULL,273,5,NULL,NULL),(4,'2019-06-10 16:03:42','2019-06-10','2019-03-21','2019-02-28',2253.00000000,3,'','Règlement TVA FEV 2019',1,NULL,328,5,NULL,NULL),(5,'2019-06-11 09:27:33','2019-06-11','2019-04-25','2019-03-31',460.00000000,3,'','Règlement TVA MARS 2019',1,NULL,372,5,NULL,NULL),(6,'2019-08-26 08:57:41','2019-07-29','2019-07-25','2019-06-30',25552.00000000,3,'','Règlement TVA JUIN 2019',1,NULL,596,5,5,NULL),(7,'2019-08-26 08:57:25','2019-08-26','2019-08-22','2019-07-31',110.00000000,3,'','Règlement TVA JUILLET 2019',1,NULL,671,5,NULL,NULL);

--
-- Table structure for table `llx_user`
--

CREATE TABLE `llx_user` (
  `rowid` int(11) NOT NULL AUTO_INCREMENT,
  `entity` int(11) NOT NULL DEFAULT '1',
  `ref_ext` varchar(50) DEFAULT NULL,
  `ref_int` varchar(50) DEFAULT NULL,
  `employee` tinyint(4) DEFAULT '1',
  `fk_establishment` int(11) DEFAULT '0',
  `datec` datetime DEFAULT NULL,
  `tms` timestamp NOT NULL DEFAULT CURRENT_TIMESTAMP ON UPDATE CURRENT_TIMESTAMP,
  `fk_user_creat` int(11) DEFAULT NULL,
  `fk_user_modif` int(11) DEFAULT NULL,
  `login` varchar(50) NOT NULL,
  `pass` varchar(128) DEFAULT NULL,
  `pass_crypted` varchar(128) DEFAULT NULL,
  `pass_temp` varchar(128) DEFAULT NULL,
  `api_key` varchar(128) DEFAULT NULL,
  `gender` varchar(10) DEFAULT NULL,
  `civility` varchar(6) DEFAULT NULL,
  `lastname` varchar(50) DEFAULT NULL,
  `firstname` varchar(50) DEFAULT NULL,
  `address` varchar(255) DEFAULT NULL,
  `zip` varchar(25) DEFAULT NULL,
  `town` varchar(50) DEFAULT NULL,
  `fk_state` int(11) DEFAULT '0',
  `fk_country` int(11) DEFAULT '0',
  `job` varchar(128) DEFAULT NULL,
  `skype` varchar(255) DEFAULT NULL,
  `office_phone` varchar(20) DEFAULT NULL,
  `office_fax` varchar(20) DEFAULT NULL,
  `user_mobile` varchar(20) DEFAULT NULL,
  `email` varchar(255) DEFAULT NULL,
  `signature` text,
  `admin` smallint(6) DEFAULT '0',
  `module_comm` smallint(6) DEFAULT '1',
  `module_compta` smallint(6) DEFAULT '1',
  `fk_soc` int(11) DEFAULT NULL,
  `fk_socpeople` int(11) DEFAULT NULL,
  `fk_member` int(11) DEFAULT NULL,
  `fk_user` int(11) DEFAULT NULL,
  `note_public` text,
  `note` text,
  `datelastlogin` datetime DEFAULT NULL,
  `datepreviouslogin` datetime DEFAULT NULL,
  `egroupware_id` int(11) DEFAULT NULL,
  `ldap_sid` varchar(255) DEFAULT NULL,
  `openid` varchar(255) DEFAULT NULL,
  `statut` tinyint(4) DEFAULT '1',
  `photo` varchar(255) DEFAULT NULL,
  `lang` varchar(6) DEFAULT NULL,
  `color` varchar(6) DEFAULT NULL,
  `barcode` varchar(255) DEFAULT NULL,
  `fk_barcode_type` int(11) DEFAULT '0',
  `accountancy_code` varchar(32) DEFAULT NULL,
  `nb_holiday` int(11) DEFAULT '0',
  `thm` double(24,8) DEFAULT NULL,
  `tjm` double(24,8) DEFAULT NULL,
  `salary` double(24,8) DEFAULT NULL,
  `salaryextra` double(24,8) DEFAULT NULL,
  `dateemployment` date DEFAULT NULL,
  `weeklyhours` double(16,8) DEFAULT NULL,
  `import_key` varchar(14) DEFAULT NULL,
  `model_pdf` varchar(255) DEFAULT NULL,
  `birth` date DEFAULT NULL,
  `default_range` int(11) DEFAULT NULL,
  `default_c_exp_tax_cat` int(11) DEFAULT NULL,
  `pass_encoding` varchar(24) DEFAULT NULL,
  PRIMARY KEY (`rowid`),
  UNIQUE KEY `uk_user_login` (`login`,`entity`),
  UNIQUE KEY `uk_user_fk_socpeople` (`fk_socpeople`),
  UNIQUE KEY `uk_user_fk_member` (`fk_member`),
  UNIQUE KEY `uk_user_api_key` (`api_key`),
  KEY `idx_user_fk_societe` (`fk_soc`)
) ENGINE=InnoDB AUTO_INCREMENT=9 DEFAULT CHARSET=utf8;

--
-- Dumping data for table `llx_user`
--

INSERT INTO `llx_user` (`rowid`, `entity`, `ref_ext`, `ref_int`, `employee`, `fk_establishment`, `datec`, `tms`, `fk_user_creat`, `fk_user_modif`, `login`, `pass`, `pass_crypted`, `pass_temp`, `api_key`, `gender`, `civility`, `lastname`, `firstname`, `address`, `zip`, `town`, `fk_state`, `fk_country`, `job`, `skype`, `office_phone`, `office_fax`, `user_mobile`, `email`, `signature`, `admin`, `module_comm`, `module_compta`, `fk_soc`, `fk_socpeople`, `fk_member`, `fk_user`, `note_public`, `note`, `datelastlogin`, `datepreviouslogin`, `egroupware_id`, `ldap_sid`, `openid`, `statut`, `photo`, `lang`, `color`, `barcode`, `fk_barcode_type`, `accountancy_code`, `nb_holiday`, `thm`, `tjm`, `salary`, `salaryextra`, `dateemployment`, `weeklyhours`, `import_key`, `model_pdf`, `birth`, `default_range`, `default_c_exp_tax_cat`, `pass_encoding`) VALUES (1,0,NULL,NULL,1,0,'2017-05-08 22:24:34','2019-07-25 05:53:42',NULL,NULL,'gregorybiton',NULL,'b4435fdb984a35e196e2e38e7190c7e6',NULL,NULL,'man',NULL,'Biton','Grégory','4B, lot Carbonnier','33670','Le POUT',40,1,'Gérant','','0631626369','','0631626369','greg@aquaponie.net','<span style=\"font-family:Arial,Helvetica,sans-serif\"><span style=\"font-size:12px\"><strong>Gr&eacute;gory Biton</strong></span></span><br />\r\nG&eacute;rant - Tel : +33 6 31 62 63 69<br />\r\nAQUAPONIE DEVELOPPEMENT<br />\r\n<img alt=\"\" src=\"https://aquaponie.net/wp-content/uploads/2016/05/logo_188px.png\" style=\"height:102px; width:188px\" /><br />\r\nSARL au capital de 8000&euro;<br />\r\n<br />\r\nSIREN: 813 600 772 RCS Bordeaux<br />\r\n4B, lot Carbonnier - 33670 LE POUT<br />\r\nN&deg;TVA intracommunautaire : FR 58 813600772',1,1,1,NULL,NULL,NULL,NULL,NULL,'','2019-12-18 14:21:26','2019-12-18 10:57:41',NULL,'',NULL,1,NULL,NULL,'',NULL,0,'',0,100.00000000,NULL,NULL,NULL,NULL,NULL,NULL,NULL,NULL,NULL,NULL,NULL),(2,1,NULL,NULL,1,0,'2018-10-31 09:51:08','2018-10-31 08:51:08',NULL,NULL,'MilesDoli',NULL,'334bfad03102e9cdfc360a956f5b6d46',NULL,'6z8ywjdg',NULL,NULL,'Miles','','','','',NULL,NULL,'','','','','','siefridt.miles@gmail.com','',1,1,1,NULL,NULL,NULL,NULL,NULL,'','2019-10-29 20:42:31','2019-04-29 20:44:45',NULL,'',NULL,1,NULL,NULL,'',NULL,0,'',0,NULL,NULL,NULL,NULL,NULL,NULL,NULL,NULL,NULL,NULL,NULL,NULL),(3,0,NULL,NULL,1,0,'2019-01-12 21:28:37','2019-01-26 11:01:38',NULL,NULL,'MDL',NULL,'348d31a82fa0f420fc0cde4a1d0d845d',NULL,'14kjdzs3',NULL,NULL,'MDL','','','','',NULL,NULL,'Logistique','','','','','','',0,1,1,NULL,NULL,NULL,1,NULL,'','2019-11-04 06:55:38','2019-10-18 08:30:54',NULL,'',NULL,1,'screenshot 3.png',NULL,'',NULL,0,'',0,NULL,NULL,NULL,NULL,NULL,NULL,NULL,NULL,NULL,NULL,NULL,NULL),(4,1,NULL,NULL,0,0,'2019-01-18 12:07:03','2019-01-18 11:07:13',NULL,NULL,'MathieuWebessentiel',NULL,'ce818cc0edcf3c77ab97ac272cadd956',NULL,'y4c3vs5k',NULL,NULL,'Legrand','Mathieu','','','',NULL,NULL,'','','','','','','',1,1,1,NULL,NULL,NULL,NULL,NULL,'','2019-12-06 10:22:35','2019-08-07 15:35:12',NULL,'',NULL,1,NULL,NULL,'',NULL,0,'',0,NULL,NULL,NULL,NULL,NULL,NULL,NULL,NULL,NULL,NULL,NULL,NULL),(5,1,NULL,NULL,1,0,'2019-04-23 12:39:09','2019-06-27 08:21:51',NULL,NULL,'Delphine',NULL,'0b9704012ddb9742b7a8ef0223ef1347',NULL,'b9vqg4r6','woman',NULL,'Carette','Delphine','','','',NULL,NULL,'','','','','','Delphine@aquaponie.net','Bien Cordialement.<br />\r\n<br />\r\nDelphine Carette<br />\r\n<br />\r\n<img alt=\"\" src=\"https://aquaponie.net/wp-content/uploads/2016/05/logo_188px.png\" style=\"height:102px; width:188px\" />',0,1,1,NULL,NULL,NULL,1,NULL,'','2019-12-18 15:36:05','2019-12-18 10:11:00',NULL,'',NULL,1,NULL,NULL,'',NULL,0,'',0,NULL,NULL,NULL,NULL,'2019-05-02',35.00000000,NULL,NULL,NULL,NULL,NULL,NULL),(6,1,NULL,NULL,1,0,'2019-11-19 10:19:35','2019-11-19 09:19:35',NULL,NULL,'AUDIAL',NULL,'c05e51d7e94f86395a3a1e94a8a4fcb6',NULL,'n7pcqkrz','man',NULL,'AUDIAL','','','','',NULL,NULL,'Comptable','','','','','','',0,1,1,NULL,NULL,NULL,NULL,NULL,'','2019-11-20 14:10:23','2019-11-19 10:35:39',NULL,'',NULL,1,NULL,NULL,'',NULL,0,'',0,NULL,NULL,NULL,NULL,NULL,NULL,NULL,NULL,NULL,NULL,NULL,NULL),(7,1,NULL,NULL,1,0,'2019-12-03 10:31:04','2019-12-03 09:31:04',NULL,NULL,'Hugo',NULL,'dba38bce0140369c79cb4c8d17c334c3',NULL,'j8yh4nxs','man',NULL,'Duplessis-Kergomard','Hugo','','','',NULL,NULL,'Chef de Projet','','','','','','',0,1,1,NULL,NULL,NULL,1,NULL,'',NULL,NULL,NULL,'',NULL,1,NULL,NULL,'',NULL,0,'',0,NULL,NULL,NULL,NULL,NULL,NULL,NULL,NULL,NULL,NULL,NULL,NULL),(8,1,NULL,NULL,1,0,'2019-12-10 15:08:25','2019-12-10 14:08:25',NULL,NULL,'Sophie',NULL,'a735a01f60822220a969a363fc79468f',NULL,'0cs5z2xy','woman',NULL,'Serna','Sophie','','','',NULL,NULL,'','','','','','','',0,1,1,NULL,NULL,NULL,1,NULL,'','2019-12-13 10:33:08','2019-12-11 14:45:47',NULL,'',NULL,1,NULL,NULL,'',NULL,0,'',0,NULL,NULL,NULL,NULL,NULL,NULL,NULL,NULL,NULL,NULL,NULL,NULL);

--
-- Table structure for table `llx_user_alert`
--

CREATE TABLE `llx_user_alert` (
  `rowid` int(11) NOT NULL AUTO_INCREMENT,
  `type` int(11) DEFAULT NULL,
  `fk_contact` int(11) DEFAULT NULL,
  `fk_user` int(11) DEFAULT NULL,
  PRIMARY KEY (`rowid`)
) ENGINE=InnoDB DEFAULT CHARSET=utf8;

--
-- Dumping data for table `llx_user_alert`
--


--
-- Table structure for table `llx_user_clicktodial`
--

CREATE TABLE `llx_user_clicktodial` (
  `fk_user` int(11) NOT NULL,
  `url` varchar(255) DEFAULT NULL,
  `login` varchar(32) DEFAULT NULL,
  `pass` varchar(64) DEFAULT NULL,
  `poste` varchar(20) DEFAULT NULL,
  PRIMARY KEY (`fk_user`)
) ENGINE=InnoDB DEFAULT CHARSET=utf8;

--
-- Dumping data for table `llx_user_clicktodial`
--


--
-- Table structure for table `llx_user_employment`
--

CREATE TABLE `llx_user_employment` (
  `rowid` int(11) NOT NULL AUTO_INCREMENT,
  `entity` int(11) NOT NULL DEFAULT '1',
  `ref` varchar(50) DEFAULT NULL,
  `ref_ext` varchar(50) DEFAULT NULL,
  `fk_user` int(11) DEFAULT NULL,
  `datec` datetime DEFAULT NULL,
  `tms` timestamp NOT NULL DEFAULT CURRENT_TIMESTAMP ON UPDATE CURRENT_TIMESTAMP,
  `fk_user_creat` int(11) DEFAULT NULL,
  `fk_user_modif` int(11) DEFAULT NULL,
  `job` varchar(128) DEFAULT NULL,
  `status` int(11) NOT NULL,
  `salary` double(24,8) DEFAULT NULL,
  `salaryextra` double(24,8) DEFAULT NULL,
  `weeklyhours` double(16,8) DEFAULT NULL,
  `dateemployment` date DEFAULT NULL,
  `dateemploymentend` date DEFAULT NULL,
  PRIMARY KEY (`rowid`),
  UNIQUE KEY `uk_user_employment` (`ref`,`entity`),
  KEY `fk_user_employment_fk_user` (`fk_user`),
  CONSTRAINT `fk_user_employment_fk_user` FOREIGN KEY (`fk_user`) REFERENCES `llx_user` (`rowid`)
) ENGINE=InnoDB DEFAULT CHARSET=utf8;

--
-- Dumping data for table `llx_user_employment`
--


--
-- Table structure for table `llx_user_extrafields`
--

CREATE TABLE `llx_user_extrafields` (
  `rowid` int(11) NOT NULL AUTO_INCREMENT,
  `tms` timestamp NOT NULL DEFAULT CURRENT_TIMESTAMP ON UPDATE CURRENT_TIMESTAMP,
  `fk_object` int(11) NOT NULL,
  `import_key` varchar(14) DEFAULT NULL,
  PRIMARY KEY (`rowid`),
  KEY `idx_user_extrafields` (`fk_object`)
) ENGINE=InnoDB DEFAULT CHARSET=utf8;

--
-- Dumping data for table `llx_user_extrafields`
--


--
-- Table structure for table `llx_user_param`
--

CREATE TABLE `llx_user_param` (
  `fk_user` int(11) NOT NULL,
  `entity` int(11) NOT NULL DEFAULT '1',
  `param` varchar(255) NOT NULL,
  `value` text NOT NULL,
  UNIQUE KEY `uk_user_param` (`fk_user`,`param`,`entity`)
) ENGINE=InnoDB DEFAULT CHARSET=utf8;

--
-- Dumping data for table `llx_user_param`
--

INSERT INTO `llx_user_param` (`fk_user`, `entity`, `param`, `value`) VALUES (1,1,'MAIN_BOXES_0','1'),(1,1,'MAIN_SELECTEDFIELDS_accountingaccountlist','aa.pcg_subtype,aa.account_number,aa.label,aa.account_parent,aa.pcg_type,aa.active,'),(1,1,'MAIN_SELECTEDFIELDS_banktransactionlist','b.rowid,description,b.dateo,b.datev,bu.label,ba.ref,b.debit,b.credit,balance,b.num_releve,'),(1,1,'MAIN_SELECTEDFIELDS_invoicelist','f.facnumber,f.ref_client,f.date,p.ref,s.nom,f.total_ht,f.total_ttc,dynamount_payed,rtp,f.fk_statut,'),(1,1,'MAIN_SELECTEDFIELDS_movementlist','m.fk_user_author,m.rowid,m.datem,p.ref,p.label,e.ref,m.inventorycode,m.label,m.type_mouvement,origin,m.value,'),(1,1,'MAIN_SELECTEDFIELDS_orderlist','c.total_ttc,c.ref,p.project_ref,s.nom,c.date_commande,c.date_delivery,c.total_ht,c.total_vat,c.fk_statut,c.facture,ef.nomenclature,'),(1,1,'MAIN_SELECTEDFIELDS_productservicelist','p.ref,p.label,p.minbuyprice,p.sellprice,p.tosell,p.tobuy,'),(1,1,'MAIN_SELECTEDFIELDS_prospectlist','s.datec,s.nom,s.name_alias,s.code_client,s.town,s.zip,s.phone,typent.code,customerorsupplier,s.fk_prospectlevel,s.fk_stcomm,s.status,'),(1,1,'MAIN_SELECTEDFIELDS_supplierinvoicelist','f.total_ttc,f.ref,f.ref_supplier,f.datef,f.date_lim_reglement,p.ref,s.nom,s.town,s.zip,f.fk_mode_reglement,f.total_ht,rtp,f.fk_statut,ef.nomenclature,'),(1,1,'MAIN_SELECTEDFIELDS_supplierorderlist','cf.total_ht,cf.ref,cf.ref_supplier,p.project_ref,s.nom,cf.date_commande,cf.date_delivery,cf.fk_statut,cf.billed,ef.nomenclature,ef.entrepot,ef.conditionnement,'),(3,1,'MAIN_BOXES_0','1'),(3,1,'MAIN_LANDING_PAGE','comm/index.php?mainmenu=commercial&leftmenu='),(3,1,'MAIN_LANG_DEFAULT','fr_FR'),(3,1,'MAIN_SELECTEDFIELDS_orderlist','p.project_ref,c.ref,s.nom,s.town,s.zip,c.date_commande,c.date_delivery,c.total_ht,c.fk_statut,c.facture,'),(3,1,'MAIN_SELECTEDFIELDS_supplierorderlist','ef.nomenclature,cf.ref,cf.ref_supplier,s.nom,s.town,s.zip,cf.date_commande,cf.date_delivery,cf.fk_statut,ef.entrepot,ef.conditionnement,'),(3,1,'MAIN_SIZE_LISTE_LIMIT','50'),(5,1,'MAIN_BOXES_0','1'),(5,1,'MAIN_SELECTEDFIELDS_banktransactionlist','balancebefore,b.rowid,description,b.dateo,b.datev,type,b.num_chq,bu.label,ba.ref,b.debit,b.credit,balance,b.num_releve,b.conciliated,'),(5,1,'MAIN_SELECTEDFIELDS_invoicelist','f.total_vat,f.facnumber,f.ref_client,f.date,f.date_lim_reglement,s.nom,s.town,s.zip,f.fk_mode_reglement,f.total_ht,f.total_ttc,rtp,f.fk_statut,'),(5,1,'MAIN_SELECTEDFIELDS_proposallist','p.total_ttc,p.ref,p.ref_client,pr.ref,s.nom,s.town,p.date,p.fin_validite,p.total_ht,u.login,p.fk_statut,ef.nomenclature,'),(5,1,'MAIN_SELECTEDFIELDS_supplierinvoicelist','f.ref,f.ref_supplier,f.datef,f.date_lim_reglement,p.ref,s.nom,country.code_iso,f.fk_mode_reglement,f.total_ht,f.total_vat,f.total_ttc,rtp,f.fk_statut,ef.nomenclature,'),(5,1,'MAIN_SELECTEDFIELDS_supplierorderlist','cf.total_vat,cf.ref,cf.ref_supplier,p.project_ref,u.login,s.nom,cf.date_commande,cf.date_delivery,cf.total_ht,cf.total_ttc,cf.fk_statut,cf.billed,ef.nomenclature,ef.conditionnement,ef.entrepot,');

--
-- Table structure for table `llx_user_rib`
--

CREATE TABLE `llx_user_rib` (
  `rowid` int(11) NOT NULL AUTO_INCREMENT,
  `fk_user` int(11) NOT NULL,
  `entity` int(11) NOT NULL DEFAULT '1',
  `datec` datetime DEFAULT NULL,
  `tms` timestamp NOT NULL DEFAULT CURRENT_TIMESTAMP ON UPDATE CURRENT_TIMESTAMP,
  `label` varchar(30) DEFAULT NULL,
  `bank` varchar(255) DEFAULT NULL,
  `code_banque` varchar(128) DEFAULT NULL,
  `code_guichet` varchar(6) DEFAULT NULL,
  `number` varchar(255) DEFAULT NULL,
  `cle_rib` varchar(5) DEFAULT NULL,
  `bic` varchar(11) DEFAULT NULL,
  `iban_prefix` varchar(34) DEFAULT NULL,
  `domiciliation` varchar(255) DEFAULT NULL,
  `proprio` varchar(60) DEFAULT NULL,
  `owner_address` varchar(255) DEFAULT NULL,
  PRIMARY KEY (`rowid`)
) ENGINE=InnoDB DEFAULT CHARSET=utf8;

--
-- Dumping data for table `llx_user_rib`
--


--
-- Table structure for table `llx_user_rights`
--

CREATE TABLE `llx_user_rights` (
  `rowid` int(11) NOT NULL AUTO_INCREMENT,
  `entity` int(11) NOT NULL DEFAULT '1',
  `fk_user` int(11) NOT NULL,
  `fk_id` int(11) NOT NULL,
  PRIMARY KEY (`rowid`),
  UNIQUE KEY `uk_user_rights` (`entity`,`fk_user`,`fk_id`),
  KEY `fk_user_rights_fk_user_user` (`fk_user`),
  CONSTRAINT `fk_user_rights_fk_user_user` FOREIGN KEY (`fk_user`) REFERENCES `llx_user` (`rowid`)
) ENGINE=InnoDB AUTO_INCREMENT=1870 DEFAULT CHARSET=utf8;

--
-- Dumping data for table `llx_user_rights`
--

INSERT INTO `llx_user_rights` (`rowid`, `entity`, `fk_user`, `fk_id`) VALUES (433,1,1,11),(420,1,1,12),(423,1,1,13),(425,1,1,14),(427,1,1,15),(430,1,1,16),(434,1,1,19),(40,1,1,21),(33,1,1,22),(34,1,1,24),(35,1,1,25),(37,1,1,26),(39,1,1,27),(41,1,1,28),(141,1,1,31),(138,1,1,32),(140,1,1,34),(142,1,1,38),(163,1,1,41),(160,1,1,42),(162,1,1,44),(164,1,1,45),(401,1,1,81),(388,1,1,82),(391,1,1,84),(393,1,1,86),(396,1,1,87),(399,1,1,88),(402,1,1,89),(195,1,1,91),(192,1,1,92),(194,1,1,93),(196,1,1,94),(781,1,1,95),(59,1,1,101),(55,1,1,102),(56,1,1,104),(57,1,1,105),(58,1,1,106),(60,1,1,109),(126,1,1,111),(117,1,1,112),(119,1,1,113),(121,1,1,114),(123,1,1,115),(125,1,1,116),(127,1,1,117),(501,1,1,121),(494,1,1,122),(498,1,1,125),(502,1,1,126),(168,1,1,141),(167,1,1,142),(169,1,1,144),(133,1,1,151),(130,1,1,152),(132,1,1,153),(134,1,1,154),(225,1,1,161),(218,1,1,162),(220,1,1,163),(222,1,1,164),(224,1,1,165),(226,1,1,167),(1571,1,1,221),(1560,1,1,222),(1566,1,1,223),(1572,1,1,229),(1577,1,1,237),(1580,1,1,238),(1583,1,1,239),(178,1,1,241),(177,1,1,242),(179,1,1,243),(575,1,1,251),(537,1,1,252),(540,1,1,253),(543,1,1,254),(546,1,1,255),(550,1,1,256),(505,1,1,262),(517,1,1,281),(510,1,1,282),(514,1,1,283),(518,1,1,286),(553,1,1,341),(555,1,1,342),(557,1,1,343),(559,1,1,344),(571,1,1,351),(564,1,1,352),(568,1,1,353),(572,1,1,354),(576,1,1,358),(1352,1,1,511),(1341,1,1,512),(1347,1,1,514),(1353,1,1,517),(531,1,1,531),(524,1,1,532),(528,1,1,534),(532,1,1,538),(214,1,1,771),(203,1,1,772),(205,1,1,773),(207,1,1,775),(209,1,1,776),(211,1,1,777),(213,1,1,778),(215,1,1,779),(1122,1,1,1001),(1117,1,1,1002),(1123,1,1,1003),(1131,1,1,1004),(1132,1,1,1005),(65,1,1,1101),(63,1,1,1102),(64,1,1,1104),(66,1,1,1109),(101,1,1,1121),(94,1,1,1122),(96,1,1,1123),(98,1,1,1124),(100,1,1,1125),(102,1,1,1126),(441,1,1,1181),(1100,1,1,1182),(446,1,1,1183),(449,1,1,1184),(452,1,1,1185),(456,1,1,1186),(460,1,1,1187),(466,1,1,1188),(463,1,1,1189),(1101,1,1,1190),(470,1,1,1191),(231,1,1,1201),(232,1,1,1202),(487,1,1,1231),(476,1,1,1232),(479,1,1,1233),(482,1,1,1234),(485,1,1,1235),(488,1,1,1236),(91,1,1,1237),(759,1,1,1251),(437,1,1,1321),(439,1,1,1322),(405,1,1,1421),(1589,1,1,1521),(1590,1,1,1522),(1532,1,1,2401),(1527,1,1,2402),(1533,1,1,2403),(1547,1,1,2411),(1542,1,1,2412),(1548,1,1,2413),(1553,1,1,2414),(413,1,1,2501),(410,1,1,2503),(414,1,1,2515),(181,1,1,2801),(182,1,1,2802),(1447,1,1,23001),(1436,1,1,23002),(1442,1,1,23003),(1448,1,1,23004),(1164,1,1,50401),(1170,1,1,50411),(1171,1,1,50412),(1176,1,1,50420),(1179,1,1,50430),(1161,1,1,50440),(1517,1,1,51000),(1512,1,1,51001),(1518,1,1,51002),(197,1,1,59001),(198,1,1,59002),(199,1,1,59003),(611,1,1,63001),(604,1,1,63002),(608,1,1,63003),(612,1,1,63004),(1137,1,1,64001),(1155,1,1,160081),(1144,1,1,160082),(1150,1,1,160083),(1156,1,1,160084),(1462,1,1,160170),(1457,1,1,160171),(1463,1,1,160172),(721,1,1,160310),(702,1,1,160311),(706,1,1,160312),(710,1,1,160313),(714,1,1,160314),(718,1,1,160315),(722,1,1,160316),(641,1,1,160321),(643,1,1,160322),(645,1,1,160323),(1858,1,1,500056),(1861,1,1,500057),(1864,1,1,500058),(1867,1,1,500059),(1471,1,1,1602131),(1472,1,1,1602132),(1505,1,1,125033001),(435,1,2,11),(422,1,2,12),(424,1,2,13),(426,1,2,14),(428,1,2,15),(432,1,2,16),(436,1,2,19),(350,1,2,21),(351,1,2,22),(352,1,2,24),(353,1,2,25),(354,1,2,26),(355,1,2,27),(356,1,2,28),(346,1,2,31),(347,1,2,32),(348,1,2,34),(349,1,2,38),(258,1,2,41),(259,1,2,42),(260,1,2,44),(261,1,2,45),(403,1,2,81),(390,1,2,82),(392,1,2,84),(394,1,2,86),(398,1,2,87),(400,1,2,88),(404,1,2,89),(381,1,2,91),(382,1,2,92),(383,1,2,93),(384,1,2,94),(782,1,2,95),(301,1,2,101),(302,1,2,102),(303,1,2,104),(304,1,2,105),(305,1,2,106),(306,1,2,109),(265,1,2,111),(266,1,2,112),(267,1,2,113),(268,1,2,114),(269,1,2,115),(270,1,2,116),(271,1,2,117),(503,1,2,121),(496,1,2,122),(500,1,2,125),(504,1,2,126),(262,1,2,141),(263,1,2,142),(264,1,2,144),(342,1,2,151),(343,1,2,152),(344,1,2,153),(345,1,2,154),(291,1,2,161),(292,1,2,162),(293,1,2,163),(294,1,2,164),(295,1,2,165),(296,1,2,167),(1573,1,2,221),(1562,1,2,222),(1568,1,2,223),(1574,1,2,229),(1578,1,2,237),(1581,1,2,238),(1584,1,2,239),(272,1,2,241),(273,1,2,242),(274,1,2,243),(577,1,2,251),(538,1,2,252),(542,1,2,253),(544,1,2,254),(548,1,2,255),(552,1,2,256),(506,1,2,262),(519,1,2,281),(512,1,2,282),(516,1,2,283),(520,1,2,286),(554,1,2,341),(556,1,2,342),(558,1,2,343),(560,1,2,344),(573,1,2,351),(566,1,2,352),(570,1,2,353),(574,1,2,354),(578,1,2,358),(1354,1,2,511),(1343,1,2,512),(1349,1,2,514),(1355,1,2,517),(533,1,2,531),(526,1,2,532),(530,1,2,534),(534,1,2,538),(311,1,2,771),(312,1,2,772),(313,1,2,773),(314,1,2,775),(315,1,2,776),(316,1,2,777),(317,1,2,778),(318,1,2,779),(1124,1,2,1001),(1119,1,2,1002),(1125,1,2,1003),(1133,1,2,1004),(1134,1,2,1005),(307,1,2,1101),(308,1,2,1102),(309,1,2,1104),(310,1,2,1109),(375,1,2,1121),(376,1,2,1122),(377,1,2,1123),(378,1,2,1124),(379,1,2,1125),(380,1,2,1126),(442,1,2,1181),(1102,1,2,1182),(448,1,2,1183),(450,1,2,1184),(454,1,2,1185),(458,1,2,1186),(462,1,2,1187),(468,1,2,1188),(464,1,2,1189),(1103,1,2,1190),(472,1,2,1191),(319,1,2,1201),(320,1,2,1202),(489,1,2,1231),(478,1,2,1232),(480,1,2,1233),(484,1,2,1234),(486,1,2,1235),(490,1,2,1236),(336,1,2,1237),(760,1,2,1251),(438,1,2,1321),(440,1,2,1322),(406,1,2,1421),(1591,1,2,1521),(1592,1,2,1522),(1534,1,2,2401),(1529,1,2,2402),(1535,1,2,2403),(1549,1,2,2411),(1544,1,2,2412),(1550,1,2,2413),(1554,1,2,2414),(415,1,2,2501),(412,1,2,2503),(416,1,2,2515),(337,1,2,2801),(338,1,2,2802),(1449,1,2,23001),(1438,1,2,23002),(1444,1,2,23003),(1450,1,2,23004),(1165,1,2,50401),(1172,1,2,50411),(1173,1,2,50412),(1177,1,2,50420),(1180,1,2,50430),(1162,1,2,50440),(1519,1,2,51000),(1514,1,2,51001),(1520,1,2,51002),(339,1,2,59001),(340,1,2,59002),(341,1,2,59003),(613,1,2,63001),(606,1,2,63002),(610,1,2,63003),(614,1,2,63004),(1138,1,2,64001),(1157,1,2,160081),(1146,1,2,160082),(1152,1,2,160083),(1158,1,2,160084),(1464,1,2,160170),(1459,1,2,160171),(1465,1,2,160172),(723,1,2,160310),(704,1,2,160311),(708,1,2,160312),(712,1,2,160313),(716,1,2,160314),(720,1,2,160315),(724,1,2,160316),(642,1,2,160321),(644,1,2,160322),(646,1,2,160323),(1859,1,2,500056),(1862,1,2,500057),(1865,1,2,500058),(1868,1,2,500059),(1473,1,2,1602131),(1474,1,2,1602132),(1506,1,2,125033001),(967,1,3,101),(968,1,3,102),(969,1,3,104),(970,1,3,105),(971,1,3,106),(972,1,3,109),(1089,1,3,121),(1084,1,3,262),(1036,1,3,1001),(1037,1,3,1002),(1038,1,3,1003),(1039,1,3,1004),(1040,1,3,1005),(973,1,3,1101),(974,1,3,1102),(975,1,3,1104),(976,1,3,1109),(1110,1,3,1182),(1111,1,3,1187),(1112,1,3,1189),(1076,1,3,1201),(1092,1,3,2501),(1093,1,3,2503),(1315,1,4,11),(1316,1,4,12),(1317,1,4,13),(1318,1,4,14),(1319,1,4,15),(1320,1,4,16),(1321,1,4,19),(1324,1,4,31),(1325,1,4,32),(1326,1,4,34),(1327,1,4,38),(1307,1,4,81),(1308,1,4,82),(1309,1,4,84),(1310,1,4,86),(1311,1,4,87),(1312,1,4,88),(1313,1,4,89),(783,1,4,95),(1328,1,4,121),(1329,1,4,122),(1330,1,4,125),(1331,1,4,126),(1575,1,4,221),(1564,1,4,222),(1570,1,4,223),(1576,1,4,229),(1579,1,4,237),(1582,1,4,238),(1585,1,4,239),(1332,1,4,262),(1333,1,4,281),(1334,1,4,282),(1335,1,4,283),(1336,1,4,286),(1356,1,4,511),(1345,1,4,512),(1351,1,4,514),(1357,1,4,517),(776,1,4,777),(1126,1,4,1001),(1121,1,4,1002),(1127,1,4,1003),(1135,1,4,1004),(1136,1,4,1005),(1104,1,4,1182),(1105,1,4,1190),(1322,1,4,1321),(1323,1,4,1322),(1314,1,4,1421),(1593,1,4,1521),(1594,1,4,1522),(1536,1,4,2401),(1531,1,4,2402),(1537,1,4,2403),(1551,1,4,2411),(1546,1,4,2412),(1552,1,4,2413),(1555,1,4,2414),(1451,1,4,23001),(1440,1,4,23002),(1446,1,4,23003),(1452,1,4,23004),(1166,1,4,50401),(1174,1,4,50411),(1175,1,4,50412),(1178,1,4,50420),(1181,1,4,50430),(1163,1,4,50440),(1521,1,4,51000),(1516,1,4,51001),(1522,1,4,51002),(1139,1,4,64001),(1159,1,4,160081),(1148,1,4,160082),(1154,1,4,160083),(1160,1,4,160084),(1466,1,4,160170),(1461,1,4,160171),(1467,1,4,160172),(777,1,4,160310),(778,1,4,160311),(779,1,4,160312),(780,1,4,160321),(1860,1,4,500056),(1863,1,4,500057),(1866,1,4,500058),(1869,1,4,500059),(1475,1,4,1602131),(1476,1,4,1602132),(1507,1,4,125033001),(1383,1,5,11),(1384,1,5,12),(1385,1,5,13),(1386,1,5,14),(1387,1,5,15),(1388,1,5,16),(1389,1,5,19),(1488,1,5,21),(1407,1,5,22),(1485,1,5,24),(1409,1,5,25),(1410,1,5,26),(1489,1,5,27),(1412,1,5,28),(1266,1,5,31),(1267,1,5,32),(1268,1,5,34),(1269,1,5,38),(1399,1,5,41),(1400,1,5,42),(1401,1,5,44),(1402,1,5,45),(1362,1,5,81),(1363,1,5,82),(1364,1,5,84),(1365,1,5,86),(1366,1,5,87),(1367,1,5,88),(1368,1,5,89),(1295,1,5,91),(1296,1,5,92),(1297,1,5,93),(1298,1,5,94),(1227,1,5,101),(1228,1,5,102),(1229,1,5,104),(1230,1,5,105),(1231,1,5,106),(1232,1,5,109),(1194,1,5,111),(1195,1,5,112),(1196,1,5,113),(1197,1,5,114),(1198,1,5,115),(1199,1,5,116),(1200,1,5,117),(1275,1,5,121),(1276,1,5,122),(1277,1,5,125),(1278,1,5,126),(1403,1,5,141),(1404,1,5,142),(1405,1,5,144),(1395,1,5,151),(1396,1,5,152),(1397,1,5,153),(1398,1,5,154),(1370,1,5,161),(1371,1,5,162),(1372,1,5,163),(1373,1,5,164),(1374,1,5,165),(1375,1,5,167),(1201,1,5,241),(1202,1,5,242),(1203,1,5,243),(1299,1,5,251),(1300,1,5,252),(1279,1,5,262),(1280,1,5,281),(1281,1,5,282),(1282,1,5,283),(1283,1,5,286),(1301,1,5,341),(1302,1,5,342),(1303,1,5,343),(1305,1,5,351),(1306,1,5,352),(1424,1,5,511),(1425,1,5,512),(1426,1,5,514),(1427,1,5,517),(1428,1,5,531),(1429,1,5,532),(1430,1,5,534),(1431,1,5,538),(1245,1,5,771),(1238,1,5,772),(1239,1,5,773),(1246,1,5,775),(1241,1,5,776),(1242,1,5,777),(1243,1,5,778),(1244,1,5,779),(1284,1,5,1001),(1285,1,5,1002),(1286,1,5,1003),(1287,1,5,1004),(1288,1,5,1005),(1233,1,5,1101),(1234,1,5,1102),(1235,1,5,1104),(1236,1,5,1109),(1289,1,5,1121),(1290,1,5,1122),(1291,1,5,1123),(1292,1,5,1124),(1293,1,5,1125),(1294,1,5,1126),(1249,1,5,1181),(1250,1,5,1182),(1251,1,5,1183),(1252,1,5,1184),(1253,1,5,1185),(1254,1,5,1186),(1255,1,5,1187),(1256,1,5,1188),(1257,1,5,1189),(1258,1,5,1190),(1259,1,5,1191),(1483,1,5,1201),(1484,1,5,1202),(1260,1,5,1231),(1261,1,5,1232),(1262,1,5,1233),(1263,1,5,1234),(1264,1,5,1235),(1265,1,5,1236),(1390,1,5,1321),(1391,1,5,1322),(1369,1,5,1421),(1224,1,5,2501),(1225,1,5,2503),(1226,1,5,2515),(1188,1,5,50401),(1189,1,5,50411),(1190,1,5,50412),(1191,1,5,50420),(1192,1,5,50430),(1193,1,5,50440),(1392,1,5,59001),(1393,1,5,59002),(1394,1,5,59003),(1420,1,5,63001),(1421,1,5,63002),(1422,1,5,63003),(1423,1,5,63004),(1358,1,5,160081),(1359,1,5,160082),(1360,1,5,160083),(1361,1,5,160084),(1480,1,5,160170),(1479,1,5,160171),(1481,1,5,160172),(1376,1,5,160310),(1377,1,5,160311),(1378,1,5,160312),(1379,1,5,160313),(1380,1,5,160314),(1381,1,5,160315),(1382,1,5,160316),(1413,1,5,160321),(1414,1,5,160322),(1415,1,5,160323),(1638,1,6,11),(1660,1,6,31),(1629,1,6,81),(1649,1,6,91),(1614,1,6,111),(1618,1,6,115),(1661,1,6,121),(1642,1,6,151),(1630,1,6,161),(1650,1,6,241),(1662,1,6,262),(1659,1,6,341),(1656,1,6,531),(1634,1,6,771),(1595,1,6,777),(1639,1,6,1181),(1640,1,6,1182),(1636,1,6,1201),(1637,1,6,1202),(1651,1,6,1231),(1632,1,6,1521),(1631,1,6,2501),(1608,1,6,50401),(1609,1,6,50411),(1611,1,6,50420),(1596,1,6,51000),(1597,1,6,51001),(1598,1,6,51002),(1641,1,6,59001),(1599,1,6,160081),(1600,1,6,160170),(1601,1,6,160171),(1602,1,6,160172),(1606,1,6,160321),(1607,1,6,1602131),(1663,1,7,777),(1664,1,7,51000),(1665,1,7,51001),(1666,1,7,51002),(1667,1,7,160081),(1668,1,7,160170),(1669,1,7,160171),(1670,1,7,160172),(1671,1,7,160310),(1672,1,7,160311),(1673,1,7,160312),(1674,1,7,160321),(1675,1,7,1602131),(1756,1,8,11),(1757,1,8,12),(1758,1,8,13),(1759,1,8,14),(1760,1,8,15),(1761,1,8,16),(1762,1,8,19),(1800,1,8,21),(1801,1,8,22),(1802,1,8,24),(1803,1,8,25),(1804,1,8,26),(1805,1,8,27),(1806,1,8,28),(1796,1,8,31),(1797,1,8,32),(1798,1,8,34),(1799,1,8,38),(1789,1,8,41),(1790,1,8,42),(1791,1,8,44),(1792,1,8,45),(1708,1,8,81),(1709,1,8,82),(1710,1,8,84),(1711,1,8,86),(1712,1,8,87),(1713,1,8,88),(1714,1,8,89),(1846,1,8,91),(1847,1,8,92),(1848,1,8,93),(1849,1,8,94),(1729,1,8,101),(1730,1,8,102),(1731,1,8,104),(1732,1,8,105),(1733,1,8,106),(1734,1,8,109),(1695,1,8,111),(1696,1,8,112),(1697,1,8,113),(1698,1,8,114),(1699,1,8,115),(1700,1,8,116),(1701,1,8,117),(1822,1,8,121),(1823,1,8,122),(1824,1,8,125),(1825,1,8,126),(1793,1,8,141),(1794,1,8,142),(1795,1,8,144),(1785,1,8,151),(1786,1,8,152),(1787,1,8,153),(1788,1,8,154),(1716,1,8,161),(1717,1,8,162),(1718,1,8,163),(1719,1,8,164),(1720,1,8,165),(1721,1,8,167),(1702,1,8,241),(1703,1,8,242),(1704,1,8,243),(1850,1,8,251),(1851,1,8,252),(1826,1,8,262),(1827,1,8,281),(1828,1,8,282),(1829,1,8,283),(1830,1,8,286),(1852,1,8,341),(1853,1,8,342),(1854,1,8,343),(1856,1,8,351),(1857,1,8,352),(1814,1,8,511),(1815,1,8,512),(1816,1,8,514),(1817,1,8,517),(1818,1,8,531),(1819,1,8,532),(1820,1,8,534),(1821,1,8,538),(1739,1,8,771),(1740,1,8,772),(1741,1,8,773),(1742,1,8,775),(1743,1,8,776),(1744,1,8,777),(1745,1,8,778),(1746,1,8,779),(1831,1,8,1001),(1832,1,8,1002),(1833,1,8,1003),(1834,1,8,1004),(1835,1,8,1005),(1836,1,8,1011),(1837,1,8,1012),(1838,1,8,1014),(1839,1,8,1015),(1735,1,8,1101),(1736,1,8,1102),(1737,1,8,1104),(1738,1,8,1109),(1840,1,8,1121),(1841,1,8,1122),(1842,1,8,1123),(1843,1,8,1124),(1844,1,8,1125),(1845,1,8,1126),(1765,1,8,1181),(1766,1,8,1182),(1767,1,8,1183),(1768,1,8,1184),(1769,1,8,1185),(1770,1,8,1186),(1771,1,8,1187),(1772,1,8,1188),(1773,1,8,1189),(1774,1,8,1190),(1775,1,8,1191),(1747,1,8,1201),(1748,1,8,1202),(1776,1,8,1231),(1777,1,8,1232),(1778,1,8,1233),(1779,1,8,1234),(1780,1,8,1235),(1781,1,8,1236),(1763,1,8,1321),(1764,1,8,1322),(1715,1,8,1421),(1726,1,8,2501),(1727,1,8,2503),(1728,1,8,2515),(1689,1,8,50401),(1690,1,8,50411),(1691,1,8,50412),(1692,1,8,50420),(1693,1,8,50430),(1694,1,8,50440),(1677,1,8,51000),(1678,1,8,51001),(1679,1,8,51002),(1782,1,8,59001),(1783,1,8,59002),(1784,1,8,59003),(1807,1,8,63001),(1808,1,8,63002),(1809,1,8,63003),(1810,1,8,63004),(1722,1,8,160081),(1723,1,8,160082),(1724,1,8,160083),(1725,1,8,160084),(1705,1,8,160170),(1706,1,8,160171),(1707,1,8,160172),(1749,1,8,160310),(1750,1,8,160311),(1751,1,8,160312),(1752,1,8,160313),(1753,1,8,160314),(1754,1,8,160315),(1755,1,8,160316),(1811,1,8,160321),(1812,1,8,160322),(1813,1,8,160323),(1688,1,8,1602131);

--
-- Table structure for table `llx_usergroup`
--

CREATE TABLE `llx_usergroup` (
  `rowid` int(11) NOT NULL AUTO_INCREMENT,
  `nom` varchar(255) NOT NULL,
  `entity` int(11) NOT NULL DEFAULT '1',
  `datec` datetime DEFAULT NULL,
  `tms` timestamp NOT NULL DEFAULT CURRENT_TIMESTAMP ON UPDATE CURRENT_TIMESTAMP,
  `note` text,
  `model_pdf` varchar(255) DEFAULT NULL,
  PRIMARY KEY (`rowid`),
  UNIQUE KEY `uk_usergroup_name` (`nom`,`entity`)
) ENGINE=InnoDB DEFAULT CHARSET=utf8;

--
-- Dumping data for table `llx_usergroup`
--


--
-- Table structure for table `llx_usergroup_extrafields`
--

CREATE TABLE `llx_usergroup_extrafields` (
  `rowid` int(11) NOT NULL AUTO_INCREMENT,
  `tms` timestamp NOT NULL DEFAULT CURRENT_TIMESTAMP ON UPDATE CURRENT_TIMESTAMP,
  `fk_object` int(11) NOT NULL,
  `import_key` varchar(14) DEFAULT NULL,
  PRIMARY KEY (`rowid`),
  KEY `idx_usergroup_extrafields` (`fk_object`)
) ENGINE=InnoDB DEFAULT CHARSET=utf8;

--
-- Dumping data for table `llx_usergroup_extrafields`
--


--
-- Table structure for table `llx_usergroup_rights`
--

CREATE TABLE `llx_usergroup_rights` (
  `rowid` int(11) NOT NULL AUTO_INCREMENT,
  `entity` int(11) NOT NULL DEFAULT '1',
  `fk_usergroup` int(11) NOT NULL,
  `fk_id` int(11) NOT NULL,
  PRIMARY KEY (`rowid`),
  UNIQUE KEY `uk_usergroup_rights` (`entity`,`fk_usergroup`,`fk_id`),
  KEY `fk_usergroup_rights_fk_usergroup` (`fk_usergroup`),
  CONSTRAINT `fk_usergroup_rights_fk_usergroup` FOREIGN KEY (`fk_usergroup`) REFERENCES `llx_usergroup` (`rowid`)
) ENGINE=InnoDB DEFAULT CHARSET=utf8;

--
-- Dumping data for table `llx_usergroup_rights`
--


--
-- Table structure for table `llx_usergroup_user`
--

CREATE TABLE `llx_usergroup_user` (
  `rowid` int(11) NOT NULL AUTO_INCREMENT,
  `entity` int(11) NOT NULL DEFAULT '1',
  `fk_user` int(11) NOT NULL,
  `fk_usergroup` int(11) NOT NULL,
  PRIMARY KEY (`rowid`),
  UNIQUE KEY `uk_usergroup_user` (`entity`,`fk_user`,`fk_usergroup`),
  KEY `fk_usergroup_user_fk_user` (`fk_user`),
  KEY `fk_usergroup_user_fk_usergroup` (`fk_usergroup`),
  CONSTRAINT `fk_usergroup_user_fk_user` FOREIGN KEY (`fk_user`) REFERENCES `llx_user` (`rowid`),
  CONSTRAINT `fk_usergroup_user_fk_usergroup` FOREIGN KEY (`fk_usergroup`) REFERENCES `llx_usergroup` (`rowid`)
) ENGINE=InnoDB DEFAULT CHARSET=utf8;

--
-- Dumping data for table `llx_usergroup_user`
--


--
-- Table structure for table `llx_website`
--

CREATE TABLE `llx_website` (
  `rowid` int(11) NOT NULL AUTO_INCREMENT,
  `entity` int(11) NOT NULL DEFAULT '1',
  `ref` varchar(128) DEFAULT NULL,
  `description` varchar(255) DEFAULT NULL,
  `status` int(11) DEFAULT NULL,
  `fk_default_home` int(11) DEFAULT NULL,
  `virtualhost` varchar(255) DEFAULT NULL,
  `date_creation` datetime DEFAULT NULL,
  `date_modification` datetime DEFAULT NULL,
  `tms` timestamp NOT NULL DEFAULT CURRENT_TIMESTAMP ON UPDATE CURRENT_TIMESTAMP,
  `fk_user_create` int(11) DEFAULT NULL,
  `fk_user_modif` int(11) DEFAULT NULL,
  `import_key` varchar(14) DEFAULT NULL,
  PRIMARY KEY (`rowid`),
  UNIQUE KEY `uk_website_ref` (`ref`,`entity`)
) ENGINE=InnoDB DEFAULT CHARSET=utf8;

--
-- Dumping data for table `llx_website`
--


--
-- Table structure for table `llx_website_extrafields`
--

CREATE TABLE `llx_website_extrafields` (
  `rowid` int(11) NOT NULL AUTO_INCREMENT,
  `tms` timestamp NOT NULL DEFAULT CURRENT_TIMESTAMP ON UPDATE CURRENT_TIMESTAMP,
  `fk_object` int(11) NOT NULL,
  `import_key` varchar(14) DEFAULT NULL,
  PRIMARY KEY (`rowid`),
  KEY `idx_website_extrafields` (`fk_object`)
) ENGINE=InnoDB DEFAULT CHARSET=utf8;

--
-- Dumping data for table `llx_website_extrafields`
--


--
-- Table structure for table `llx_website_page`
--

CREATE TABLE `llx_website_page` (
  `rowid` int(11) NOT NULL AUTO_INCREMENT,
  `fk_website` int(11) NOT NULL,
  `pageurl` varchar(255) DEFAULT NULL,
  `aliasalt` varchar(255) DEFAULT NULL,
  `title` varchar(255) DEFAULT NULL,
  `description` varchar(255) DEFAULT NULL,
  `keywords` varchar(255) DEFAULT NULL,
  `content` mediumtext,
  `status` int(11) DEFAULT '1',
  `date_creation` datetime DEFAULT NULL,
  `date_modification` datetime DEFAULT NULL,
  `tms` timestamp NOT NULL DEFAULT CURRENT_TIMESTAMP ON UPDATE CURRENT_TIMESTAMP,
  `fk_user_create` int(11) DEFAULT NULL,
  `fk_user_modif` int(11) DEFAULT NULL,
  `type_container` varchar(16) NOT NULL DEFAULT 'page',
  `lang` varchar(6) DEFAULT NULL,
  `fk_page` int(11) DEFAULT NULL,
  `grabbed_from` varchar(255) DEFAULT NULL,
  `htmlheader` mediumtext,
  `import_key` varchar(14) DEFAULT NULL,
  PRIMARY KEY (`rowid`),
  UNIQUE KEY `uk_website_page_url` (`fk_website`,`pageurl`),
  CONSTRAINT `fk_website_page_website` FOREIGN KEY (`fk_website`) REFERENCES `llx_website` (`rowid`)
) ENGINE=InnoDB DEFAULT CHARSET=utf8;

--
-- Dumping data for table `llx_website_page`
--



